{"id":1119,"date":"2017-08-31T15:35:53","date_gmt":"2017-08-31T15:35:53","guid":{"rendered":"http:\/\/winelove.vn\/9xweb\/?post_type=product&#038;p=1119"},"modified":"2022-11-01T07:41:09","modified_gmt":"2022-11-01T00:41:09","slug":"marques-de-tejares-2014","status":"publish","type":"product","link":"http:\/\/winelove.vn\/9xweb\/?product=marques-de-tejares-2014","title":{"rendered":"Marques de Tejares 2014 5.4% ABV*"},"content":{"rendered":"<p><a href=\"http:\/\/winelove.vn\/9xweb\/ruou-vang\/marques-de-tejares-2014\/\">R\u01b0\u1ee3u vang\u00a0Marques de Tejares 2014<\/a><\/p>\n<p><strong>Gi\u1edbi thi\u1ec7u s\u1ea3n ph\u1ea9m :<\/strong><\/p>\n<p><a href=\"http:\/\/winelove.vn\/9xweb\/danh-muc\/ruou-vang-tay-ban-nha\/\">Vang T\u00e2y Ban Nha<\/a> Marques De Tejares 2014\u00a0c\u00f3\u00a0h\u00ecnh th\u1ee9c sang tr\u1ecdng, h\u01b0\u01a1ng v\u1ecb m\u1ea1nh m\u1ebd, \u0111\u01b0\u1ee3c t\u1ea1o ra v\u1edbi m\u1ee5c \u0111\u00edch k\u1ec9 ni\u1ec7m t\u01b0\u1ee3ng tr\u01b0ng cho d\u1ea5u m\u1ed1c 95 n\u0103m th\u1eddi k\u1ef3 ph\u1ee5c h\u1ed3i v\u00e0 ph\u00e1t tri\u1ec3n h\u01b0ng th\u1ecbnh c\u1ee7a gia \u0111\u00ecnh h\u1ea7u t\u01b0\u1edbc V\u00f9ng Tejares . Nh\u00e0 s\u1ea3n xu\u1ea5t r\u01b0\u1ee3u vang Finca los Aljibes n\u1ed5i ti\u1ebfng c\u1ee7a v\u00f9ng Chinchilla de Monte-Arag\u00f3n \u0111\u00e3 l\u1ef1a ch\u1ecdn b\u1ed1n lo\u1ea1i nho \u0111\u1ecf ni\u00ean v\u1ee5 2014 \u1edf nh\u1eefng v\u01b0\u1eddn nho c\u00f3 \u0111\u1ed9 cao tr\u00ean 900m so v\u1edbi m\u1ef1c n\u01b0\u1edbc bi\u1ec3n \u0111\u1ec3 l\u00e0m n\u00ean chai r\u01b0\u1ee3u vang\u00a0Marques. Chai r\u01b0\u1ee3u vang l\u00e0 s\u1ef1 k\u1ebft h\u1ee3p \u0111\u1ed9c \u0111\u00e1o gi\u1eefa b\u1ed1n lo\u1ea1i nho \u0111\u1ecf trong \u0111\u00f3 hai lo\u1ea1i ch\u00ednh l\u00e0 Cabernet Sauvignon, Temparanillo l\u00e0m n\u00ean h\u01b0\u01a1ng v\u1ecb ch\u1ee7 \u0111\u1ea1o c\u1ee7a chai vang, pha tr\u1ed9n th\u00eam hai lo\u1ea1i nho Petit Verdot v\u00e0 Garnacha Tintorera \u0111\u1ec3 n\u00e2ng cao h\u01b0\u01a1ng v\u1ecb v\u00e0 m\u00e0u s\u1eafc, t\u1ea1o n\u00ean m\u1ed9t chai vang tr\u00f2n v\u1ecb v\u1edbi \u0111\u1ee7 cung b\u1eadc c\u1ea3m x\u00fac khi th\u01b0\u1edfng th\u1ee9c.<\/p>\n<p><strong>\u0110\u1eb7c \u0111i\u1ec3m<\/strong> : M\u00e0u c\u1ee7a lo\u1ea1i <a href=\"http:\/\/winelove.vn\/9xweb\">r\u01b0\u1ee3u vang<\/a> n\u00e0y l\u00e0 m\u1ed9t m\u00e0u \u0111\u1ecf \u0111\u1ea7y m\u00ea ho\u1eb7c, c\u00f3 v\u1ebb cao sang qu\u00fd t\u1ed9c nh\u01b0ng h\u01b0\u01a1ng v\u1ecb c\u1ee7a n\u00f3 l\u1ea1i \u0111em \u0111\u1ebfn cho b\u1ea1n c\u1ea3m gi\u00e1c r\u1ea5t th\u1eadt th\u00e0 v\u00e0 dung d\u1ecb. Ban \u0111\u1ea7u l\u00e0 m\u00f9i d\u00e2u r\u1eebng, m\u00f9i h\u1ea1nh nh\u00e2n k\u1ebft h\u1ee3p c\u00e1c lo\u1ea1i gia v\u1ecb, cafe, sau khi \u0111\u1ec3 th\u1edf 30 ph\u00fat \u0111\u1ebfn 01 ti\u1ebfng ch\u00fang ta s\u1ebd c\u1ea3m nh\u1eadn \u0111\u01b0\u1ee3c m\u00f9i kho\u00e1ng s\u1ea3n n\u1ed3ng \u0111\u1eadm c\u00f9ng thoang tho\u1ea3ng h\u01b0\u01a1ng l\u00e1 x\u00ec g\u00e0, khi nu\u1ed1t v\u00e0o c\u1ea3m gi\u00e1c h\u01a1i chua t\u1eeb t\u1eeb l\u00e0 ch\u00e1t gi\u00fap k\u00edch th\u00edch v\u1ecb gi\u00e1c n\u00ean d\u1ec3 k\u1ebft h\u1ee3p v\u1edbi c\u00e1c lo\u1ea1i \u0111\u1ed3 \u0103n. Tuy v\u1eady th\u1ee9 l\u00e0m cho b\u1ea1n nh\u1edb nh\u1ea5t \u1edf n\u00f3 l\u00e0 h\u01b0\u01a1ng c\u1ecf h\u1ed5i v\u00e0 h\u01b0\u01a1ng g\u1ed7 s\u1ed3i \u0111an xen, khi\u1ebfn b\u1ea1n nh\u01b0 l\u1ea1c v\u00e0o m\u1ed9t khu r\u1eebng r\u1eadm nhi\u1ec7t \u0111\u1edbi, n\u01a1i m\u00e0 h\u01b0\u01a1ng g\u1ed7 c\u00f2n ng\u1ea5m m\u00f9i n\u01b0\u1edbc m\u01b0a v\u00e0 nh\u1eefng ng\u1ecdn c\u1ecf t\u01b0\u01a1i non nh\u1ea5t sau m\u01b0a \u0111\u01b0\u1ee3c g\u1eb7m nh\u1ea5m b\u1edfi m\u1ea5y con d\u00ea \u0111\u1ea7u \u0111\u00e0n, \u0111\u1ec3 l\u1ea1i tr\u00ean nh\u1eefng v\u1ebft c\u1eb5n m\u1ed9t \u00edt m\u00f9i c\u1ecf s\u1eefa non t\u01a1.<\/p>\n<p>B\u1ea1n s\u1ebd d\u1ec5 d\u00e0ng nh\u1eadn ra v\u1ecb tannin c\u00e2ng b\u1eb1ng tuy\u1ec7t \u0111\u1ed1i trong r\u01b0\u1ee3u vang n\u00e0y \u0111\u1ee7 khi\u1ebfn cho v\u1ecb ng\u1ecdt, m\u00f9i th\u01a1m c\u1ee7a r\u01b0\u1ee3u c\u1ee9 v\u1ea5n v\u01b0\u01a1ng m\u00e3i trong v\u00f2m mi\u1ec7ng ngay khi nh\u1ea5p ng\u1ee5m r\u01b0\u1ee3u \u0111\u1ea7u ti\u00ean .<\/p>\n<p>Marques De Tejares 2014\u00a0l\u00e0 l\u1ef1a ch\u1ecdn th\u00edch h\u1ee3p cho m\u1ed9t b\u00e0n ti\u1ec7c sang tr\u1ecdng, \u1ea5m c\u0169ng v\u1edbi \u00e1nh n\u1ebfn v\u00e0 nh\u1eefng m\u00f3n \u0103n mang h\u01a1i h\u01b0\u1edbng ch\u00e2u \u00c2u.<\/p>\n<p><strong>Quy tr\u00ecnh ch\u1ebf bi\u1ebfn :<\/strong><\/p>\n<p>M\u00e0u c\u1ee7a r\u01b0\u1ee3u \u0111\u1ecf \u0111\u01b0\u1ee3c h\u00ecnh th\u00e0nh t\u1eeb v\u1ecf c\u1ee7a qu\u1ea3 nho, v\u1ecf v\u00e0 c\u00f9i nho \u0111\u01b0\u1ee3c l\u00ean men c\u00f9ng v\u1edbi n\u01b0\u1edbc nho. V\u1ecb ch\u00e1t t\u1eeb v\u1ecf c\u00e2y c\u0169ng \u0111\u01b0\u1ee3c k\u1ebft h\u1ee3p \u0111\u1ec3 t\u1ea1o th\u00e0nh m\u00e0u \u0111\u1ecf. Nho sau khi \u0111\u01b0\u1ee3c v\u1eaft v\u00e0 c\u1eaft cu\u1ed1ng s\u1ebd \u0111\u01b0\u1ee3c \u0111\u01b0a l\u00ean h\u1ec7 th\u1ed1ng l\u00ean men r\u1ed3i sau \u0111\u00f3 s\u1ebd \u0111\u01b0\u1ee3c \u00e9p. H\u01a1n m\u1ed9t n\u1eeda l\u01b0\u1ee3ng n\u01b0\u1edbc \u00e9p ra t\u1eeb qu\u1ea3 nho m\u1ed9t c\u00e1ch d\u1ec5 d\u00e0ng kh\u00f4ng c\u1ea7n \u0111\u1ebfn \u00e1p l\u1ef1c cao, ph\u1ea7n c\u00f2n l\u1ea1i s\u1ebd \u0111\u01b0\u1ee3c \u00e9p ra t\u1eeb h\u1ec7 th\u1ed1ng \u00e9p . \u0110\u1ec3 r\u01b0\u1ee3u \u0111\u1ea1t \u0111\u01b0\u1ee3c s\u1ef1 h\u00e0i h\u00f2a v\u00e0 \u1ed5n \u0111\u1ecbnh c\u1ee7a m\u00f9i v\u1ecb v\u00e0 ch\u1ea5t l\u01b0\u1ee3ng th\u00ec r\u01b0\u1ee3u ph\u1ea3i \u0111\u01b0\u1ee3c \u1ee7 nh\u1eb1m l\u00e0m cho kh\u00ed \u00f4xi t\u00e1c \u0111\u1ed9ng th\u1eadt ch\u1eadm, th\u01b0\u1eddng \u0111\u01b0\u1ee3c \u1ee7 trong kho\u1ea3ng 3 \u0111\u1ebfn 6 th\u00e1ng ho\u1eb7c 2 \u0111\u1ebfn 3 n\u0103m.<\/p>\n<p><strong>K\u1ebft h\u1ee3p \u0111\u1ed3 \u0103n :<\/strong><\/p>\n<p>K\u1ebft h\u1ee3p ho\u00e0n h\u1ea3o khi \u0103n c\u00f9ng c\u00e1c lo\u1ea1i th\u1ecbt \u0111\u1ecf, c\u00e1c m\u00f3n n\u01b0\u1edbng , BBQ<\/p>\n<p><strong>L\u01b0u \u00fd :<\/strong><\/p>\n<p>Nhi\u1ec7t \u0111\u1ed9 l\u00fd t\u01b0\u1edfng \u0111\u1ec3 th\u01b0\u1edfng th\u1ee9c 14 &#8211; 16 oC. B\u1ea3o qu\u1ea3n tr\u00e1nh \u00e1nh s\u00e1ng, nhi\u1ec7t \u0111\u1ed9 cao, \u0111\u1eb7t chai n\u1eb1m.<\/p>\n","protected":false},"excerpt":{"rendered":"<p><strong>Xu\u1ea5t x\u1ee9:<\/strong>\u00a0Bodega Los Aljibes<br \/>\n<strong>N\u1ed3ng \u0111\u1ed9:<\/strong> 14,5%<\/p>\n<p><strong>\u0110\u1eb7c \u0111i\u1ec3m<\/strong> : M\u00e0u c\u1ee7a lo\u1ea1i r\u01b0\u1ee3u n\u00e0y l\u00e0 m\u1ed9t m\u00e0u \u0111\u1ecf \u0111\u1ea7y m\u00ea ho\u1eb7c, c\u00f3 v\u1ebb cao sang qu\u00fd t\u1ed9c nh\u01b0ng h\u01b0\u01a1ng v\u1ecb c\u1ee7a n\u00f3 l\u1ea1i \u0111em \u0111\u1ebfn cho b\u1ea1n c\u1ea3m gi\u00e1c r\u1ea5t th\u1eadt th\u00e0 v\u00e0 dung d\u1ecb. Ban \u0111\u1ea7u l\u00e0 m\u00f9i d\u00e2u r\u1eebng, m\u00f9i h\u1ea1nh nh\u00e2n k\u1ebft h\u1ee3p c\u00e1c lo\u1ea1i gia v\u1ecb, cafe, sau khi \u0111\u1ec3 th\u1edf 30 ph\u00fat \u0111\u1ebfn 01 ti\u1ebfng ch\u00fang ta s\u1ebd c\u1ea3m nh\u1eadn \u0111\u01b0\u1ee3c m\u00f9i kho\u00e1ng s\u1ea3n n\u1ed3ng \u0111\u1eadm c\u00f9ng thoang tho\u1ea3ng h\u01b0\u01a1ng l\u00e1 x\u00ec g\u00e0, khi nu\u1ed1t v\u00e0o c\u1ea3m gi\u00e1c h\u01a1i chua t\u1eeb t\u1eeb l\u00e0 ch\u00e1t gi\u00fap k\u00edch th\u00edch v\u1ecb gi\u00e1c n\u00ean d\u1ec3 k\u1ebft h\u1ee3p v\u1edbi c\u00e1c lo\u1ea1i \u0111\u1ed3 \u0103n.<\/p>\n","protected":false},"featured_media":1657,"comment_status":"open","ping_status":"closed","template":"","meta":[],"class_list":{"0":"post-1119","1":"product","2":"type-product","3":"status-publish","4":"has-post-thumbnail","6":"product_cat-ruou-vang-gia-re","7":"product_cat-ruou-vang-tay-ban-nha","9":"first","10":"instock","11":"shipping-taxable","12":"purchasable","13":"product-type-simple"},"_links":{"self":[{"href":"http:\/\/winelove.vn\/9xweb\/index.php?rest_route=\/wp\/v2\/product\/1119"}],"collection":[{"href":"http:\/\/winelove.vn\/9xweb\/index.php?rest_route=\/wp\/v2\/product"}],"about":[{"href":"http:\/\/winelove.vn\/9xweb\/index.php?rest_route=\/wp\/v2\/types\/product"}],"replies":[{"embeddable":true,"href":"http:\/\/winelove.vn\/9xweb\/index.php?rest_route=%2Fwp%2Fv2%2Fcomments&post=1119"}],"wp:featuredmedia":[{"embeddable":true,"href":"http:\/\/winelove.vn\/9xweb\/index.php?rest_route=\/wp\/v2\/media\/1657"}],"wp:attachment":[{"href":"http:\/\/winelove.vn\/9xweb\/index.php?rest_route=%2Fwp%2Fv2%2Fmedia&parent=1119"}],"curies":[{"name":"wp","href":"https:\/\/api.w.org\/{rel}","templated":true}]}}