{"id":1251,"date":"2017-09-03T17:13:11","date_gmt":"2017-09-03T17:13:11","guid":{"rendered":"http:\/\/winelove.vn\/9xweb\/?post_type=product&#038;p=1251"},"modified":"2022-10-28T17:16:23","modified_gmt":"2022-10-28T10:16:23","slug":"chateau-le-vieux-serestin-medoc-cru-artisan-2012","status":"publish","type":"product","link":"http:\/\/winelove.vn\/9xweb\/?product=chateau-le-vieux-serestin-medoc-cru-artisan-2012","title":{"rendered":"R\u01b0\u1ee3u Vang Ph\u00e1p Chateau Le Vieux Serestin Medoc Cru Artisan 2012 5.4% ABV*"},"content":{"rendered":"<p><strong>Gi\u1edbi thi\u1ec7u s\u1ea3n ph\u1ea9m :<\/strong><\/p>\n<p><a href=\"http:\/\/winelove.vn\/9xweb\/danh-muc\/ruou-vang-phap\/\">R\u01b0\u1ee3u vang Ph\u00e1p<\/a>\u00a0<a href=\"http:\/\/winelove.vn\/9xweb\/ruou-vang\/chateau-le-vieux-serestin-medoc-cru-artisan-2012\/\">Chateau La Vieux Serestin Medoc Cru Artisan<\/a> l\u00e0 m\u1ed9t chai <a href=\"http:\/\/winelove.vn\/9xweb\">r\u01b0\u1ee3u vang<\/a> th\u01a1m ngon, l\u00e0 s\u1ea3n ph\u1ea9m \u0111\u00e1ng t\u1ef1 h\u00e0o c\u1ee7a h\u00e3ng r\u01b0\u1ee3u l\u1eebng danh SAVAS Bordeaux Couqu\u00e8ques M\u00e9doc Ph\u00e1p. \u0110\u00e2y l\u00e0 chai r\u01b0\u1ee3u vang \u0111\u1eb7c bi\u1ec7t, choi c\u1ea7n nh\u00ecn qua \u0111\u00e3 th\u1ea5y \u1edf n\u00f3 to\u00e1t l\u00ean v\u1ebb sang tr\u1ecdng \u0111\u00e1ng ng\u1ea1c nhi\u00ean, t\u1eeb thi\u1ebft k\u1ebf b\u00ean ngo\u00e0i cho \u0111\u1ebfn m\u00e0u r\u01b0\u1ee3u, h\u01b0\u01a1ng th\u01a1m c\u0169ng nh\u01b0 m\u00f9i v\u1ecb r\u01b0\u1ee3u \u0111\u1ec1u l\u00e0 s\u1ef1 c\u00e2n b\u1eb1ng, ho\u00e0n h\u1ea3o \u0111\u1ebfn tuy\u1ec7t v\u1eddi.<\/p>\n<p><strong>\u0110\u1eb7c \u0111i\u1ec3m<\/strong> : R\u01b0\u1ee3u vang Chateau Le Vieux Serestin Medoc Cru Artisan 2012 kh\u00f4ng ch\u1ec9 l\u00e0 chai vang c\u00f3 m\u1ed9t m\u00e0u \u0111\u1ecf ruby \u0111\u00e1 qu\u00fd r\u1ea5t \u0111\u1eb9p m\u00e0 c\u00f2n l\u00e0 chai r\u01b0\u1ee3u vang tr\u00e0n ng\u1eadp h\u01b0\u01a1ng v\u1ecb hoa qu\u1ea3 ch\u00edn mu\u1ed3i c\u1ee7a r\u1eebng c\u00e2y nhi\u1ec7t \u0111\u1edbi v\u1edbi \u0111\u1ed9 ng\u1ecdt ng\u00e0o v\u00e0 \u0111\u1ed9 chua v\u1eeba ph\u1ea3i. Tuy v\u1eady n\u00f3 v\u1eabn gi\u1eef \u0111\u01b0\u1ee3c nh\u1eefng n\u00e9t truy\u1ec1n th\u1ed1ng c\u1ee7a r\u01b0\u1ee3u vang Ph\u00e1p, l\u00e0 ph\u1ee9c h\u1ee3p ng\u1ecdt ng\u00e0o c\u1ee7a nhi\u1ec1u lo\u1ea1i tr\u00e1i c\u00e2y ch\u00edn m\u1ecdng, h\u01b0\u01a1ng g\u1ed7 s\u1ed3i ph\u1ea3ng ph\u1ea5t c\u00f9ng v\u1ecb ch\u00e1t \u0111\u1eb7c tr\u01b0ng c\u1ee7a v\u1ecf nho. M\u00f9i v\u1ecb \u0111\u1eb7c tr\u01b0ng c\u1ee7a chai r\u01b0\u1ee3u vang Ph\u00e1p Chateau Le Vieux Serestin Medoc Cru Artisan 2012 c\u00f3 th\u1ec3 \u0111\u01b0\u1ee3c nh\u1eadn ra m\u1ed9t c\u00e1ch d\u1ec5 d\u00e0ng l\u00e0 m\u00f9i v\u1ecb c\u1ee7a anh \u0111\u00e0o ch\u00edn &#8211; lo\u1ea1i qu\u1ea3 \u0111em l\u1ea1i cho chai r\u01b0\u1ee3u h\u01b0\u01a1ng th\u01a1m kh\u00f4ng th\u1ec3 c\u01b0\u1ee1ng l\u1ea1i.<\/p>\n<p>N\u1ed3ng \u0111\u1ed9 c\u1ed3n kh\u00e1 nh\u1eb9 nh\u00e0ng , 12,5% vol, ph\u00f9 h\u1ee3p v\u1edbi \u0111a s\u1ed1 \u0111\u1ed1i t\u01b0\u1ee3ng ng\u01b0\u1eddi th\u01b0\u1edfng th\u1ee9c, kh\u00f4ng ch\u1ec9 th\u00edch h\u1ee3p \u0111\u1ec3 nh\u00e2m nhi m\u00e0 c\u00f2n l\u00e0 s\u1ef1 l\u1ef1a ch\u1ecdn ho\u00e0n h\u1ea3o d\u00e0nh cho nh\u1eefng b\u1eefa ti\u1ec7c hay nh\u1eefng b\u1eefa \u0103n sum h\u1ecdp vui v\u1ebb .<\/p>\n<p><strong>Quy tr\u00ecnh ch\u1ebf bi\u1ebfn :<\/strong><\/p>\n<p>M\u00e0u c\u1ee7a r\u01b0\u1ee3u \u0111\u01b0\u1ee3c h\u00ecnh th\u00e0nh t\u1eeb v\u1ecf c\u1ee7a qu\u1ea3 nho, v\u1ecf v\u00e0 c\u00f9i nho \u0111\u01b0\u1ee3c l\u00ean men c\u00f9ng v\u1edbi n\u01b0\u1edbc nho. V\u1ecb ch\u00e1t t\u1eeb v\u1ecf c\u00e2y c\u0169ng \u0111\u01b0\u1ee3c k\u1ebft h\u1ee3p \u0111\u1ec3 t\u1ea1o th\u00e0nh m\u00e0u \u0111\u1ecf. Nho sau khi \u0111\u01b0\u1ee3c v\u1eaft v\u00e0 c\u1eaft cu\u1ed1ng s\u1ebd \u0111\u01b0\u1ee3c \u0111\u01b0a l\u00ean h\u1ec7 th\u1ed1ng l\u00ean men r\u1ed3i sau \u0111\u00f3 s\u1ebd \u0111\u01b0\u1ee3c \u00e9p. H\u01a1n m\u1ed9t n\u1eeda l\u01b0\u1ee3ng n\u01b0\u1edbc \u00e9p ra t\u1eeb qu\u1ea3 nho m\u1ed9t c\u00e1ch d\u1ec5 d\u00e0ng kh\u00f4ng c\u1ea7n \u0111\u1ebfn \u00e1p l\u1ef1c cao, ph\u1ea7n c\u00f2n l\u1ea1i s\u1ebd \u0111\u01b0\u1ee3c \u00e9p ra t\u1eeb h\u1ec7 th\u1ed1ng \u00e9p . \u0110\u1ec3 r\u01b0\u1ee3u \u0111\u1ea1t \u0111\u01b0\u1ee3c s\u1ef1 h\u00e0i h\u00f2a v\u00e0 \u1ed5n \u0111\u1ecbnh c\u1ee7a m\u00f9i v\u1ecb v\u00e0 ch\u1ea5t l\u01b0\u1ee3ng th\u00ec r\u01b0\u1ee3u ph\u1ea3i \u0111\u01b0\u1ee3c \u1ee7 nh\u1eb1m l\u00e0m cho kh\u00ed \u00f4xi t\u00e1c \u0111\u1ed9ng th\u1eadt ch\u1eadm, th\u01b0\u1eddng \u0111\u01b0\u1ee3c \u1ee7 trong kho\u1ea3ng 18-20 th\u00e1ng trong th\u00f9ng g\u1ed7 s\u1ed3i m\u1edbi tr\u01b0\u1edbc khi \u0111\u1ebfn tay ng\u01b0\u1eddi s\u1eed d\u1ee5ng.<\/p>\n<p><strong>K\u1ebft h\u1ee3p \u0111\u1ed3 \u0103n :<\/strong><\/p>\n<p>Vang \u0111\u1ecf v\u1eeba \u0103n c\u00f9ng v\u1edbi c\u00e1c m\u00f3n quay, n\u01b0\u1edbng, th\u1ecbt ch\u1ebf bi\u1ebfn s\u1eb5n, c\u00e1c m\u00f3n th\u1ecbt c\u00f3 m\u00e0u \u0111\u1ecf nh\u1eb9 (th\u1ecbt heo, th\u1ecbt c\u1eebu,..)<\/p>\n<p><strong>L\u01b0u \u00fd :<\/strong><\/p>\n<p>Khi th\u01b0\u1edfng th\u1ee9c b\u1ea1n ph\u1ea3i decanter tr\u01b0\u1edbc 2 ti\u1ebfng v\u00e0 nhi\u1ec7t \u0111\u1ed9 kho\u1ea3ng 16-18 \u0111\u1ed9 C<\/p>\n","protected":false},"excerpt":{"rendered":"<p><strong>Xu\u1ea5t x\u1ee9:\u00a0<\/strong>SAVAS Bordeaux Couqu\u00e8ques M\u00e9doc<br \/>\n<strong>N\u1ed3ng \u0111\u1ed9:<\/strong> 12,5%<\/p>\n<p><strong>\u0110\u1eb7c \u0111i\u1ec3m<\/strong> : R\u01b0\u1ee3u vang Chateau La Vieux Serestin Medoc kh\u00f4ng ch\u1ec9 l\u00e0 chai vang c\u00f3 m\u1ed9t m\u00e0u \u0111\u1ecf ruby \u0111\u00e1 qu\u00fd r\u1ea5t \u0111\u1eb9p m\u00e0 c\u00f2n l\u00e0 chai r\u01b0\u1ee3u vang tr\u00e0n ng\u1eadp h\u01b0\u01a1ng v\u1ecb hoa qu\u1ea3 ch\u00edn mu\u1ed3i c\u1ee7a r\u1eebng c\u00e2y nhi\u1ec7t \u0111\u1edbi v\u1edbi \u0111\u1ed9 ng\u1ecdt ng\u00e0o v\u00e0 \u0111\u1ed9 chua v\u1eeba ph\u1ea3i. Tuy v\u1eady n\u00f3 v\u1eabn gi\u1eef \u0111\u01b0\u1ee3c nh\u1eefng n\u00e9t truy\u1ec1n th\u1ed1ng c\u1ee7a r\u01b0\u1ee3u vang Ph\u00e1p, l\u00e0 ph\u1ee9c h\u1ee3p ng\u1ecdt ng\u00e0o c\u1ee7a nhi\u1ec1u lo\u1ea1i tr\u00e1i c\u00e2y ch\u00edn m\u1ecdng, h\u01b0\u01a1ng g\u1ed7 s\u1ed3i ph\u1ea3ng ph\u1ea5t c\u00f9ng v\u1ecb ch\u00e1t \u0111\u1eb7c tr\u01b0ng c\u1ee7a v\u1ecf nho. M\u00f9i v\u1ecb \u0111\u1eb7c tr\u01b0ng c\u1ee7a chai r\u01b0\u1ee3u vang Ph\u00e1p Chateau La Vieux Serestin Medoc c\u00f3 th\u1ec3 \u0111\u01b0\u1ee3c nh\u1eadn ra m\u1ed9t c\u00e1ch d\u1ec5 d\u00e0ng l\u00e0 m\u00f9i v\u1ecb c\u1ee7a anh \u0111\u00e0o ch\u00edn &#8211; lo\u1ea1i qu\u1ea3 \u0111em l\u1ea1i cho chai r\u01b0\u1ee3u h\u01b0\u01a1ng th\u01a1m kh\u00f4ng th\u1ec3 c\u01b0\u1ee1ng l\u1ea1i.<\/p>\n","protected":false},"featured_media":1283,"comment_status":"open","ping_status":"closed","template":"","meta":[],"class_list":{"0":"post-1251","1":"product","2":"type-product","3":"status-publish","4":"has-post-thumbnail","6":"product_cat-ruou-vang-gia-re","7":"product_cat-ruou-vang-phap","9":"first","10":"instock","11":"shipping-taxable","12":"purchasable","13":"product-type-simple"},"_links":{"self":[{"href":"http:\/\/winelove.vn\/9xweb\/index.php?rest_route=\/wp\/v2\/product\/1251"}],"collection":[{"href":"http:\/\/winelove.vn\/9xweb\/index.php?rest_route=\/wp\/v2\/product"}],"about":[{"href":"http:\/\/winelove.vn\/9xweb\/index.php?rest_route=\/wp\/v2\/types\/product"}],"replies":[{"embeddable":true,"href":"http:\/\/winelove.vn\/9xweb\/index.php?rest_route=%2Fwp%2Fv2%2Fcomments&post=1251"}],"wp:featuredmedia":[{"embeddable":true,"href":"http:\/\/winelove.vn\/9xweb\/index.php?rest_route=\/wp\/v2\/media\/1283"}],"wp:attachment":[{"href":"http:\/\/winelove.vn\/9xweb\/index.php?rest_route=%2Fwp%2Fv2%2Fmedia&parent=1251"}],"curies":[{"name":"wp","href":"https:\/\/api.w.org\/{rel}","templated":true}]}}