{"id":2367,"date":"2017-11-10T15:55:20","date_gmt":"2017-11-10T15:55:20","guid":{"rendered":"http:\/\/winelove.vn\/9xweb\/?post_type=product&#038;p=2367"},"modified":"2022-10-28T17:14:16","modified_gmt":"2022-10-28T10:14:16","slug":"chateau-lestruelle-2011","status":"publish","type":"product","link":"http:\/\/winelove.vn\/9xweb\/?product=chateau-lestruelle-2011","title":{"rendered":"Ch\u00e2teau Lestruelle 2011 5.4% ABV*"},"content":{"rendered":"<p><strong>Gi\u1edbi thi\u1ec7u<\/strong>: \u0110\u01b0\u1ee3c l\u00e0m t\u1eeb hai gi\u1ed1ng nho Merlot v\u00e0 Cabernet Sauvignon. S\u1ef1 k\u1ebft h\u1ee3p \u0103n \u00fd gi\u1eefa hai gi\u1ed1ng nho n\u00e0y \u0111em \u0111\u1ebfn cho\u00a0r\u01b0\u1ee3u vang Chateau Lestruelle\u00a0nhi\u1ec1u \u0111\u1eb7c t\u00ednh th\u00fa v\u1ecb. \u0110i\u1ec1u \u0111\u00e1ng ch\u00fa \u00fd nh\u1ea5t n\u1eb1m \u1edf m\u00e0u s\u1eafc c\u1ee7a chai r\u01b0\u1ee3u. \u0110\u00f3 l\u00e0 m\u1ed9t m\u00e0u \u0111\u1ecf l\u00e1 bang truy\u1ec1n th\u1ed1ng, \u0111\u1eadm \u0111\u00e0 v\u00e0 m\u1eddi g\u1ecdi. Ch\u1ea5t r\u01b0\u1ee3u s\u00e1ng m\u1ecbn trong v\u00e0 l\u1ea5p l\u00e1nh nh\u01b0 vi\u00ean pha l\u00ea \u0111\u1ecf.<\/p>\n<p><strong>\u0110\u1eb7c \u0111i\u1ec3m<\/strong>:\u00a0R\u01b0\u1ee3u vang n\u00e0y\u00a0n\u1ed5i b\u1eadt v\u1edbi h\u01b0\u01a1ng th\u01a1m t\u1eeb tr\u00e1i c\u00e2y ch\u00edn. \u0110\u1eb7c bi\u1ec7t l\u00e0 h\u01b0\u01a1ng th\u01a1m ng\u1ecdt ng\u00e0o quy\u1ebfn r\u0169 t\u1eeb qu\u1ea3 cherry \u0111\u1ecf. \u0110\u1eb7c t\u00ednh \u0111\u1eb7c bi\u1ec7t n\u00e0y \u0111\u1ebfn t\u1eeb s\u1ef1 k\u1ebft h\u1ee3p tinh t\u1ebf gi\u1eefa hai gi\u1ed1ng nho th\u00e0nh vi\u00ean. \u0110\u1ed9 c\u1ed3n 14% \u0111\u01b0\u1ee3c cho l\u00e0 v\u1eeba ph\u1ea3i, tannin \u0111\u1ec1u \u0111\u1eb7n, d\u1ec5 u\u1ed1ng v\u00e0 c\u00e2n b\u1eb1ng.<\/p>\n<p><strong>Th\u01b0\u1edfng th\u1ee9c<\/strong>:\u00a0Chateau Lestruelle\u00a0th\u00edch h\u1ee3p \u0111\u01b0\u1ee3c d\u00f9ng v\u1edbi c\u00e1c m\u00f3n ch\u00edn t\u1eeb th\u1ecbt th\u00fa r\u1eebng \u0111\u1ecf. Th\u1ecbt c\u1eebu trong m\u00f3n barbecue \u0111\u01b0\u1ee3c t\u1ea9m \u01b0\u1edbp nhi\u1ec1u gia v\u1ecb cay c\u0169ng l\u00e0 m\u1ed9t g\u1ee3i \u00fd kh\u00f4ng t\u1ed3i. V\u1ecb r\u01b0\u1ee3u b\u1eb1ng ph\u1eb3ng v\u00e0 lan t\u1ecfa h\u01b0\u01a1ng th\u01a1m \u1ea5m \u00e1p trong v\u00f2m h\u1ecdng. M\u1ed9t ch\u00fat g\u1ee3i \u00fd ng\u1ecdt ng\u00e0o \u0111\u1ea7y thanh khi\u1ebft \u0111\u1ebfn t\u1eeb vani b\u00e9o ng\u1eady. V\u1ecb b\u01a1 tr\u1eafng k\u1ebft h\u1ee3p v\u1edbi ph\u00f4 mai.\u00a0R\u01b0\u1ee3u vang Ph\u00e1p\u00a0n\u00e0y th\u00edch h\u1ee3p nh\u1ea5t khi u\u1ed1ng l\u1ea1nh. R\u01b0\u1ee3u v\u1ea7n \u0111\u01b0\u1ee3c \u0111\u1ec3 l\u1ea1nh s\u00e2u trong kho\u1ea3ng 18 \u0111\u1ebfn 20 \u0111\u1ed9 C \u0111\u1ec3 \u0111\u1ea1t \u0111\u1ebfn \u0111\u1ed9 ho\u00e0n h\u1ea3o c\u1ee7a h\u01b0\u01a1ng v\u1ecb.\u00a0S\u1ebd r\u1ea5t tuy\u1ec7t v\u1eddi n\u1ebfu r\u01b0\u1ee3u \u0111\u01b0\u1ee3c th\u1edf v\u1edbi decanter trong m\u1ed9t kho\u1ea3ng th\u1eddi gian nh\u1ea5t \u0111\u1ecbnh tr\u01b0\u1edbc khi u\u1ed1ng.\u00a0R\u01b0\u1ee3u vang Chateau Lestruelle\u00a0Bordeaux\u00a0c\u00f3 th\u1ec3 k\u1ebft h\u1ee3p t\u1ed1t v\u1edbi c\u00e1c m\u00f3n \u0103n t\u1eeb n\u1ea5m h\u01b0\u01a1ng, m\u1ed9c nh\u0129, gia v\u1ecb cay ho\u1eb7c c\u00e1c m\u00f3n ch\u1ee9a ph\u00f4 mai b\u01a1 l\u1ea1c.<\/p>\n","protected":false},"excerpt":{"rendered":"<p>Gi\u1edbi thi\u1ec7u: \u0110\u01b0\u1ee3c l\u00e0m t\u1eeb hai gi\u1ed1ng nho Merlot v\u00e0 Cabernet Sauvignon. S\u1ef1 k\u1ebft h\u1ee3p \u0103n \u00fd gi\u1eefa hai gi\u1ed1ng nho n\u00e0y \u0111em \u0111\u1ebfn cho\u00a0r\u01b0\u1ee3u vang Chateau Lestruelle\u00a0nhi\u1ec1u \u0111\u1eb7c t\u00ednh th\u00fa v\u1ecb. \u0110i\u1ec1u \u0111\u00e1ng ch\u00fa \u00fd nh\u1ea5t n\u1eb1m \u1edf m\u00e0u s\u1eafc c\u1ee7a chai r\u01b0\u1ee3u. \u0110\u00f3 l\u00e0 m\u1ed9t m\u00e0u \u0111\u1ecf l\u00e1 bang truy\u1ec1n th\u1ed1ng, \u0111\u1eadm \u0111\u00e0 [&hellip;]<\/p>\n","protected":false},"featured_media":2422,"comment_status":"open","ping_status":"closed","template":"","meta":[],"class_list":{"0":"post-2367","1":"product","2":"type-product","3":"status-publish","4":"has-post-thumbnail","6":"product_cat-ruou-vang-phap","8":"first","9":"instock","10":"shipping-taxable","11":"purchasable","12":"product-type-simple"},"_links":{"self":[{"href":"http:\/\/winelove.vn\/9xweb\/index.php?rest_route=\/wp\/v2\/product\/2367"}],"collection":[{"href":"http:\/\/winelove.vn\/9xweb\/index.php?rest_route=\/wp\/v2\/product"}],"about":[{"href":"http:\/\/winelove.vn\/9xweb\/index.php?rest_route=\/wp\/v2\/types\/product"}],"replies":[{"embeddable":true,"href":"http:\/\/winelove.vn\/9xweb\/index.php?rest_route=%2Fwp%2Fv2%2Fcomments&post=2367"}],"wp:featuredmedia":[{"embeddable":true,"href":"http:\/\/winelove.vn\/9xweb\/index.php?rest_route=\/wp\/v2\/media\/2422"}],"wp:attachment":[{"href":"http:\/\/winelove.vn\/9xweb\/index.php?rest_route=%2Fwp%2Fv2%2Fmedia&parent=2367"}],"curies":[{"name":"wp","href":"https:\/\/api.w.org\/{rel}","templated":true}]}}