{"id":2371,"date":"2017-11-10T15:57:18","date_gmt":"2017-11-10T15:57:18","guid":{"rendered":"http:\/\/winelove.vn\/9xweb\/?post_type=product&#038;p=2371"},"modified":"2022-10-28T17:14:03","modified_gmt":"2022-10-28T10:14:03","slug":"chateau-fontan","status":"publish","type":"product","link":"http:\/\/winelove.vn\/9xweb\/?product=chateau-fontan","title":{"rendered":"Ch\u00e2teau Fontan 5.4% ABV*"},"content":{"rendered":"<p><strong>\u0110\u1eb7c \u0111i\u1ec3m<\/strong>: C\u00f3 m\u00e0u \u0111\u1ecf h\u1ea1t l\u1ef1u t\u01b0\u01a1i s\u00e1ng, l\u00e0 lo\u1ea1i\u00a0r\u01b0\u1ee3u vang\u00a0\u0111\u1ecf Bordeaux tuy\u1ec7t v\u1eddi, \u0111\u01b0\u1ee3c s\u1ea3n xu\u1ea5t v\u00e0o v\u1ee5 nho \u0111\u1eb7c bi\u1ec7t. R\u01b0\u1ee3u mang h\u01b0\u01a1ng thanh tho\u00e1t \u0111\u1eadm \u0111\u00e0 tr\u00e1i c\u00e2y \u0111\u1ecf, d\u00e2u r\u1eebng v\u00e0 m\u00e2m x\u00f4i \u0111en v\u1edbi v\u1ecb tr\u00f2n t\u01b0\u01a1i m\u00e1t, tannin m\u1ecbn m\u00e0ng v\u00e0 c\u1ea5u tr\u00fac h\u00e0i h\u00f2a.<\/p>\n<p><strong>Quy tr\u00ecnh l\u00e0m r\u01b0\u1ee3u<\/strong>:\u00a0Nho l\u00e0m\u00a0r\u01b0\u1ee3u vang\u00a0Ch\u00e2teau Fontan\u00a0\u0111\u01b0\u1ee3c thu ho\u1ea1ch b\u1eb1ng m\u00e1y, s\u1eed d\u1ee5ng quy tr\u00ecnh s\u1ea3n xu\u1ea5t\u00a0r\u01b0\u1ee3u vang\u00a0truy\u1ec1n th\u1ed1ng v\u1edbi 21 ng\u00e0y ng\u00e2m v\u1ecf, \u1ee7 trong th\u00f9ng tr\u01b0\u1edbc khi \u0111\u00f3ng chai, \u0111\u01b0a ra th\u1ecb tr\u01b0\u1eddng.<\/p>\n<p><strong>Th\u01b0\u1edfng th\u1ee9c<\/strong>:\u00a0Ch\u00e2teau Fontan\u00a0th\u00edch h\u1ee3p u\u1ed1ng k\u00e8m v\u1edbi th\u1ecbt b\u00f2, th\u1ecbt c\u1eebu v\u00e0 m\u00f3n \u0103n cay, gi\u00e0u gia v\u1ecb. N\u00ean th\u01b0\u1edfng th\u1ee9c\u00a0chai\u00a0vang Ph\u00e1p\u00a0n\u00e0y \u1edf nhi\u1ec7t \u0111\u1ed9 t\u1eeb 16 \u0111\u1ebfn 18 \u0111\u1ed9.<\/p>\n<p>&nbsp;<\/p>\n","protected":false},"excerpt":{"rendered":"<p>\u0110\u1eb7c \u0111i\u1ec3m: C\u00f3 m\u00e0u \u0111\u1ecf h\u1ea1t l\u1ef1u t\u01b0\u01a1i s\u00e1ng, l\u00e0 lo\u1ea1i\u00a0r\u01b0\u1ee3u vang\u00a0\u0111\u1ecf Bordeaux tuy\u1ec7t v\u1eddi, \u0111\u01b0\u1ee3c s\u1ea3n xu\u1ea5t v\u00e0o v\u1ee5 nho \u0111\u1eb7c bi\u1ec7t. R\u01b0\u1ee3u mang h\u01b0\u01a1ng thanh tho\u00e1t \u0111\u1eadm \u0111\u00e0 tr\u00e1i c\u00e2y \u0111\u1ecf, d\u00e2u r\u1eebng v\u00e0 m\u00e2m x\u00f4i \u0111en v\u1edbi v\u1ecb tr\u00f2n t\u01b0\u01a1i m\u00e1t, tannin m\u1ecbn m\u00e0ng v\u00e0 c\u1ea5u tr\u00fac h\u00e0i h\u00f2a. Quy tr\u00ecnh l\u00e0m [&hellip;]<\/p>\n","protected":false},"featured_media":2432,"comment_status":"open","ping_status":"closed","template":"","meta":[],"class_list":{"0":"post-2371","1":"product","2":"type-product","3":"status-publish","4":"has-post-thumbnail","6":"product_cat-ruou-vang-gia-re","7":"product_cat-ruou-vang-phap","9":"first","10":"instock","11":"shipping-taxable","12":"purchasable","13":"product-type-simple"},"_links":{"self":[{"href":"http:\/\/winelove.vn\/9xweb\/index.php?rest_route=\/wp\/v2\/product\/2371"}],"collection":[{"href":"http:\/\/winelove.vn\/9xweb\/index.php?rest_route=\/wp\/v2\/product"}],"about":[{"href":"http:\/\/winelove.vn\/9xweb\/index.php?rest_route=\/wp\/v2\/types\/product"}],"replies":[{"embeddable":true,"href":"http:\/\/winelove.vn\/9xweb\/index.php?rest_route=%2Fwp%2Fv2%2Fcomments&post=2371"}],"wp:featuredmedia":[{"embeddable":true,"href":"http:\/\/winelove.vn\/9xweb\/index.php?rest_route=\/wp\/v2\/media\/2432"}],"wp:attachment":[{"href":"http:\/\/winelove.vn\/9xweb\/index.php?rest_route=%2Fwp%2Fv2%2Fmedia&parent=2371"}],"curies":[{"name":"wp","href":"https:\/\/api.w.org\/{rel}","templated":true}]}}