{"id":2929,"date":"2017-11-23T15:53:04","date_gmt":"2017-11-23T15:53:04","guid":{"rendered":"http:\/\/winelove.vn\/9xweb\/?post_type=product&#038;p=2929"},"modified":"2022-11-01T06:28:45","modified_gmt":"2022-10-31T23:28:45","slug":"cas-andes-sauvignon-blanc","status":"publish","type":"product","link":"http:\/\/winelove.vn\/9xweb\/?product=cas-andes-sauvignon-blanc","title":{"rendered":"R\u01b0\u1ee3u Vang Cas Andes Sauvignon Blanc 5.4% ABV* &#8211; Vang Tr\u1eafng Chile Gi\u00e1 T\u1ed1t"},"content":{"rendered":"<h2><span style=\"font-family: arial, helvetica, sans-serif; font-size: 18pt; color: #800000;\">Gi\u1edbi thi\u1ec7u v\u1ec1 r\u01b0\u1ee3u vang Cas Andes Sauvignon Blanc<\/span><\/h2>\n<p><span style=\"font-family: arial, helvetica, sans-serif; font-size: 12pt; color: #000000;\">R\u01b0\u1ee3u vang Cas Andes Sauvignon Blanc \u2013 m\u00f3n qu\u00e0 c\u1ee7a th\u01b0\u1ee3ng \u0111\u1ebf, gi\u1edbi s\u00e0nh r\u01b0\u01a1\u0323u vang \u1edf Vi\u1ec7t Nam trong m\u1ea5y n\u0103m l\u1ea1i \u0111\u00e2y, ch\u1eafc kh\u00f4ng c\u00f2n xa l\u1ea1 g\u00ec v\u1edbi s\u1ef1 hi\u1ec7n di\u1ec7n c\u1ee7a d\u00f2ng vang \u0111\u1ebfn t\u1eeb v\u00f9ng Cas Andes-Chile b\u1edfi s\u1ef1 \u0111\u1eb3ng c\u1ea5p c\u1ee7a n\u00f3. R\u01b0\u1ee3u vang Cas Andes\u00a0l\u00e0 d\u00f2ng vang cao c\u1ea5p c\u1ee7a Chile. \u0110\u01b0\u1ee3c l\u00e0m t\u1eeb c\u1ea3 nho \u0111\u1ecf v\u00e0 nho tr\u1eafng cho ra nhi\u1ec1u chai r\u01b0\u1ee3u r\u1ea5t \u0111a d\u1ea1ng v\u1ec1 h\u01b0\u01a1ng v\u1ecb. <\/span><\/p>\n<p><span style=\"font-family: arial, helvetica, sans-serif; font-size: 12pt; color: #000000;\">Th\u00eam m\u1ed9t y\u1ebfu t\u1ed1 n\u1eefa, \u0111\u00f3 l\u00e0 th\u1eddi \u0111i\u1ec3m chai r\u01b0\u01a1\u0323u vang Cas Andes \u0111\u01b0\u1ee3c nh\u1eadp v\u1ec1 Vi\u1ec7t Nam \u2013 gi\u1eefa b\u1ed1i c\u1ea3nh th\u1ecb tr\u01b0\u1eddng khan hi\u1ebfm nh\u1eefng chai vang \u0111\u1ed9c \u0111\u00e1o, ch\u1ea5t l\u01b0\u1ee3ng th\u00ec r\u01b0\u01a1\u0323u vang t\u1eeb v\u00f9ng Cas Andes \u0111\u00e3 v\u1ec1 nh\u01b0 c\u01a1n m\u01b0a l\u00e0m th\u1ecfa c\u01a1n kh\u00e1t \u0111\u00f3 v\u00e0 ch\u1eafc h\u1eb3n b\u1ea1n \u0111\u00e3 bi\u1ebft r\u01b0\u1ee3u vang ngon khi \u0111\u1ea1t \u0111\u01b0\u1ee3c s\u1ef1 h\u00e0i h\u00f2a trong c\u1ea5u tr\u00fac v\u00e0 h\u01b0\u01a1ng v\u1ecb r\u01b0\u1ee3u, ch\u1ee9 kh\u00f4ng ch\u1ec9 \u1edf n\u1ed3ng \u0111\u1ed9 cao hay th\u1ea5p.<\/span><\/p>\n<p><span style=\"font-family: arial, helvetica, sans-serif; font-size: 12pt; color: #000000;\">V\u00e0 n\u1ebfu nh\u01b0 b\u1ea1n \u0111ang l\u0103n t\u0103n ph\u1ea3i ch\u1ecdn m\u1ed9t <a href=\"http:\/\/winelove.vn\/9xweb\/danh-muc\/ruou-vang-chile\/\" target=\"_blank\" rel=\"noopener noreferrer\">chai r\u01b0\u1ee3u vang Chile<\/a> v\u1eeba ph\u1ea3i ngon, n\u1ed3ng \u0111\u1ed9 v\u1eeba \u0111\u1ea3m b\u1ea3o cao th\u00ec t\u00f4i xin d\u00e0nh cho b\u1ea1n 1 l\u1ef1a ch\u1ecdn, \u0111\u00f3 ch\u00ednh l\u00e0 r\u01b0\u1ee3u vang Cas Andes Sauvignon Blanc<\/span><\/p>\n<p>&nbsp;<\/p>\n<h2><span style=\"font-family: arial, helvetica, sans-serif; font-size: 18pt; color: #800000;\">\u0110\u1eb7c \u0111i\u1ec3m c\u1ee7a r\u01b0\u1ee3u vang Cas Andes Sauvignon Blanc<\/span><\/h2>\n<p><span style=\"font-family: arial, helvetica, sans-serif; font-size: 12pt; color: #000000;\">R\u01b0\u1ee3u vang Cas\u00a0Andes\u00a0Sauvignon Blanc mang trong m\u00ecnh m\u00e0u v\u00e0ng t\u01a1 qu\u00fd ph\u00e1i. T\u1eeb m\u00e0u s\u1eafc c\u1ee7a r\u01b0\u1ee3u \u0111\u1ebfn h\u00ecnh th\u1ee9c b\u00ean ngo\u00e0i \u0111\u1ec1u hi\u1ec7n l\u00ean v\u1ebb \u0111\u1eb9p c\u1ee7a s\u1ef1 sang tr\u1ecdng, \u0111\u00fang nh\u01b0 ti\u00eau ch\u00ed m\u00e0 nh\u00e0 s\u1ea3n xu\u1ea5t \u0111\u1eb7t ra, d\u00f2ng r\u01b0\u1ee3u vang Chile cao c\u1ea5p.<\/span><\/p>\n<p><span style=\"font-family: arial, helvetica, sans-serif; font-size: 12pt; color: #000000;\">R\u01b0\u1ee3u \u0111\u01b0\u1ee3c l\u00e0m t\u1eeb gi\u1ed1ng nho\u00a0Sauvignon\u00a0Blanc. Gi\u1ed1ng nho n\u00e0y \u0111\u01b0\u1ee3c g\u1ecdi v\u1edbi c\u00e1i t\u00ean kh\u00e1 d\u1ec5 th\u01b0\u01a1ng l\u00e0 \u201ct\u1eafc k\u00e8 hoa\u201d, b\u1edfi kh\u1ea3 n\u0103ng t\u1ea1o ra nh\u1eefng h\u01b0\u01a1ng v\u1ecb h\u1ea5p d\u1eabn trong qu\u00e1 tr\u00ecnh ch\u00edn c\u1ee7a n\u00f3. Nho kh\u00f4ng n\u1ed3ng n\u00e0n, \u0111\u1eadm h\u01b0\u01a1ng nh\u01b0 Chardonnay nh\u01b0ng c\u00f3 h\u01b0\u01a1ng v\u1ecb tr\u00e1i c\u00e2y t\u01b0\u01a1i m\u00e1t, s\u1eafc n\u00e9t h\u01a1n to\u00e1t l\u00ean v\u1ebb trang nh\u00e3, thanh tao c\u0169ng l\u00e0 b\u1edfi h\u01b0\u01a1ng v\u1ecb di\u0323u d\u00e0ng nh\u01b0ng v\u1eabn c\u00f3 n\u00e9t \u0111\u1eadm \u0111\u00e0 m\u00e0 n\u00f3 mang l\u1ea1i. R\u01b0\u1ee3u vang Cas Andes Sauvignon Blanc\u00a0s\u1eed d\u1ee5ng gi\u1ed1ng nho n\u00e0y cho vi\u1ec7c ch\u1ebf bi\u1ebfn r\u01b0\u1ee3u n\u00ean th\u1ec3 hi\u1ec7n r\u1ea5t r\u00f5 t\u00ednh c\u00e1ch c\u1ee7a n\u00f3.\u00a0<\/span><\/p>\n<p><span style=\"font-family: arial, helvetica, sans-serif; font-size: 12pt; color: #000000;\">H\u01b0\u01a1ng v\u1ecb xanh c\u1ee7a chanh, b\u01b0\u1edfi v\u00e0 \u1edbt chu\u00f4ng xanh x\u00e2m l\u1ea5n t\u00e2m tr\u00ed c\u1ee7a ng\u01b0\u1eddi th\u01b0\u1edfng th\u1ee9c ngay khi h\u1ecd n\u1ebfm th\u1eed. Tr\u00e1i tim h\u1ecd kh\u00f4ng kh\u1ecfi th\u1ed5n th\u1ee9c tr\u01b0\u1edbc nh\u1eefng d\u01b0 v\u1ecb \u0111\u1eadm s\u00e2u m\u00e0 ch\u00fang \u0111\u1ecdng l\u1ea1i trong v\u00f2m mi\u1ec7ng.<\/span><\/p>\n<p><span style=\"font-family: arial, helvetica, sans-serif; font-size: 12pt; color: #000000;\">V\u1edbi n\u1ed3ng \u0111\u1ed9 13%vol r\u1ea5t nh\u1eb9 nh\u00e0ng, d\u1ec5 u\u1ed1ng, c\u00f9ng v\u1edbi gi\u00e1 th\u00e0nh ph\u1ea3i ch\u0103ng, n\u00ean chai vang n\u00e0y \u0111\u01b0\u1ee3c s\u1eed d\u1ee5ng th\u01b0\u1eddng xuy\u00ean trong c\u00e1c b\u1eefa \u0103n c\u1ee7a gia \u0111\u00ecnh. Hi\u1ec7n nay chai vang n\u00e0y c\u00f3 gi\u00e1 l\u00e0 <strong>230.00VND.<\/strong><\/span><\/p>\n<p><span style=\"font-family: arial, helvetica, sans-serif; font-size: 12pt; color: #000000;\">Vang tr\u1eafng n\u00e0y \u0111\u01b0\u1ee3c khuy\u00ean d\u00f9ng khi \u0111\u00e3 \u01b0\u1edbp l\u1ea1nh v\u00e0 d\u00f9ng chung v\u1edbi c\u00e1c m\u00f3n \u0103n tinh t\u1ebf nh\u01b0 sushi v\u00e0 phomat. Ngo\u00e0i ra, c\u00e1c m\u00f3n \u0103n h\u1ea3i s\u1ea3n ch\u1ebf bi\u1ebfn \u0111\u01a1n gi\u1ea3n c\u0169ng t\u1ea1o n\u00ean s\u1ef1 m\u1edbi m\u1ebb trong b\u1eefa \u0103n c\u1ee7a ng\u01b0\u1eddi th\u01b0\u1edfng th\u1ee9c r\u01b0\u1ee3u.<\/span><\/p>\n<h2><span style=\"font-family: arial, helvetica, sans-serif; font-size: 18pt; color: #800000;\">Quy tri\u0300nh l\u00e0m r\u01b0\u1ee3u vang Cas Andes Sauvignon Blanc<\/span><\/h2>\n<p><span style=\"font-family: arial, helvetica, sans-serif; font-size: 12pt; color: #000000;\">Gi\u1ed1ng nho Sauvignon Blanc \u1edf \u0111\u00e2y \u0111\u1ec1u \u0111\u01b0\u1ee3c ch\u0103m s\u00f3c c\u1ea9n th\u1eadn n\u00ean n\u0103ng su\u1ea5t ch\u00fang \u0111em l\u1ea1i c\u0169ng cao h\u01a1n so v\u1edbi n\u01a1i kh\u00e1c. Nh\u1eefng tr\u00e1i nho \u0111\u1ea1t chu\u1ea9n v\u00e0 ch\u1ea5t l\u01b0\u1ee3ng nh\u1ea5t s\u1ebd \u0111\u01b0\u1ee3c s\u1eed d\u1ee5ng v\u00e0o c\u00f4ng t\u00e1c ch\u1ebf bi\u1ebfn r\u01b0\u1ee3u vang. Sau \u0111\u00f3, ch\u00fang \u0111\u01b0\u1ee3c ng\u00e2m \u1ee7 trong nh\u1eefng th\u00f9ng k\u00edn gi\u00f3, \u0111\u1ec3 l\u00ean men \u0111\u01b0\u1ee3c t\u1ed1t h\u01a1n v\u00e0 \u0111\u1ea3m b\u1ea3o \u0111\u01b0\u1ee3c h\u01b0\u01a1ng v\u1ecb bi\u1ebfn \u0111\u1ed5i sau khi \u1ee7 nho. \u0110\u1ec3 t\u1ea1o ra \u0111\u01b0\u1ee3c h\u01b0\u01a1ng v\u1ecb ngon ng\u1ecdt nh\u01b0 hi\u1ec7n nay, r\u01b0\u1ee3u vang Cas\u00a0Andes Sauvignon\u00a0Blanc\u00a0ph\u1ea3i tr\u1ea3i qua nhi\u1ec1u c\u00f4ng \u0111o\u1ea1n s\u1ea3n xu\u1ea5t kh\u1eaft khe v\u00e0 c\u00e2\u0300u k\u00ec m\u1edbi c\u00f3 \u0111\u01b0\u1ee3c. Qu\u00e1 tr\u00ecnh l\u00ean men malolactic c\u1ee7a nho Sauvignon\u00a0Blanc\u00a0gi\u00fap c\u00e2n b\u1eb1ng l\u01b0\u1ee3ng \u0111\u01b0\u1eddng trong r\u01b0\u1ee3u v\u00e0 t\u1ea1o th\u00eam h\u01b0\u01a1ng th\u01a1m tr\u00e1i c\u00e2y cho r\u01b0\u1ee3u.\u00a0<\/span><\/p>\n<p><span style=\"font-family: arial, helvetica, sans-serif; font-size: 12pt; color: #000000;\">L\u01b0u \u00fd : B\u1ea1n n\u00ean th\u01b0\u1edfng th\u1ee9c r\u01b0\u1ee3u vang n\u00e0y \u1edf nhi\u1ec7t \u0111\u1ed9 12-15 \u0111\u1ed9 C<\/span><\/p>\n<p><span style=\"font-family: arial, helvetica, sans-serif; font-size: 12pt; color: #000000;\">N\u00ean decanter l\u1eafc nhi\u1ec1u ho\u1eb7c m\u1edf vang v\u00e0i ti\u1ebfng tr\u01b0\u1edbc khi u\u1ed1ng. B\u1ea3o qu\u1ea3n chai tr\u00e1nh \u00e1nh s\u00e1ng nhi\u1ec7t \u0111\u1ed9.<\/span><\/p>\n<p><span style=\"font-size: 12pt;\">Xem Th\u00eam D\u00f2ng R\u01b0\u1ee3u Vang Ngon C\u1ee7a Chile : <a href=\"https:\/\/ruouvang24h.vn\/ruou-vang-tagua-tagua\"><span style=\"color: #0000ff;\"><strong>R\u01b0\u1ee3u Vang Tagua<\/strong><\/span><\/a><\/span><\/p>\n","protected":false},"excerpt":{"rendered":"<p>Gi\u1edbi thi\u1ec7u v\u1ec1 r\u01b0\u1ee3u vang Cas Andes Sauvignon Blanc R\u01b0\u1ee3u vang Cas Andes Sauvignon Blanc \u2013 m\u00f3n qu\u00e0 c\u1ee7a th\u01b0\u1ee3ng \u0111\u1ebf, gi\u1edbi s\u00e0nh r\u01b0\u01a1\u0323u vang \u1edf Vi\u1ec7t Nam trong m\u1ea5y n\u0103m l\u1ea1i \u0111\u00e2y, ch\u1eafc kh\u00f4ng c\u00f2n xa l\u1ea1 g\u00ec v\u1edbi s\u1ef1 hi\u1ec7n di\u1ec7n c\u1ee7a d\u00f2ng vang \u0111\u1ebfn t\u1eeb v\u00f9ng Cas Andes-Chile b\u1edfi s\u1ef1 \u0111\u1eb3ng c\u1ea5p [&hellip;]<\/p>\n","protected":false},"featured_media":2930,"comment_status":"open","ping_status":"closed","template":"","meta":[],"class_list":{"0":"post-2929","1":"product","2":"type-product","3":"status-publish","4":"has-post-thumbnail","6":"product_cat-ruou-vang-chile","7":"product_cat-ruou-vang-gia-re","9":"first","10":"instock","11":"shipping-taxable","12":"purchasable","13":"product-type-simple"},"_links":{"self":[{"href":"http:\/\/winelove.vn\/9xweb\/index.php?rest_route=\/wp\/v2\/product\/2929"}],"collection":[{"href":"http:\/\/winelove.vn\/9xweb\/index.php?rest_route=\/wp\/v2\/product"}],"about":[{"href":"http:\/\/winelove.vn\/9xweb\/index.php?rest_route=\/wp\/v2\/types\/product"}],"replies":[{"embeddable":true,"href":"http:\/\/winelove.vn\/9xweb\/index.php?rest_route=%2Fwp%2Fv2%2Fcomments&post=2929"}],"wp:featuredmedia":[{"embeddable":true,"href":"http:\/\/winelove.vn\/9xweb\/index.php?rest_route=\/wp\/v2\/media\/2930"}],"wp:attachment":[{"href":"http:\/\/winelove.vn\/9xweb\/index.php?rest_route=%2Fwp%2Fv2%2Fmedia&parent=2929"}],"curies":[{"name":"wp","href":"https:\/\/api.w.org\/{rel}","templated":true}]}}