{"id":4331,"date":"2018-09-30T14:49:53","date_gmt":"2018-09-30T07:49:53","guid":{"rendered":"http:\/\/winelove.vn\/9xweb\/?post_type=product&#038;p=4331"},"modified":"2023-10-04T01:18:42","modified_gmt":"2023-10-03T18:18:42","slug":"ruou-vang-montes-alpha-special-cuvee-cabernet-sauvignon","status":"publish","type":"product","link":"http:\/\/winelove.vn\/9xweb\/?product=ruou-vang-montes-alpha-special-cuvee-cabernet-sauvignon","title":{"rendered":"R\u01b0\u1ee3u Vang Montes Alpha Special Cuvee Cabernet Sauvignon 5.4% ABV* &#8211; Gi\u00e1 KM"},"content":{"rendered":"<p><span style=\"font-family: arial, helvetica, sans-serif; font-size: 12pt; color: #000000;\">R\u01b0\u1ee3u vang Montes Alpha Special Cuvee Cabernet Sauvignon l\u00e0 s\u1ea3n ph\u1ea9m r\u01b0\u1ee3u\u00a0<\/span><span style=\"font-family: arial, helvetica, sans-serif; font-size: 12pt; color: #000000;\">vang n\u1ed5i ti\u1ebfng \u0111\u1ebfn t\u1eeb Chile \u0111\u01b0\u1ee3c s\u1ea3n xu\u1ea5t b\u1edfi nh\u00e0 r\u01b0\u1ee3u n\u1ed5i ti\u1ebfng h\u00e0ng \u0111\u1ea7u\u00a0<\/span><span style=\"font-family: arial, helvetica, sans-serif; font-size: 12pt; color: #000000;\">n\u01b0\u1edbc n\u00e0y- Montes.\u00a0<strong><span style=\"color: #800000;\">Winestore1977<\/span>\u00a0<\/strong>hi\u1ec7n \u0111ang l\u00e0 \u0111\u01a1n v\u1ecb ph\u00e2n ph\u1ed1i r\u01b0\u1ee3u vang v\u1edbi ch\u00ednh s\u00e1ch khuy\u1ebfn m\u00e3i v\u00f4 c\u00f9ng h\u1ea5p d\u1eabn. Li\u00ean h\u1ec7 ngay <strong><span style=\"color: #800000;\">hotline: 098.221.6068<\/span>\u00a0<\/strong>\u0111\u1ec3 \u0111\u01b0\u1ee3c t\u01b0 v\u1ea5n v\u00e0 b\u00e1o gi\u00e1 r\u01b0\u1ee3u vang t\u1ed1t nh\u1ea5t.<\/span><\/p>\n<p>&nbsp;<\/p>\n<h2><span style=\"font-family: arial, helvetica, sans-serif; font-size: 18pt; color: #800000;\">Gi\u1edbi thi\u1ec7u v\u1ec1 r\u01b0\u1ee3u vang Montes Alpha Special Cuvee Cabernet Sauvignon:<\/span><\/h2>\n<p><span style=\"font-family: arial, helvetica, sans-serif; font-size: 12pt; color: #000000;\">R\u01b0\u1ee3u vang Montes Alpha Special Cuvee Cabernet Sauvignon<\/span><span style=\"font-family: arial, helvetica, sans-serif; font-size: 12pt; color: #000000;\">\u00a0l\u00e0 m\u1ed9t trong nh\u1eefng s\u1ea3n ph\u1ea9m h\u1ea5p d\u1eabn ng\u01b0\u1eddi s\u1eed d\u1ee5ng b\u1edfi h\u01b0\u01a1ng th\u01a1m c\u1ee7a\u00a0<\/span><span style=\"font-family: arial, helvetica, sans-serif; font-size: 12pt; color: #000000;\">qu\u1ea3 m\u1eadn ch\u00edn v\u00e0 d\u00e2u \u0111en. M\u00f9i v\u1ecb ban \u0111\u1ea7u r\u1ea5t v\u1eeba ph\u1ea3i, sau \u0111\u00f3 v\u1ecb tannin t\u0103ng d\u1ea7n\u00a0<\/span><span style=\"font-family: arial, helvetica, sans-serif; font-size: 12pt; color: #000000;\">d\u1ea7n, d\u01b0 v\u1ecb r\u1ea5t l\u1eafng \u0111\u1ecdng r\u1ea5t m\u1ea1nh m\u1ebd.\u00a0<\/span><span style=\"font-family: arial, helvetica, sans-serif; font-size: 12pt; color: #000000;\">C\u00f2n g\u00ec tuy\u1ec7t v\u1eddi h\u01a1n khi b\u1ea1n th\u01b0\u1edfng th\u1ee9c chai r\u01b0\u1ee3u n\u00e0y trong nh\u1eefng chuy\u1ebfn d\u00e3\u00a0<\/span><span style=\"font-family: arial, helvetica, sans-serif; font-size: 12pt; color: #000000;\">ngo\u1ea1i c\u00f9ng v\u1edbi b\u00e1nh ng\u1ecdt v\u00e0 hoa qu\u1ea3, n\u00f3 s\u1ebd mang l\u1ea1i cho b\u1ea1n c\u1ea3m gi\u00e1c t\u01b0\u01a1i m\u1edbi\u00a0<\/span><span style=\"font-family: arial, helvetica, sans-serif; font-size: 12pt; color: #000000;\">v\u00e0 tr\u00e0n \u0111\u1ea7y n\u0103ng l\u01b0\u1ee3ng.<\/span><\/p>\n<p>&nbsp;<\/p>\n<h2><span style=\"font-family: arial, helvetica, sans-serif; font-size: 18pt; color: #800000;\">V\u1ec1 \u0111\u1eb7c \u0111i\u1ec3m vang Chile Montes Alpha Special Cuvee Cabernet Sauvignon:<\/span><\/h2>\n<p><span style=\"font-family: arial, helvetica, sans-serif; font-size: 12pt; color: #000000;\">Chai <a href=\"https:\/\/winegroup.vn\/ruou-vang-montes\">R\u01b0\u1ee3u Vang Montes<\/a> n\u00e0y \u0110\u01b0\u1ee3c l\u00e0m t\u1eeb gi\u1ed1ng nho Cabernet Sauvignon 85%, Syrah 10% v\u00e0 Carmenere 5%<\/span><span style=\"font-family: arial, helvetica, sans-serif; font-size: 12pt; color: #000000;\">.\u00a0<\/span><span style=\"font-family: arial, helvetica, sans-serif; font-size: 12pt; color: #000000;\">Cabernet Sauvignon l\u00e0 m\u1ed9t trong nh\u1eefng gi\u1ed1ng nho d\u00f9ng trong s\u1ea3n xu\u1ea5t vang \u0111\u1ecf\u00a0<\/span><span style=\"font-family: arial, helvetica, sans-serif; font-size: 12pt; color: #000000;\">\u0111\u01b0\u1ee3c c\u00f4ng nh\u1eadn r\u1ed9ng r\u00e3i tr\u00ean to\u00e0n th\u1ebf gi\u1edbi. N\u00f3 \u0111\u01b0\u1ee3c tr\u1ed3ng t\u1ea1i g\u1ea7n nh\u01b0 t\u1ea5t c\u1ea3 c\u00e1c\u00a0<\/span><span style=\"font-family: arial, helvetica, sans-serif; font-size: 12pt; color: #000000;\">qu\u1ed1c gia s\u1ea3n xu\u1ea5t r\u01b0\u1ee3u vang l\u1edbn, th\u00edch \u1ee9ng v\u1edbi nhi\u1ec1u v\u00f9ng th\u1ee7y th\u1ed5 kh\u00e1c nhau.\u00a0<\/span><span style=\"font-family: arial, helvetica, sans-serif; font-size: 12pt; color: #000000;\">V\u1ecb nho kh\u00f4ng qu\u00e1 \u0111\u1eadm c\u0169ng kh\u00f4ng qu\u00e1 ng\u1ecdt m\u00e0 l\u00e0 v\u1ecb ch\u00e1t \u0111\u1eadm tinh t\u1ebf, tao nh\u00e3.<\/span><\/p>\n<p><span style=\"font-family: arial, helvetica, sans-serif; font-size: 12pt; color: #000000;\">N\u1ebfu \u0111\u1ec3 sau m\u1ed9t th\u1eddi gian, <span style=\"color: #ff6600;\"><a style=\"color: #ff6600;\" href=\"http:\/\/winelove.vn\/9xweb\/\">h\u01b0\u01a1ng v\u1ecb r\u01b0\u1ee3u vang<\/a><\/span> c\u00e0ng ngon h\u01a1n, m\u1ed9c m\u1ea1c h\u01a1n v\u1edbi\u00a0<\/span><span style=\"font-family: arial, helvetica, sans-serif; font-size: 12pt; color: #000000;\">h\u01b0\u01a1ng v\u1ecb ph\u1ea3ng ph\u1ea5t c\u1ee7a \u0111\u1ea5t, h\u1ed3 ti\u00eau v\u00e0 thu\u1ed1c l\u00e1.\u00a0 N\u00f3 ph\u1ed5 bi\u1ebfn v\u00ec d\u1ec5 tr\u1ed3ng do\u00a0<\/span><span style=\"font-family: arial, helvetica, sans-serif; font-size: 12pt; color: #000000;\">l\u1edbp v\u1ecf d\u00e0y v\u00e0 th\u00e2n c\u00e2y c\u1ee9ng c\u00e1p, c\u00f3 kh\u1ea3 n\u0103ng ch\u1ed1ng th\u1ed1i v\u00e0 s\u01b0\u01a1ng gi\u00e1, c\u00e0ng gi\u00e0\u00a0<\/span><span style=\"font-family: arial, helvetica, sans-serif; font-size: 12pt; color: #000000;\">c\u00e0ng cho tr\u00e1i \u0111\u1eadm h\u01b0\u01a1ng v\u00e0 \u0111\u1eb7c bi\u1ec7t lu\u00f4n gi\u1eef \u0111\u01b0\u1ee3c s\u1ef1 nh\u1ea5t qu\u00e1n trong c\u1ea5u tr\u00fac\u00a0<\/span><span style=\"font-family: arial, helvetica, sans-serif; font-size: 12pt; color: #000000;\">v\u00e0 h\u01b0\u01a1ng v\u1ecb.\u00a0<\/span><span style=\"font-family: arial, helvetica, sans-serif; font-size: 12pt; color: #000000;\">Chai r\u01b0\u1ee3u Montes Alpha Special Cuvee Cabernet Sauvignon \u0111\u01b0\u1ee3c r\u1ea5t nhi\u1ec1u\u00a0<\/span><span style=\"font-family: arial, helvetica, sans-serif; font-size: 12pt; color: #000000;\">ng\u01b0\u1eddi s\u1eed d\u1ee5ng \u01b0u \u00e1i b\u1edfi m\u00e0u s\u1eafc b\u1eaft m\u1eaft. M\u1ed9t m\u00e0u \u0111\u1ecf ruby \u200b\u200b\u0111\u1ecf th\u1eabm pha l\u1eabn v\u1edbi\u00a0<\/span><span style=\"font-family: arial, helvetica, sans-serif; font-size: 12pt; color: #000000;\">m\u00e0u t\u00edm, \u0111\u1eb7c bi\u1ec7t l\u00e0 s\u1ef1 h\u00f2a quy\u1ec7n tuy\u1ec7t v\u1eddi gi\u1eefa nhi\u1ec1u h\u01b0\u01a1ng v\u1ecb. <\/span><\/p>\n<p><span style=\"font-family: arial, helvetica, sans-serif; font-size: 12pt; color: #000000;\">V\u1ed1n mang\u00a0<\/span><span style=\"font-family: arial, helvetica, sans-serif; font-size: 12pt; color: #000000;\">h\u01b0\u01a1ng th\u01a1m c\u1ee7a qu\u1ea3 m\u1eadn ch\u00edn v\u00e0 d\u00e2u \u0111en. K\u00e8m theo \u0111\u00f3 ch\u00ednh l\u00e0 h\u01b0\u01a1ng th\u01a1m d\u1ec5\u00a0<\/span><span style=\"font-family: arial, helvetica, sans-serif; font-size: 12pt; color: #000000;\">ch\u1ecbu c\u1ee7a cam th\u1ea3o v\u00e0 c\u1ee7 c\u00e0 r\u1ed1t \u0111en. \u0110em l\u1ea1i m\u00f9i v\u1ecb th\u01a1m ngon v\u00e0 c\u00e2n b\u1eb1ng v\u1edbi\u00a0<\/span><span style=\"font-family: arial, helvetica, sans-serif; font-size: 12pt; color: #000000;\">tannin ch\u00edn, h\u00e0o ph\u00f3ng v\u00e0 k\u1ebft th\u00fac d\u00e0i, thanh l\u1ecbch.\u00a0<\/span><span style=\"font-family: arial, helvetica, sans-serif; font-size: 12pt; color: #000000;\">V\u1edbi n\u1ed3ng \u0111\u1ed9 14.5%%. R\u01b0\u1ee3u vang n\u00e0y ch\u00ednh l\u00e0 m\u1ed9t n\u00e9t \u00e1nh s\u00e1ng tinh ngh\u1ecbch\u00a0<\/span><span style=\"font-family: arial, helvetica, sans-serif; font-size: 12pt; color: #000000;\">\u0111\u1ed9c \u0111\u00e1o v\u00e0 nhi\u1ec1u h\u01b0\u01a1ng v\u1ecb b\u1ed5 tr\u1ee3. N\u00f3 s\u1ebd l\u00e0 s\u1ef1 l\u1ef1a ch\u1ecdn tuy\u1ec7t v\u1eddi cho nh\u1eefng\u00a0<\/span><span style=\"font-family: arial, helvetica, sans-serif; font-size: 12pt; color: #000000;\">bu\u1ed5i party hay nh\u1eefng b\u1eefa \u0103n sum h\u1ecdp khi b\u1ea1n k\u1ebft h\u1ee3p v\u1edbi c\u00e1c lo\u1ea1i gia v\u1ecb v\u00e0\u00a0<\/span><span style=\"font-family: arial, helvetica, sans-serif; font-size: 12pt; color: #000000;\">b\u00e1nh ng\u1ecdt.<\/span><\/p>\n<p>&nbsp;<\/p>\n<h2><span style=\"font-size: 18pt; color: #800000;\"><span style=\"font-family: arial, helvetica, sans-serif;\">S\u1ea3n xu\u1ea5t\u00a0 Montes Alpha Special Cuvee Cabernet\u00a0<\/span><span style=\"font-family: arial, helvetica, sans-serif;\">Sauvignon<\/span><\/span><\/h2>\n<p><span style=\"font-family: arial, helvetica, sans-serif; font-size: 12pt; color: #000000;\">M\u00e0u c\u1ee7a r\u01b0\u1ee3u \u0111\u01b0\u1ee3c h\u00ecnh th\u00e0nh t\u1eeb v\u1ecf c\u1ee7a qu\u1ea3 nho, v\u1ecf v\u00e0 c\u00f9i nho \u0111\u01b0\u1ee3c l\u00ean men\u00a0<\/span><span style=\"font-family: arial, helvetica, sans-serif; font-size: 12pt; color: #000000;\">c\u00f9ng v\u1edbi n\u01b0\u1edbc nho. V\u1ecb ch\u00e1t t\u1eeb v\u1ecf c\u00e2y c\u0169ng \u0111\u01b0\u1ee3c k\u1ebft h\u1ee3p \u0111\u1ec3 t\u1ea1o th\u00e0nh m\u00e0u \u0111\u1ecf &#8211; m<\/span><span style=\"font-family: arial, helvetica, sans-serif; font-size: 12pt; color: #000000;\">\u1ed9t m\u00e0u s\u1eafc sang tr\u1ecdng v\u00e0 cu\u1ed1n h\u00fat.\u00a0<\/span><span style=\"font-family: arial, helvetica, sans-serif; font-size: 12pt; color: #000000;\">Nho sau khi \u0111\u01b0\u1ee3c v\u1eaft v\u00e0 c\u1eaft cu\u1ed1ng s\u1ebd \u0111\u01b0\u1ee3c \u0111\u01b0a l\u00ean h\u1ec7 th\u1ed1ng l\u00ean men r\u1ed3i sau \u0111\u00f3\u00a0<\/span><span style=\"font-family: arial, helvetica, sans-serif; font-size: 12pt; color: #000000;\">s\u1ebd \u0111\u01b0\u1ee3c \u00e9p. H\u01a1n m\u1ed9t n\u1eeda l\u01b0\u1ee3ng n\u01b0\u1edbc \u00e9p ra t\u1eeb qu\u1ea3 nho m\u1ed9t c\u00e1ch d\u1ec5 d\u00e0ng kh\u00f4ng\u00a0<\/span><span style=\"font-family: arial, helvetica, sans-serif; font-size: 12pt; color: #000000;\">c\u1ea7n \u0111\u1ebfn \u00e1p l\u1ef1c cao, ph\u1ea7n c\u00f2n l\u1ea1i s\u1ebd \u0111\u01b0\u1ee3c \u00e9p ra t\u1eeb h\u1ec7 th\u1ed1ng \u00e9p. <\/span><\/p>\n<p><span style=\"font-family: arial, helvetica, sans-serif; font-size: 12pt; color: #000000;\">\u0110\u1ec3 r\u01b0\u1ee3u \u0111\u1ea1t \u0111\u01b0\u1ee3c\u00a0<\/span><span style=\"font-family: arial, helvetica, sans-serif; font-size: 12pt; color: #000000;\">s\u1ef1 h\u00e0i h\u00f2a v\u00e0 \u1ed5n \u0111\u1ecbnh c\u1ee7a m\u00f9i v\u1ecb v\u00e0 ch\u1ea5t l\u01b0\u1ee3ng th\u00ec r\u01b0\u1ee3u ph\u1ea3i \u0111\u01b0\u1ee3c \u1ee7 nh\u1eb1m l\u00e0m\u00a0<\/span><span style=\"font-family: arial, helvetica, sans-serif; font-size: 12pt; color: #000000;\">cho kh\u00ed \u00f4xi t\u00e1c \u0111\u1ed9ng th\u1eadt ch\u1eadm, th\u01b0\u1eddng \u0111\u01b0\u1ee3c \u1ee7 trong kho\u1ea3ng 16 th\u00e1ng trong\u00a0<\/span><span style=\"font-family: arial, helvetica, sans-serif; font-size: 12pt; color: #000000;\">th\u00f9ng g\u1ed7 s\u1ed3i c\u1ee7a Ph\u00e1p tr\u01b0\u1edbc khi \u0111\u1ebfn tay ng\u01b0\u1eddi s\u1eed d\u1ee5ng.\u00a0<\/span><span style=\"font-family: arial, helvetica, sans-serif; font-size: 12pt; color: #000000;\">C\u1ea3 qu\u00e1 tr\u00ecnh thu ho\u1ea1ch v\u00e0 ch\u1ebf bi\u1ebfn \u0111\u1ec1u \u0111\u01b0\u1ee3c ti\u1ebfn h\u00e0nh m\u1ed9t c\u00e1ch t\u1ec9 m\u1ec9 nh\u1ea5t,\u00a0<\/span><span style=\"font-family: arial, helvetica, sans-serif; font-size: 12pt; color: #000000;\">nh\u1eefng ch\u00f9m nho ch\u00edn m\u1ecdng nguy\u00ean v\u1eb9n t\u01b0\u01a1i \u0111\u01b0\u1ee3c d\u00f9ng l\u00e0m n\u00ean nh\u1eefng chai\u00a0<\/span><span style=\"font-family: arial, helvetica, sans-serif; font-size: 12pt; color: #000000;\">vang mang ch\u1ea5t l\u01b0\u1ee3ng cao.<\/span><br \/>\n<span style=\"font-family: arial, helvetica, sans-serif; font-size: 12pt; color: #000000;\"><strong>L\u01b0u \u00fd:<\/strong> B\u1ea1n n\u00ean th\u01b0\u1edfng th\u1ee9c r\u01b0\u1ee3u vang n\u00e0y \u1edf nhi\u1ec7t \u0111\u1ed9 18-20 \u0111\u1ed9 C.\u00a0<\/span><span style=\"font-family: arial, helvetica, sans-serif; font-size: 12pt; color: #000000;\">B\u1ea3o qu\u1ea3n l\u1ea1nh \u1edf n\u01a1i kh\u00f4 r\u00e1o tho\u00e1ng m\u00e1t, tr\u00e1nh \u00e1nh n\u1eafng tr\u1ef1c ti\u1ebfp, b\u1ea3o qu\u1ea3n t\u1ed1t\u00a0<\/span><span style=\"font-family: arial, helvetica, sans-serif; font-size: 12pt; color: #000000;\">nh\u1ea5t n\u01a1i ph\u00f2ng t\u1ed1i v\u1edbi \u0111i\u1ec1u ki\u1ec7n nhi\u1ec7t \u0111\u1ed9 th\u1ea5p.<\/span><br \/>\n<span style=\"font-family: arial, helvetica, sans-serif; font-size: 12pt; color: #000000;\"><strong>G\u1ee3i \u00fd m\u00f3n \u0103n k\u1ebft h\u1ee3p:<\/strong> <span style=\"color: #ff6600;\"><a style=\"color: #ff6600;\" href=\"http:\/\/winelove.vn\/9xweb\/danh-muc\/ruou-vang-chile\/\">R\u01b0\u1ee3u vang Chile<\/a><\/span> n\u00e0y n\u00ean \u0103m k\u00e8m c\u00e1c m\u00f3n th\u1ecbt \u0111\u1ecf, c\u00e1\u00a0<\/span><span style=\"font-family: arial, helvetica, sans-serif; font-size: 12pt; color: #000000;\">h\u1ed3i, m\u1ef3 \u00dd th\u00fa r\u1eebng,.v..v.. S\u1ebd c\u00e0ng l\u00e0m b\u1eefa ti\u1ec7c c\u1ee7a b\u1ea1n th\u00eam tuy\u1ec7t v\u1eddi h\u01a1n n\u1eefa.<\/span><\/p>\n<p>&nbsp;<\/p>\n<h2><span style=\"font-family: arial, helvetica, sans-serif; font-size: 18pt; color: #800000;\">Tham kh\u1ea3o c\u00e1c d\u00f2ng s\u1ea3n ph\u1ea9m Montes Alpha Special Cuvee kh\u00e1c:<\/span><\/h2>\n<p><span style=\"font-family: arial, helvetica, sans-serif; font-size: 12pt; color: #000000;\">B\u1ea1n \u0111ang c\u00f3 nhu c\u1ea7u mua c\u00e1c s\u1ea3n ph\u1ea9m vang cao c\u1ea5p, vang Chile ch\u1ea5t l\u01b0\u1ee3ng, v\u1eady th\u00ec b\u1ea1n n\u00ean tham kh\u1ea3o ngay d\u00f2ng s\u1ea3n ph\u1ea9m r\u01b0\u1ee3u vang c\u1ee7a h\u00e3ng s\u1ea3n xu\u1ea5t Montes &#8211; m\u1ed9t trong nh\u1eefng nh\u00e0 s\u1ea3n xu\u1ea5t vang h\u00e0ng \u0111\u1ea7u v\u00e0 n\u1ed5i ti\u1ebfng nh\u1ea5t Chile. V\u1edbi c\u00e1c d\u00f2ng vang \u0111a d\u1ea1ng v\u1ec1 c\u1ea3 phong c\u00e1ch l\u1eabn gi\u00e1 c\u1ea3, ch\u1eafc ch\u1eafn r\u1eb1ng b\u1ea1n s\u1ebd t\u00ecm th\u1ea5y nh\u1eefng chai r\u01b0\u1ee3u vang ph\u00f9 h\u1ee3p v\u1edbi nhu c\u1ea7u c\u1ee7a m\u00ecnh. <strong>R\u01b0\u1ee3u vang Montes Alpha Specail Cuvee<\/strong>\u00a0c\u00f3 nh\u1eefng d\u00f2ng s\u1ea3n ph\u1ea9m ch\u00ednh sau \u0111\u00e2y:<\/span><\/p>\n<div class=\"woocommerce columns-4 \"><ul class=\"products columns-4\">\n<li class=\"product type-product post-4331 status-publish first instock product_cat-ruou-vang-cao-cap product_cat-ruou-vang-chile product_tag-ruou-vang-montes has-post-thumbnail shipping-taxable purchasable product-type-simple\">\n\t<a href=\"http:\/\/winelove.vn\/9xweb\/?product=ruou-vang-montes-alpha-special-cuvee-cabernet-sauvignon\" class=\"woocommerce-LoopProduct-link woocommerce-loop-product__link\"><img loading=\"lazy\" decoding=\"async\" width=\"300\" height=\"300\" src=\"http:\/\/winelove.vn\/9xweb\/wp-content\/uploads\/2018\/09\/ruou-vang-montes-alpha-special-cuvee-cabernet-sauvignon-300x300.jpg\" class=\"attachment-woocommerce_thumbnail size-woocommerce_thumbnail\" alt=\"r\u01b0\u1ee3u vang Montes Alpha Special Cuvee Cabernet Sauvignon\" srcset=\"http:\/\/winelove.vn\/9xweb\/wp-content\/uploads\/2018\/09\/ruou-vang-montes-alpha-special-cuvee-cabernet-sauvignon-300x300.jpg 300w, http:\/\/winelove.vn\/9xweb\/wp-content\/uploads\/2018\/09\/ruou-vang-montes-alpha-special-cuvee-cabernet-sauvignon-100x100.jpg 100w, http:\/\/winelove.vn\/9xweb\/wp-content\/uploads\/2018\/09\/ruou-vang-montes-alpha-special-cuvee-cabernet-sauvignon.jpg 600w, http:\/\/winelove.vn\/9xweb\/wp-content\/uploads\/2018\/09\/ruou-vang-montes-alpha-special-cuvee-cabernet-sauvignon-150x150.jpg 150w, http:\/\/winelove.vn\/9xweb\/wp-content\/uploads\/2018\/09\/ruou-vang-montes-alpha-special-cuvee-cabernet-sauvignon-45x45.jpg 45w\" sizes=\"(max-width: 300px) 100vw, 300px\" \/><h2 class=\"woocommerce-loop-product__title\">R\u01b0\u1ee3u Vang Montes Alpha Special Cuvee Cabernet Sauvignon 5.4% ABV* &#8211; Gi\u00e1 KM<\/h2>\n\t<span class=\"price\"><span class=\"woocommerce-Price-amount amount\">790.000<span class=\"woocommerce-Price-currencySymbol\">&#8363;<\/span><\/span><\/span>\n<\/a><a href=\"\/9xweb\/index.php?rest_route=%2Fwp%2Fv2%2Fproduct%2F4331&#038;add-to-cart=4331\" data-quantity=\"1\" class=\"button product_type_simple add_to_cart_button ajax_add_to_cart\" data-product_id=\"4331\" data-product_sku=\"\" aria-label=\"Th\u00eam &ldquo;R\u01b0\u1ee3u Vang Montes Alpha Special Cuvee Cabernet Sauvignon 5.4% ABV* - Gi\u00e1 KM&rdquo; v\u00e0o gi\u1ecf h\u00e0ng\" rel=\"nofollow\">Mua h\u00e0ng<\/a><\/li>\n<li class=\"product type-product post-4324 status-publish instock product_cat-ruou-vang-cao-cap product_cat-ruou-vang-chile product_tag-ruou-vang-montes has-post-thumbnail shipping-taxable purchasable product-type-simple\">\n\t<a href=\"http:\/\/winelove.vn\/9xweb\/?product=ruou-vang-montes-alpha-special-cuvee-chardonnay\" class=\"woocommerce-LoopProduct-link woocommerce-loop-product__link\"><img loading=\"lazy\" decoding=\"async\" width=\"300\" height=\"300\" src=\"http:\/\/winelove.vn\/9xweb\/wp-content\/uploads\/2018\/09\/ruou-vang-montes-alpha-special-cuvee-chardonnay-300x300.jpg\" class=\"attachment-woocommerce_thumbnail size-woocommerce_thumbnail\" alt=\"r\u01b0\u1ee3u vang Montes Alpha Special Cuvee Chardonnay\" srcset=\"http:\/\/winelove.vn\/9xweb\/wp-content\/uploads\/2018\/09\/ruou-vang-montes-alpha-special-cuvee-chardonnay-300x300.jpg 300w, http:\/\/winelove.vn\/9xweb\/wp-content\/uploads\/2018\/09\/ruou-vang-montes-alpha-special-cuvee-chardonnay-100x100.jpg 100w, http:\/\/winelove.vn\/9xweb\/wp-content\/uploads\/2018\/09\/ruou-vang-montes-alpha-special-cuvee-chardonnay.jpg 600w, http:\/\/winelove.vn\/9xweb\/wp-content\/uploads\/2018\/09\/ruou-vang-montes-alpha-special-cuvee-chardonnay-150x150.jpg 150w, http:\/\/winelove.vn\/9xweb\/wp-content\/uploads\/2018\/09\/ruou-vang-montes-alpha-special-cuvee-chardonnay-45x45.jpg 45w\" sizes=\"(max-width: 300px) 100vw, 300px\" \/><h2 class=\"woocommerce-loop-product__title\">R\u01b0\u1ee3u Vang Montes Alpha Special Cuvee Chardonnay 5.4% ABV* &#8211; Vang Cao C\u1ea5p<\/h2>\n\t<span class=\"price\"><span class=\"woocommerce-Price-amount amount\">790.000<span class=\"woocommerce-Price-currencySymbol\">&#8363;<\/span><\/span><\/span>\n<\/a><a href=\"\/9xweb\/index.php?rest_route=%2Fwp%2Fv2%2Fproduct%2F4331&#038;add-to-cart=4324\" data-quantity=\"1\" class=\"button product_type_simple add_to_cart_button ajax_add_to_cart\" data-product_id=\"4324\" data-product_sku=\"\" aria-label=\"Th\u00eam &ldquo;R\u01b0\u1ee3u Vang Montes Alpha Special Cuvee Chardonnay 5.4% ABV* - Vang Cao C\u1ea5p&rdquo; v\u00e0o gi\u1ecf h\u00e0ng\" rel=\"nofollow\">Mua h\u00e0ng<\/a><\/li>\n<li class=\"product type-product post-4329 status-publish instock product_cat-ruou-vang-cao-cap product_cat-ruou-vang-chile product_tag-ruou-vang-montes has-post-thumbnail shipping-taxable purchasable product-type-simple\">\n\t<a href=\"http:\/\/winelove.vn\/9xweb\/?product=ruou-vang-montes-alpha-special-cuvee-pinot-noir\" class=\"woocommerce-LoopProduct-link woocommerce-loop-product__link\"><img loading=\"lazy\" decoding=\"async\" width=\"300\" height=\"300\" src=\"http:\/\/winelove.vn\/9xweb\/wp-content\/uploads\/2018\/09\/ruou-vang-montes-alpha-special-cuvee-pinot-noir-300x300.jpg\" class=\"attachment-woocommerce_thumbnail size-woocommerce_thumbnail\" alt=\"r\u01b0\u1ee3u vang Montes Alpha Special Cuvee Pinot Noir\" srcset=\"http:\/\/winelove.vn\/9xweb\/wp-content\/uploads\/2018\/09\/ruou-vang-montes-alpha-special-cuvee-pinot-noir-300x300.jpg 300w, http:\/\/winelove.vn\/9xweb\/wp-content\/uploads\/2018\/09\/ruou-vang-montes-alpha-special-cuvee-pinot-noir-100x100.jpg 100w, http:\/\/winelove.vn\/9xweb\/wp-content\/uploads\/2018\/09\/ruou-vang-montes-alpha-special-cuvee-pinot-noir.jpg 600w, http:\/\/winelove.vn\/9xweb\/wp-content\/uploads\/2018\/09\/ruou-vang-montes-alpha-special-cuvee-pinot-noir-150x150.jpg 150w, http:\/\/winelove.vn\/9xweb\/wp-content\/uploads\/2018\/09\/ruou-vang-montes-alpha-special-cuvee-pinot-noir-45x45.jpg 45w\" sizes=\"(max-width: 300px) 100vw, 300px\" \/><h2 class=\"woocommerce-loop-product__title\">R\u01b0\u1ee3u Vang Montes Alpha Special Cuvee Pinot Noir 5.4% ABV* &#8211; Chi\u1ebft Kh\u1ea5u Cao #1<\/h2>\n\t<span class=\"price\"><span class=\"woocommerce-Price-amount amount\">790.000<span class=\"woocommerce-Price-currencySymbol\">&#8363;<\/span><\/span><\/span>\n<\/a><a href=\"\/9xweb\/index.php?rest_route=%2Fwp%2Fv2%2Fproduct%2F4331&#038;add-to-cart=4329\" data-quantity=\"1\" class=\"button product_type_simple add_to_cart_button ajax_add_to_cart\" data-product_id=\"4329\" data-product_sku=\"\" aria-label=\"Th\u00eam &ldquo;R\u01b0\u1ee3u Vang Montes Alpha Special Cuvee Pinot Noir 5.4% ABV* - Chi\u1ebft Kh\u1ea5u Cao #1&rdquo; v\u00e0o gi\u1ecf h\u00e0ng\" rel=\"nofollow\">Mua h\u00e0ng<\/a><\/li>\n<li class=\"product type-product post-4326 status-publish last instock product_cat-ruou-vang-cao-cap product_cat-ruou-vang-chile product_tag-ruou-vang-montes has-post-thumbnail shipping-taxable purchasable product-type-simple\">\n\t<a href=\"http:\/\/winelove.vn\/9xweb\/?product=ruou-vang-montes-alpha-special-cuvee-sauvignon-blanc\" class=\"woocommerce-LoopProduct-link woocommerce-loop-product__link\"><img loading=\"lazy\" decoding=\"async\" width=\"300\" height=\"300\" src=\"http:\/\/winelove.vn\/9xweb\/wp-content\/uploads\/2018\/09\/ruou-vang-montes-alpha-special-cuvee-sauvignon-blanc-300x300.jpg\" class=\"attachment-woocommerce_thumbnail size-woocommerce_thumbnail\" alt=\"r\u01b0\u1ee3u vang Montes Alpha Special Cuvee Sauvignon Blanc\" srcset=\"http:\/\/winelove.vn\/9xweb\/wp-content\/uploads\/2018\/09\/ruou-vang-montes-alpha-special-cuvee-sauvignon-blanc-300x300.jpg 300w, http:\/\/winelove.vn\/9xweb\/wp-content\/uploads\/2018\/09\/ruou-vang-montes-alpha-special-cuvee-sauvignon-blanc-100x100.jpg 100w, http:\/\/winelove.vn\/9xweb\/wp-content\/uploads\/2018\/09\/ruou-vang-montes-alpha-special-cuvee-sauvignon-blanc.jpg 600w, http:\/\/winelove.vn\/9xweb\/wp-content\/uploads\/2018\/09\/ruou-vang-montes-alpha-special-cuvee-sauvignon-blanc-150x150.jpg 150w, http:\/\/winelove.vn\/9xweb\/wp-content\/uploads\/2018\/09\/ruou-vang-montes-alpha-special-cuvee-sauvignon-blanc-45x45.jpg 45w\" sizes=\"(max-width: 300px) 100vw, 300px\" \/><h2 class=\"woocommerce-loop-product__title\">R\u01b0\u1ee3u Vang Montes Alpha Special Cuvee Sauvignon Blanc 5.4% ABV* &#8211; Vang Chile<\/h2>\n\t<span class=\"price\"><span class=\"woocommerce-Price-amount amount\">790.000<span class=\"woocommerce-Price-currencySymbol\">&#8363;<\/span><\/span><\/span>\n<\/a><a href=\"\/9xweb\/index.php?rest_route=%2Fwp%2Fv2%2Fproduct%2F4331&#038;add-to-cart=4326\" data-quantity=\"1\" class=\"button product_type_simple add_to_cart_button ajax_add_to_cart\" data-product_id=\"4326\" data-product_sku=\"\" aria-label=\"Th\u00eam &ldquo;R\u01b0\u1ee3u Vang Montes Alpha Special Cuvee Sauvignon Blanc 5.4% ABV* - Vang Chile&rdquo; v\u00e0o gi\u1ecf h\u00e0ng\" rel=\"nofollow\">Mua h\u00e0ng<\/a><\/li>\n<\/ul>\n<\/div>\n<p><span style=\"font-size: 12pt;\">Xem Th\u00eam D\u00f2ng R\u01b0\u1ee3u Vang Ngon C\u1ee7a Chile : <a href=\"https:\/\/ruouvang24h.vn\/ruou-vang-tagua-tagua\"><span style=\"color: #0000ff;\"><strong>R\u01b0\u1ee3u Vang Tagua Tagua<\/strong><\/span><\/a><\/span><\/p>\n","protected":false},"excerpt":{"rendered":"<p>R\u01b0\u1ee3u vang Montes Alpha Special Cuvee Cabernet Sauvignon l\u00e0 s\u1ea3n ph\u1ea9m r\u01b0\u1ee3u\u00a0vang n\u1ed5i ti\u1ebfng \u0111\u1ebfn t\u1eeb Chile \u0111\u01b0\u1ee3c s\u1ea3n xu\u1ea5t b\u1edfi nh\u00e0 r\u01b0\u1ee3u n\u1ed5i ti\u1ebfng h\u00e0ng \u0111\u1ea7u\u00a0n\u01b0\u1edbc n\u00e0y- Montes.\u00a0Winestore1977\u00a0hi\u1ec7n \u0111ang l\u00e0 \u0111\u01a1n v\u1ecb ph\u00e2n ph\u1ed1i r\u01b0\u1ee3u vang v\u1edbi ch\u00ednh s\u00e1ch khuy\u1ebfn m\u00e3i v\u00f4 c\u00f9ng h\u1ea5p d\u1eabn. Li\u00ean h\u1ec7 ngay hotline: 098.221.6068\u00a0\u0111\u1ec3 \u0111\u01b0\u1ee3c t\u01b0 v\u1ea5n v\u00e0 [&hellip;]<\/p>\n","protected":false},"featured_media":4332,"comment_status":"closed","ping_status":"closed","template":"","meta":[],"class_list":{"0":"post-4331","1":"product","2":"type-product","3":"status-publish","4":"has-post-thumbnail","6":"product_cat-ruou-vang-cao-cap","7":"product_cat-ruou-vang-chile","8":"product_tag-ruou-vang-montes","10":"first","11":"instock","12":"shipping-taxable","13":"purchasable","14":"product-type-simple"},"_links":{"self":[{"href":"http:\/\/winelove.vn\/9xweb\/index.php?rest_route=\/wp\/v2\/product\/4331"}],"collection":[{"href":"http:\/\/winelove.vn\/9xweb\/index.php?rest_route=\/wp\/v2\/product"}],"about":[{"href":"http:\/\/winelove.vn\/9xweb\/index.php?rest_route=\/wp\/v2\/types\/product"}],"replies":[{"embeddable":true,"href":"http:\/\/winelove.vn\/9xweb\/index.php?rest_route=%2Fwp%2Fv2%2Fcomments&post=4331"}],"wp:featuredmedia":[{"embeddable":true,"href":"http:\/\/winelove.vn\/9xweb\/index.php?rest_route=\/wp\/v2\/media\/4332"}],"wp:attachment":[{"href":"http:\/\/winelove.vn\/9xweb\/index.php?rest_route=%2Fwp%2Fv2%2Fmedia&parent=4331"}],"curies":[{"name":"wp","href":"https:\/\/api.w.org\/{rel}","templated":true}]}}