{"id":5114,"date":"2019-01-12T17:10:43","date_gmt":"2019-01-12T10:10:43","guid":{"rendered":"http:\/\/winelove.vn\/9xweb\/?post_type=product&#038;p=5114"},"modified":"2023-05-08T22:38:26","modified_gmt":"2023-05-08T15:38:26","slug":"ruou-vang-yali-reserva-trang","status":"publish","type":"product","link":"http:\/\/winelove.vn\/9xweb\/?product=ruou-vang-yali-reserva-trang","title":{"rendered":"R\u01b0\u01a1\u0323u Vang Yali Reserva Tr\u1eafng 5.4% ABV* &#8211; Mua R\u01b0\u1ee3u Vang Chile Ngon"},"content":{"rendered":"<h2><span style=\"font-size: 18pt; color: #800000;\">Gi\u01a1\u0301i thi\u00ea\u0323u r\u01b0\u01a1\u0323u vang Yali Reserva tr\u1eafng <\/span><\/h2>\n<p><span style=\"font-family: arial, helvetica, sans-serif; font-size: 12pt; color: #000000;\">T\u00f4i y\u00eau v\u00e0 kh\u00e2m ph\u1ee5c c\u00e1i tinh t\u1ebf c\u1ee7a v\u0103n h\u00f3a Chile. Trong khi c\u00e1c qu\u1ed1c gia kh\u00e1c c\u1ed1 g\u1eafng t\u1ea1o ra ng\u00e0y c\u00e0ng nhi\u1ec1u s\u1ea3n ph\u1ea9m \u0111a d\u1ea1ng h\u01a1n, nhi\u1ec1u lo\u1ea1i r\u01b0\u1ee3u h\u01a1n, nhi\u1ec1u nh\u00e3n h\u00e0ng h\u01a1n th\u00ec v\u1edbi v\u0103n h\u00f3a r\u01b0\u1ee3u vang c\u1ee7a Chile, v\u1eabn ch\u1ec9 l\u00e0 th\u1ee9 ch\u1ea5t l\u1ecfng truy\u1ec1n th\u1ed1ng \u1ea5y, h\u1ecd y\u00eau th\u01b0\u01a1ng n\u00f3, tr\u00e2n tr\u1ecdng n\u00f3, v\u00e0 l\u00fac n\u00e0o c\u0169ng t\u00ecm nh\u1eefng c\u1ea3m h\u1ee9ng kh\u00e1c nhau \u0111\u1ec3 n\u00e2ng niu n\u00f3 v\u00e0 say m\u00ea n\u00f3 h\u01a1n. Trong khi ta ch\u1ec9 \u0111\u00e1nh gi\u00e1 r\u01b0\u1ee3u ngon hay kh\u00f4ng th\u00ec h\u1ecd c\u00f2n \u0111\u00e1nh gi\u00e1 r\u01b0\u1ee3u \u0111\u1eb9p hay kh\u00f4ng v\u00e0 m\u1ee9c \u0111\u1ed9 \u0111\u1eb9p c\u0169ng c\u00f3 nhi\u1ec1u c\u1ea5p \u0111\u1ed9. U\u1ed1ng nh\u01b0 m\u1ed9t c\u00e1ch \u0111\u1ec3 s\u1ed1ng v\u00e0 hi\u1ec3u v\u1ec1 cu\u1ed9c s\u1ed1ng c\u1ee7a \u0111\u1ea5t n\u01b0\u1edbc xinh \u0111\u1eb9p n\u00e0y.<\/span><\/p>\n<p><span style=\"font-family: arial, helvetica, sans-serif; font-size: 12pt; color: #000000;\"> N\u00e0y l\u00e0 v\u1ecb chua l\u1eabn v\u1ecb ng\u1ecdt c\u1ee7a n\u01b0\u1edbc nho, v\u1ecb ch\u00e1t c\u1ee7a v\u1ecf nho, v\u1ecb \u0111\u1eafng c\u1ee7a cu\u1ed1ng nho, v\u1ecb n\u1ed3ng c\u1ee7a men r\u01b0\u1ee3u, v\u1ecb \u0111\u00e2\u0323m c\u1ee7a g\u1ed7 s\u1ed3i. T\u1ea5t c\u1ea3 h\u00f2a h\u1ee3p l\u1ea1i nh\u01b0 h\u01b0\u01a1ng v\u1ecb c\u1ee7a c\u1ea3 \u0111\u1ea5t tr\u1eddi d\u01b0\u1edbi c\u00e1i n\u1eafng n\u00f4\u0300ng cha\u0301y v\u00e0 \u0111\u1ea5t \u1ea5m c\u1ee7a n\u01b0\u1edbc Chile m\u00e0 tr\u1ed7i d\u1eady v\u1eady. Ng\u01b0\u1eddi Chile h\u1ecd y\u00eau r\u01b0\u1ee3u vang l\u1eafm. H\u1ecd mu\u1ed1n t\u1ea5t c\u1ea3 m\u1ecdi ng\u01b0\u1eddi tr\u00ean th\u1ebf gi\u1edbi kh\u00f4ng ph\u00e2n bi\u1ec7t sang h\u00e8n \u0111\u1ec1u \u0111\u01b0\u1ee3c th\u01b0\u1edfng th\u1ee9c r\u01b0\u1ee3u vang. V\u00ec th\u1ebf m\u00e0 nh\u1eefng h\u00e3ng r\u01b0\u1ee3u nh\u01b0 h\u00e3ng Yali \u0111\u00e3 t\u1ea1o n\u00ean nh\u1eefng c\u1eb7p r\u01b0\u1ee3u vang nh\u01b0 Yali Reserva. N\u1ebfu chai vang Yali Reserva \u0111\u1ecf \u0111\u01b0\u1ee3c v\u00ed nh\u01b0 m\u1ed9t b\u1ed9 trang ph\u1ee5c n\u1eefa \u0111\u1eb9p \u0111\u1ebd th\u00ec chai r\u01b0\u1ee3u vang Yali Reserva tr\u1eafng l\u1ea1i \u0111\u01b0\u1ee3c v\u00ed nh\u01b0 v\u1ebb \u0111\u1eb9p \u0111\u1ea7y \u0111\u1eb7n b\u00ean trong ng\u01b0\u1eddi ph\u1ee5 n\u1eef. <a href=\"http:\/\/winelove.vn\/9xweb\/danh-muc\/ruou-vang-chile\/\">Chai vang Chile<\/a> n\u00e0y m\u1edbi \u0111\u1ea7u nh\u00ecn c\u00f3 th\u1ec3 kh\u00f4ng c\u00f3 g\u00ec h\u00fat m\u1eaft nh\u01b0ng khi b\u1ea1n \u0111\u00e3 th\u1eed ch\u1ea5t r\u01b0\u1ee3u th\u00ec th\u1eadt s\u1ef1 c\u1ea3m th\u1ea5y m\u00ea \u0111\u1eafm v\u00e0 b\u1ecb l\u00f4i cu\u1ed1n theo n\u00f3.<\/span><\/p>\n<p>&nbsp;<\/p>\n<h2><span style=\"font-size: 18pt; color: #800000;\">\u0110\u1eb7c \u0111i\u1ec3m\u00a0r\u01b0\u01a1\u0323u vang Yali Reserva tr\u1eafng<\/span><\/h2>\n<p><span style=\"font-family: arial, helvetica, sans-serif; font-size: 12pt; color: #000000;\">Nh\u1ea5p m\u1ed9t ng\u1ee5m r\u01b0\u1ee3u m\u00e0 nh\u01b0 th\u1ea5y m\u00ecnh v\u1eeba tr\u1ea3i qua c\u00e1i ng\u1ecdt ng\u00e0o c\u1ee7a n\u1ee5 h\u00f4n \u0111\u1ea7u trong c\u00f4ng vi\u00ean qu\u1ed1c gia Lauca n\u1ee5 h\u00f4n \u1ea5y v\u1eeba n\u1ed3ng n\u00e0n m\u00e3nh li\u1ec7t, v\u1eeba l\u1ea1 l\u1ea1 quen quen b\u1edfi c\u00e1i g\u1ecdi l\u00e0 l\u1ea7n \u0111\u1ea7u ti\u00ean bao gi\u1edd c\u0169ng kh\u00f3 qu\u00ean v\u00e0 k\u00ec l\u1ea1. Nh\u1eafm m\u1eaft h\u00edt s\u00e2u c\u00e1i m\u00f9i h\u01b0\u01a1ng c\u1ee7a r\u01b0\u1ee3u m\u00e0 nh\u01b0 \u0111ang h\u00edt th\u1edf c\u1ea3 c\u00e1i b\u1ea7u kh\u00f4ng kh\u00ed thanh b\u00ecnh v\u1edbi nh\u1eefng m\u00e0u xanh \u00eam d\u1ecbu c\u1ee7a s\u00f4ng b\u0103ng San Rafael hay th\u1ea3 h\u1ed3n gi\u1eefa c\u00e1i b\u00ecnh l\u1eb7ng xinh \u0111\u1eb9p c\u1ee7a nh\u00e0 th\u1edd Chiloe. L\u1eafng nghe t\u1eebng v\u1ecb gi\u00e1c \u0111ang th\u1ee9c d\u1eady n\u01a1i \u0111\u1ea7u l\u01b0\u1ee1i, \u0111\u1ec3 l\u00f2ng ph\u01a1i ph\u1edbi, x\u1ed1n xang nh\u01b0 \u0111ang th\u00eanh thang b\u01b0\u1edbc gi\u1eefa nh\u1eefng c\u00e1nh \u0111\u1ed3ng nho tr\u1ea3i d\u00e0i b\u1ea5t t\u1eadn. Chai\u00a0vang Chile\u00a0n\u00e0y c\u00f3 h\u01b0\u01a1ng th\u01a1m ng\u00e1t t\u1eeb c\u00e1c lo\u1ea1i tr\u00e1i c\u00e2y t\u01b0\u01a1i v\u00f9ng nhi\u1ec7t \u0111\u1edbi v\u00e0 c\u00f3 ch\u00fat\u00a0 g\u00ec \u0111\u00f3 ph\u1ea3ng ph\u1ea5t h\u01b0\u01a1ng th\u01a1m c\u1ee7a c\u00e1c lo\u1ea1i th\u1ea3o m\u1ed9c. \u0110\u1eb7c bi\u1ec7t h\u01a1n c\u00f2n g\u00f3p v\u00e0o b\u1ea3n nh\u1ea1c h\u01b0\u01a1ng v\u1ecb \u0111\u00f3 l\u00e0 v\u1ecb ng\u1ecdt s\u00e2u l\u1eafng r\u1ea5t m\u1ec1m m\u1ea1i v\u00e0 dai d\u1eb3ng. <\/span><\/p>\n<p><span style=\"font-family: arial, helvetica, sans-serif; font-size: 12pt; color: #000000;\">Ch\u1ea5t tannin v\u1eefng ch\u1eafc khi\u1ebfn cho c\u1ea5u tr\u00fac r\u01b0\u1ee3u c\u00e0ng tr\u1edf m\u00e3nh li\u1ec7t h\u01a1n n\u1eefa. B\u1ea1n c\u00f3 th\u1ec3 d\u00f9ng lo\u1ea1i r\u01b0\u01a1\u0323u vang n\u00e0y khi \u0103n nh\u1eefng b\u1eefa c\u01a1m gia \u0111\u00ecnh sum h\u1ecdp ho\u1eb7c \u0111\u01a1n gi\u1ea3n h\u01a1n l\u00e0 v\u00e0o nh\u1eefng l\u00fac m\u1ec7t m\u1ecfi b\u1ea1n c\u0169ng c\u00f3 th\u1ec3 r\u00f3t m\u1ed9t ly u\u1ed1ng kh\u00f4ng k\u00e8m theo b\u1ea5t c\u1ee9 th\u1ee9 g\u00ec. B\u1ea1n n\u00ean th\u01b0\u1edfng th\u1ee9c chai r\u01b0\u1ee3u vang n\u00e0y \u1edf nhi\u1ec7t \u0111\u1ed9 16 \u0111\u1ebfn 18 \u0111\u1ed9 C. Tr\u01b0\u1edbc khi u\u1ed1ng h\u00e3y nh\u1edb \u0111\u1ec3 r\u01b0\u1ee3u \u00edt nh\u1ea5t 30 ph\u00fat trong b\u00ecnh\u00a0decanter th\u1eddi gian \u0111\u00f3 s\u1ebd gi\u00fap r\u01b0\u1ee3u t\u1ecfa h\u01b0\u01a1ng th\u01a1m \u0111\u1ec1u \u0111\u1eb7n.<\/span><\/p>\n<h2><span style=\"font-size: 18pt; color: #800000;\">Ph\u01b0\u01a1ng th\u1ee9c s\u1ea3n xu\u1ea5t r\u01b0\u01a1\u0323u vang Yali Reserva tr\u1eafng<\/span><\/h2>\n<p><span style=\"font-family: arial, helvetica, sans-serif; font-size: 12pt; color: #000000;\">Thu ho\u1ea1ch \u0111\u01b0\u1ee3c th\u1ef1c hi\u1ec7n ho\u00e0n to\u00e0n b\u1eb1ng tay v\u00e0 v\u1eadn chuy\u1ec3n \u0111\u1ebfn nh\u00e0 m\u00e1y. Trong th\u1eddi gian gi\u1eefa th\u00e1ng t\u01b0 nho tr\u1ea3i qua ng\u00e2m l\u1ea1nh 7 ng\u00e0y tr\u01b0\u1edbc khi l\u00ean men trong th\u00f9ng th\u00e9p kh\u00f4ng g\u1ec9 t\u1eeb 3 \u0111\u1ebfn 4 tu\u1ea7n.\u00a0Ti\u1ebfp \u0111\u00f3 d\u1ecbch nho \u0111\u01b0\u1ee3c l\u00ean men t\u1ea1i 20 \u00baC, t\u1ea5t c\u1ea3 c\u00e1c d\u1ecbch \u0111\u01b0\u1ee3c chi\u1ebft xu\u1ea5t th\u01b0\u1eddng xuy\u00ean trong ph\u00e2n n\u1eeda th\u1eddi gian \u0111\u1ea7u c\u1ee7a qu\u00e1 tr\u00ecnh.<\/span><\/p>\n","protected":false},"excerpt":{"rendered":"<p>Gi\u01a1\u0301i thi\u00ea\u0323u r\u01b0\u01a1\u0323u vang Yali Reserva tr\u1eafng T\u00f4i y\u00eau v\u00e0 kh\u00e2m ph\u1ee5c c\u00e1i tinh t\u1ebf c\u1ee7a v\u0103n h\u00f3a Chile. Trong khi c\u00e1c qu\u1ed1c gia kh\u00e1c c\u1ed1 g\u1eafng t\u1ea1o ra ng\u00e0y c\u00e0ng nhi\u1ec1u s\u1ea3n ph\u1ea9m \u0111a d\u1ea1ng h\u01a1n, nhi\u1ec1u lo\u1ea1i r\u01b0\u1ee3u h\u01a1n, nhi\u1ec1u nh\u00e3n h\u00e0ng h\u01a1n th\u00ec v\u1edbi v\u0103n h\u00f3a r\u01b0\u1ee3u vang c\u1ee7a Chile, v\u1eabn ch\u1ec9 [&hellip;]<\/p>\n","protected":false},"featured_media":5323,"comment_status":"closed","ping_status":"closed","template":"","meta":[],"class_list":{"0":"post-5114","1":"product","2":"type-product","3":"status-publish","4":"has-post-thumbnail","6":"product_cat-ruou-vang-chile","7":"product_cat-ruou-vang-gia-re","9":"first","10":"instock","11":"shipping-taxable","12":"purchasable","13":"product-type-simple"},"_links":{"self":[{"href":"http:\/\/winelove.vn\/9xweb\/index.php?rest_route=\/wp\/v2\/product\/5114"}],"collection":[{"href":"http:\/\/winelove.vn\/9xweb\/index.php?rest_route=\/wp\/v2\/product"}],"about":[{"href":"http:\/\/winelove.vn\/9xweb\/index.php?rest_route=\/wp\/v2\/types\/product"}],"replies":[{"embeddable":true,"href":"http:\/\/winelove.vn\/9xweb\/index.php?rest_route=%2Fwp%2Fv2%2Fcomments&post=5114"}],"wp:featuredmedia":[{"embeddable":true,"href":"http:\/\/winelove.vn\/9xweb\/index.php?rest_route=\/wp\/v2\/media\/5323"}],"wp:attachment":[{"href":"http:\/\/winelove.vn\/9xweb\/index.php?rest_route=%2Fwp%2Fv2%2Fmedia&parent=5114"}],"curies":[{"name":"wp","href":"https:\/\/api.w.org\/{rel}","templated":true}]}}