{"id":5137,"date":"2019-01-20T15:15:12","date_gmt":"2019-01-20T08:15:12","guid":{"rendered":"http:\/\/winelove.vn\/9xweb\/?post_type=product&#038;p=5137"},"modified":"2023-05-08T22:48:17","modified_gmt":"2023-05-08T15:48:17","slug":"ruou-vang-kidia-classico-cabernet-sauvignon","status":"publish","type":"product","link":"http:\/\/winelove.vn\/9xweb\/?product=ruou-vang-kidia-classico-cabernet-sauvignon","title":{"rendered":"R\u01b0\u1ee3u Vang Kidia Classico Cabernet Sauvignon 5.4% ABV* &#8211; Vang Chile Gi\u00e1 T\u1ed1t"},"content":{"rendered":"<h2><span style=\"font-size: 18pt; color: #800000;\">Gi\u1edbi thi\u1ec7u r\u01b0\u1ee3u vang Kidia Classico Cabernet Sauvignon<\/span><span style=\"font-family: arial, helvetica, sans-serif; font-size: 12pt; color: #000000;\">:<\/span><\/h2>\n<p><span style=\"font-family: arial, helvetica, sans-serif; font-size: 12pt; color: #000000;\">R\u01b0\u1ee3u vang Chile \u0111\u01b0\u1ee3c bi\u1ebft \u0111\u1ebfn v\u1edbi nh\u1eefng d\u00f2ng r\u01b0\u1ee3u vang sang tr\u1ecdng, h\u1ea5p d\u1eabn t\u1eeb m\u00e0u s\u1eafc , di\u1ec7n m\u1ea1o cho t\u1edbi h\u01b0\u01a1ng v\u1ecb \u0111\u1eadm s\u00e2u. \u0110\u1ec3 r\u01b0\u1ee3u vang Chile c\u00f3 \u0111\u01b0\u1ee3c v\u1ecb th\u1ebf v\u1eefng ch\u1eafc nh\u01b0 ng\u00e0y h\u00f4m nay trong gi\u1edbi m\u1ed9 \u0111\u1ea1o, c\u0169ng nh\u01b0 trong l\u00f2ng ng\u01b0\u1eddi \u0111am m\u00ea r\u01b0\u1ee3u vang tr\u00ean to\u00e0n th\u1ebf gi\u1edbi, nh\u1eefng ng\u01b0\u1eddi th\u1ee3 d\u00e0y d\u1eb7n kinh nghi\u1ec7m \u0111\u00e3 gi\u00e0nh c\u1ea3 cu\u1ed9c \u0111\u1eddi \u0111\u1ec3 khai sinh nh\u1eefng chai r\u01b0\u1ee3u vang c\u00f3 ch\u1ea5t l\u01b0\u1ee3ng tuy\u1ec7t h\u1ea3o. B\u00ean c\u1ea1nh r\u01b0\u1ee3u vang \u00dd, Ph\u00e1p, T\u00e2y Ban Nha, <a href=\"http:\/\/winelove.vn\/9xweb\/danh-muc\/ruou-vang-chile\/\">r\u01b0\u1ee3u vang Chile<\/a> c\u0169ng \u0111\u1ed3ng th\u1eddi nh\u1eadn \u0111\u01b0\u1ee3c nh\u1eefng l\u1eddi \u0111\u00e1nh gi\u00e1 t\u00edch c\u1ef1c t\u1eeb ph\u00eda c\u00e1c chuy\u00ean gia v\u1ec1 h\u01b0\u01a1ng v\u1ecb tuy\u1ec7t v\u1eddi \u0111\u1ebfn \u0111\u1ed9 l\u00e0m cho ng\u01b0\u1eddi th\u01b0\u1edfng th\u1ee9c say m\u00ea t\u1eeb l\u1ea7n ch\u1ea1m m\u00f4i \u0111\u1ea7u ti\u00ean. <\/span><\/p>\n<p><span style=\"font-family: arial, helvetica, sans-serif; font-size: 12pt; color: #000000;\">V\u1edbi vi\u1ec7c l\u1ef1a ch\u1ecdn nh\u1eefng tr\u00e1i nho Cabernet Sauvignon ho\u00e0n h\u1ea3o nh\u1ea5t c\u1ee7a nh\u1eefng v\u01b0\u1eddn nho ho\u00e0n h\u1ea3o nh\u1ea5t, r\u01b0\u1ee3u vang Chile \u0111em l\u1ea1i h\u01b0\u01a1ng v\u1ecb ho\u00e0n h\u1ea3o cho v\u1ecb gi\u00e1c, c\u00f9ng nh\u1eefng x\u00fac c\u1ea3m m\u00e3nh li\u1ec7t \u0111\u01b0\u1ee3c k\u1ebft tinh t\u1eeb d\u01b0 v\u1ecb d\u00e0i l\u00e2u.<\/span><\/p>\n<p><span style=\"font-family: arial, helvetica, sans-serif; font-size: 12pt; color: #000000;\">R\u01b0\u1ee3u vang Kidia Classico Cabernet Sauvignon \u0111\u01b0\u1ee3c l\u00e0m t\u1eeb 100% gi\u1ed1ng nho n\u00f3 mang t\u00ean &#8211; Cabernet Sauvignon \u0111\u01b0\u1ee3c tuy\u1ec3n ch\u1ecdn \u0111\u01b0\u1ee3c tr\u1ed3ng \u1edf thung l\u0169ng Maule thu\u1ed9c Chi l\u00ea. Gi\u1ed1ng nho n\u00e0y kh\u00f4ng ch\u1ec9 l\u00e0 ni\u1ec1m t\u1ef1 h\u00e0o c\u1ee7a \u0111\u1ea5t n\u01b0\u1edbc Chile m\u00e0 c\u00f2n n\u1ed5i danh t\u1ea1i nhi\u1ec1u th\u00e1nh \u0111\u1ecba r\u01b0\u1ee3u vang tr\u00ean th\u1ebf gi\u1edbi.<\/span><\/p>\n<p>&nbsp;<\/p>\n<h2><span style=\"font-size: 18pt; color: #800000;\">\u0110\u1eb7c \u0111i\u1ec3m vang Chile Kidia Classico Cabernet Sauvignon<\/span><\/h2>\n<p><span style=\"font-family: arial, helvetica, sans-serif; font-size: 12pt; color: #000000;\">R\u01b0\u1ee3u vang Kidia Classico Cabernet Sauvignon c\u00f3 m\u00e0u \u0111\u1ecf ruby l\u1ea1nh, h\u00f2a c\u00f9ng m\u00e0u t\u00edm s\u00e2u, t\u1ea1o n\u00ean di\u1ec7n m\u1ea1o \u1ea5n t\u01b0\u1ee3ng v\u1eeba hi\u1ec7n \u0111\u1ea1i t\u1ebb trung, v\u1eeba sang tr\u1ecdng qu\u00ed ph\u00e1i. Chai r\u01b0\u1ee3u c\u00f3 dung t\u00edch 750ml \u0111\u01b0\u1ee3c thi\u1ebft k\u1ebf \u0111\u01a1n gi\u1ea3n nh\u01b0ng v\u00f4 c\u00f9ng tinh t\u1ebf. R\u01b0\u1ee3u c\u00f3 n\u1ed3ng \u0111\u1ed9 l\u00e0 13.5%. Kidia Classico Cabernet Sauvignon \u0111\u01b0\u1ee3c \u0111\u00e1nh gi\u00e1 l\u00e0 c\u00f3 c\u1ea5u tr\u00fac thanh l\u1ecbch v\u00e0 b\u1ec1n ch\u1eb7t. C\u1ea3m quan \u0111\u1ea7u ti\u00ean khi th\u1eed m\u1ed9t ng\u1ee5m r\u01b0\u1ee3u vang l\u00e0 h\u01b0\u01a1ng v\u1ecb tr\u00e1i c\u00e2y v\u1ecf \u0111\u1ecf n\u1ed3ng n\u00e0n m\u01b0\u1ee3t m\u00e0. C\u00f9ng c\u00e1c gia v\u1ecb \u0111\u01b0\u1ee3c c\u00e2n b\u1eb1ng \u0111\u1ebfn \u0111\u1ed9 ho\u00e0n h\u1ea3o, Kidia Classico k\u1ebft th\u00fac b\u1ea3n h\u00f2a ca h\u01b0\u01a1ng v\u1ecb b\u1eb1ng v\u1ecb ch\u00e1t nh\u1eb9 t\u1ea1o n\u00ean d\u01b0 \u00e2m s\u00e2u s\u1eafc trong l\u00f2ng ng\u01b0\u1eddi th\u01b0\u1edfng th\u1ee9c.<\/span><\/p>\n<p><span style=\"font-family: arial, helvetica, sans-serif; font-size: 12pt; color: #000000;\">R\u01b0\u1ee3u vang Kidia Classico Cabernet Sauvignon c\u00f3 th\u1ec3 c\u00f9ng k\u1ebft h\u1ee3p v\u1edbi nhi\u1ec1u lo\u1ea1i th\u1ef1c ph\u1ea9m. \u0110\u1eb7c bi\u1ec7t ni\u1ec1m t\u1ef1 h\u00e0o c\u1ee7a r\u01b0\u1ee3u vang Chile \u0111\u1eb7c bi\u1ec7t ph\u00f9 h\u1ee3p v\u1edbi \u00a0th\u1ecbt \u0111\u1ecf \u0111\u1eadm, hay nh\u1eefng th\u1ef1c ph\u1ea9m ch\u1ee9a nhi\u1ec1u \u0111\u1ea1m nh\u01b0 th\u1ecbt b\u00f2. R\u01b0\u1ee3u vang Kidia Classico Cabernet Sauvignon c\u00f3 n\u1ed3ng \u0111\u1ed9 l\u00e0 13.5% \u0111\u01b0\u1ee3c xem l\u00e0 kh\u00e1 nh\u1eb9 nh\u00e0ng v\u00e0 ph\u00f9 h\u1ee3p v\u1edbi nhi\u1ec1u \u0111\u1ed1i t\u01b0\u1ee3ng th\u01b0\u1edfng th\u1ee9c, k\u1ec3 c\u1ea3 \u0111\u1ed1i v\u1edbi nh\u1eefng ng\u01b0\u1eddi m\u1edbi l\u00e0m quen v\u1edbi r\u01b0\u1ee3u vang.<\/span><\/p>\n<p>&nbsp;<\/p>\n<h2><span style=\"font-size: 18pt; color: #800000;\">Quy tr\u00ecnh s\u1ea3n xu\u1ea5t r\u01b0\u1ee3u vang \u0111\u1ecf Kidia Classico Cabernet Sauvignon<\/span><\/h2>\n<p><span style=\"font-family: arial, helvetica, sans-serif; font-size: 12pt; color: #000000;\">Nh\u1eefng tr\u00e1i nho Carbernet Sauvignon c\u00f3 xu\u1ea5t x\u1ee9 t\u1eeb nh\u1eefng v\u01b0\u1eddn nho thu\u1ed9c thung l\u0169ng Maule c\u00f3 ni\u00ean \u0111\u1ea1i l\u00e2u n\u0103m v\u00e0 c\u00f3 ch\u1ebf \u0111\u1ed9 ch\u0103m s\u00f3c \u0111\u1eb7c bi\u1ec7t, khi ch\u00fang \u0111\u1ea1t \u0111\u1ebfn \u0111\u1ed9 ho\u00e0n h\u1ea3o v\u1ec1 ch\u1ea5t l\u01b0\u1ee3ng s\u1ebd \u0111\u01b0\u1ee3c l\u1ef1a ch\u1ecdn \u0111\u1ec3 s\u1ea3n xu\u1ea5t r\u01b0\u1ee3u vang \u0111\u1ecf Kidia Classico. Ch\u00ednh v\u00ec t\u1ea7m quan tr\u1ecdng c\u1ee7a nguy\u00ean li\u1ec7u, gi\u1ed1ng nho tr\u1edf th\u00e0nh m\u1ed9t ph\u1ea7n t\u00ean g\u1ecdi c\u1ee7a Kidia Classico. Nh\u1eefng tr\u00e1i nho th\u01a1m ngon \u0111\u01b0\u1ee3c thu ho\u1ea1ch b\u1eb1ng ph\u01b0\u01a1ng th\u1ee9c th\u1ee7 c\u00f4ng h\u1ebft s\u1ee9c c\u1ea9n th\u1eadn, t\u1ec9 m\u1ec9 nh\u01b0 c\u00e1ch m\u00e0 c\u00e1c nh\u00e0 r\u01b0\u1ee3u Chile g\u00ecn gi\u1eef th\u01b0\u01a1ng hi\u1ec7u v\u00e0 h\u01b0\u01a1ng v\u1ecb c\u1ee7a nh\u1eefng d\u00f2ng r\u01b0\u1ee3u vang \u0111\u00e1ng t\u1ef1 h\u00e0o. <\/span><\/p>\n<p><span style=\"font-family: arial, helvetica, sans-serif; font-size: 12pt; color: #000000;\">Nho sau khi \u0111\u01b0\u1ee3c s\u01a1 ch\u1ebf s\u1ebd \u0111\u01b0\u1ee3c \u0111em \u0111i \u00e9p l\u1ea5y n\u01b0\u1edbc v\u00e0 tr\u1ea3i qua qu\u00e1 tr\u00ecnh l\u00ean men d\u01b0\u1edbi s\u1ef1 gi\u00e1m s\u00e1t nghi\u00eam ng\u1eb7t. Cu\u1ed1i c\u00f9ng, r\u01b0\u1ee3u s\u1ebd \u0111\u01b0\u1ee3c \u1ee7 trong nh\u1eefng th\u00f9ng g\u1ed7 s\u1ed3i Ph\u00e1p trong m\u1ed9t kho\u1ea3ng th\u1eddi gian 12 th\u00e1ng tr\u01b0\u1edbc khi \u0111\u1ebfn v\u1edbi ng\u01b0\u1eddi th\u01b0\u1edfng th\u1ee9c tr\u00ean to\u00e0n th\u1ebf gi\u1edbi.<\/span><\/p>\n","protected":false},"excerpt":{"rendered":"<p>Gi\u1edbi thi\u1ec7u r\u01b0\u1ee3u vang Kidia Classico Cabernet Sauvignon: R\u01b0\u1ee3u vang Chile \u0111\u01b0\u1ee3c bi\u1ebft \u0111\u1ebfn v\u1edbi nh\u1eefng d\u00f2ng r\u01b0\u1ee3u vang sang tr\u1ecdng, h\u1ea5p d\u1eabn t\u1eeb m\u00e0u s\u1eafc , di\u1ec7n m\u1ea1o cho t\u1edbi h\u01b0\u01a1ng v\u1ecb \u0111\u1eadm s\u00e2u. \u0110\u1ec3 r\u01b0\u1ee3u vang Chile c\u00f3 \u0111\u01b0\u1ee3c v\u1ecb th\u1ebf v\u1eefng ch\u1eafc nh\u01b0 ng\u00e0y h\u00f4m nay trong gi\u1edbi m\u1ed9 \u0111\u1ea1o, c\u0169ng nh\u01b0 [&hellip;]<\/p>\n","protected":false},"featured_media":5347,"comment_status":"closed","ping_status":"closed","template":"","meta":[],"class_list":{"0":"post-5137","1":"product","2":"type-product","3":"status-publish","4":"has-post-thumbnail","6":"product_cat-ruou-vang-chile","7":"product_cat-ruou-vang-gia-re","9":"first","10":"instock","11":"shipping-taxable","12":"purchasable","13":"product-type-simple"},"_links":{"self":[{"href":"http:\/\/winelove.vn\/9xweb\/index.php?rest_route=\/wp\/v2\/product\/5137"}],"collection":[{"href":"http:\/\/winelove.vn\/9xweb\/index.php?rest_route=\/wp\/v2\/product"}],"about":[{"href":"http:\/\/winelove.vn\/9xweb\/index.php?rest_route=\/wp\/v2\/types\/product"}],"replies":[{"embeddable":true,"href":"http:\/\/winelove.vn\/9xweb\/index.php?rest_route=%2Fwp%2Fv2%2Fcomments&post=5137"}],"wp:featuredmedia":[{"embeddable":true,"href":"http:\/\/winelove.vn\/9xweb\/index.php?rest_route=\/wp\/v2\/media\/5347"}],"wp:attachment":[{"href":"http:\/\/winelove.vn\/9xweb\/index.php?rest_route=%2Fwp%2Fv2%2Fmedia&parent=5137"}],"curies":[{"name":"wp","href":"https:\/\/api.w.org\/{rel}","templated":true}]}}