{"id":5823,"date":"2019-08-08T13:52:41","date_gmt":"2019-08-08T06:52:41","guid":{"rendered":"http:\/\/winelove.vn\/9xweb\/?post_type=product&#038;p=5823"},"modified":"2023-05-08T22:57:14","modified_gmt":"2023-05-08T15:57:14","slug":"ruou-vang-portia-roble","status":"publish","type":"product","link":"http:\/\/winelove.vn\/9xweb\/?product=ruou-vang-portia-roble","title":{"rendered":"R\u01b0\u1ee3u vang Portia Roble 5.4% ABV* &#8211; GI\u00c1 S\u1ed0C NH\u1ea4T H\u00c0 N\u1ed8I"},"content":{"rendered":"<p><span style=\"font-family: arial, helvetica, sans-serif; font-size: 12pt;\"><a href=\"http:\/\/winelove.vn\/9xweb\/danh-muc\/ruou-vang-tay-ban-nha\/\"><strong>T\u00e2y Ban Nha<\/strong><\/a> \u0111\u01b0\u1ee3c bi\u1ebft \u0111\u1ebfn l\u00e0 m\u1ed9t qu\u1ed1c gia c\u00f3 n\u1ec1n v\u0103n h\u00f3a r\u01b0\u1ee3u vang kh\u00e1 l\u00e2u \u0111\u1eddi ch\u1ec9 \u0111\u1ee9ng sau m\u1ed9t s\u1ed1 n\u01b0\u1edbc l\u1edbn nh\u01b0 Ph\u00e1p, M\u1ef9\u2026Nh\u1eefng chai vang c\u00f3 xu\u1ea5t s\u1ee9 t\u1eeb qu\u1ed1c gia n\u00e0y \u0111\u1ec1u mang nh\u1eefng phong c\u00e1ch ri\u00eang v\u00f4 c\u00f9ng \u0111\u1ed9c \u0111\u00e1o. V\u00e0 r\u01b0\u1ee3u vang Portia Roble l\u00e0 chai vang ti\u00eau bi\u1ec3u \u0111\u01b0\u1ee3c l\u00e0m n\u00ean t\u1eeb gi\u1ed1ng nho Tempranillo mang n\u1ed3ng \u0111\u1ed9 14%.<\/span><\/p>\n<p><img loading=\"lazy\" decoding=\"async\" class=\"aligncenter size-full wp-image-6119\" src=\"http:\/\/winelove.vn\/9xweb\/wp-content\/uploads\/2019\/07\/R\u01b0\u1ee3u-vang-Portia-Roble-1.jpg\" alt=\"R\u01b0\u1ee3u vang Portia Roble\" width=\"600\" height=\"600\" srcset=\"http:\/\/winelove.vn\/9xweb\/wp-content\/uploads\/2019\/07\/R\u01b0\u1ee3u-vang-Portia-Roble-1.jpg 600w, http:\/\/winelove.vn\/9xweb\/wp-content\/uploads\/2019\/07\/R\u01b0\u1ee3u-vang-Portia-Roble-1-150x150.jpg 150w, http:\/\/winelove.vn\/9xweb\/wp-content\/uploads\/2019\/07\/R\u01b0\u1ee3u-vang-Portia-Roble-1-300x300.jpg 300w, http:\/\/winelove.vn\/9xweb\/wp-content\/uploads\/2019\/07\/R\u01b0\u1ee3u-vang-Portia-Roble-1-45x45.jpg 45w, http:\/\/winelove.vn\/9xweb\/wp-content\/uploads\/2019\/07\/R\u01b0\u1ee3u-vang-Portia-Roble-1-100x100.jpg 100w\" sizes=\"(max-width: 600px) 100vw, 600px\" \/><\/p>\n<h2><strong><span style=\"font-family: arial, helvetica, sans-serif; font-size: 14pt;\">Gi\u00e1 r\u01b0\u1ee3u vang Portia Roble<\/span><\/strong><\/h2>\n<p><span style=\"font-family: arial, helvetica, sans-serif; font-size: 12pt;\">M\u1ed9t chai vang mu\u1ed1n c\u00f3 \u0111\u01b0\u1ee3c s\u1ee9c ti\u00eau th\u1ee5 l\u1edbn tr\u00ean th\u1ecb tr\u01b0\u1eddng th\u00ec chai vang \u0111\u00f3 ph\u1ea3i \u0111\u1ea3m b\u1ea3o \u0111\u01b0\u1ee3c \u0111\u1ea7y \u0111\u1ee7 c\u00e1c y\u1ebfu t\u1ed1 nh\u01b0 v\u1ec1 ch\u1ea5t l\u01b0\u1ee3ng c\u0169ng nh\u01b0 gi\u00e1 c\u1ea3.<\/span><\/p>\n<p><span style=\"font-family: arial, helvetica, sans-serif; font-size: 12pt;\">R\u01b0\u1ee3u vang Portia Roble v\u1edbi m\u1ee9c gi\u00e1 380.000 \u0111\u1ed3ng\/ chai s\u1ebd tr\u1edf th\u00e0nh s\u1ef1 l\u1ef1a ch\u1ecdn c\u1ee7a nhi\u1ec1u \u0111\u1ed1i t\u01b0\u1ee3ng th\u01b0\u1edfng th\u1ee9c. \u0110\u00e2y l\u00e0 m\u1ed9t m\u1ee9c gi\u00e1 r\u1ea5t \u0111\u1ea1i tr\u00e0 ph\u00f9 h\u1ee3p \u0111\u01b0\u1ee3c v\u1edbi t\u00fai ti\u1ec1n c\u1ee7a nhi\u1ec1u ng\u01b0\u1eddi d\u00f9ng r\u01b0\u1ee3u.<\/span><\/p>\n<h2><strong><span style=\"font-family: arial, helvetica, sans-serif; font-size: 14pt;\">Gi\u1edbi thi\u1ec7u v\u1ec1 r\u01b0\u1ee3u vang Portia Roble<\/span><\/strong><\/h2>\n<p><span style=\"font-family: arial, helvetica, sans-serif; font-size: 12pt;\">Bodegas Portia l\u00e0 m\u1ed9t nh\u00e0 s\u1ea3n xu\u1ea5t r\u01b0\u1ee3u vang l\u1eebng danh c\u1ee7a \u0111\u1ea5t n\u01b0\u1edbc T\u00e2y Ban Nha \u0111\u00e3 mang \u0111\u1ebfn cho h\u1ec7 th\u1ed1ng r\u01b0\u1ee3u vang nh\u00e2n lo\u1ea1i nh\u1eefng chai vang ho\u00e0n h\u1ea3o \u0111\u1eb3ng c\u1ea5p nh\u1ea5t.<\/span><\/p>\n<p><span style=\"font-family: arial, helvetica, sans-serif; font-size: 12pt;\">Ribera Del Duero l\u00e0 m\u1ed9t v\u00f9ng s\u1ea3n xu\u1ea5t r\u01b0\u1ee3u vang ti\u00eau bi\u1ec3u \u0111\u01b0\u1ee3c nh\u00e0 s\u1ea3n xu\u1ea5t l\u1ef1a ch\u1ecdn \u0111\u1ec3 h\u00ecnh th\u00e0nh n\u00ean nhi\u1ec1u d\u00f2ng vang t\u1eeb b\u00ecnh d\u00e2n \u0111\u1ea1i tr\u00e0 \u0111\u1ebfn cao c\u1ea5p th\u01b0\u1ee3ng h\u1ea1ng t\u1ea1i n\u01a1i \u0111\u00e2y. <strong>R\u01b0\u1ee3u vang Portia Roble<\/strong> c\u0169ng ch\u00ednh l\u00e0 m\u1ed9t trong s\u1ed1 \u0111\u00f3.<\/span><\/p>\n<h2><strong><span style=\"font-family: arial, helvetica, sans-serif; font-size: 14pt;\">\u0110\u1eb7c \u0111i\u1ec3m c\u1ee7a r\u01b0\u1ee3u vang Portia Roble<\/span><\/strong><\/h2>\n<p><span style=\"font-family: arial, helvetica, sans-serif; font-size: 12pt;\">Tempranillo \u0111\u01b0\u1ee3c nh\u00e0 s\u1ea3n xu\u1ea5t l\u1ef1a ch\u1ecdn l\u00e0m nguy\u00ean li\u1ec7u c\u01a1 b\u1ea3n cho qu\u00e1 tr\u00ecnh s\u1ea3n xu\u1ea5t n\u00ean nh\u1eefng chai vang Portia Roble n\u00e0y. \u0110\u00e2y l\u00e0 gi\u1ed1ng nho \u0111\u1eb7c tr\u01b0ng c\u1ee7a v\u00f9ng tr\u1ed3ng nho \u0111\u1ec3 mang \u0111\u1ebfn h\u01b0\u01a1ng v\u1ecb nho \u0111\u1eadm \u0111\u00e0 tinh t\u1ebf l\u00e0m n\u00ean h\u01b0\u01a1ng v\u1ecb c\u1ee7a r\u01b0\u1ee3u vang.<\/span><\/p>\n<p><span style=\"font-family: arial, helvetica, sans-serif; font-size: 12pt;\">Ngay t\u1eeb l\u1ea7n \u0111\u1ea7u ti\u00ean nh\u1ea5p m\u00f4i ly r\u01b0\u1ee3u, b\u1ea1n s\u1ebd c\u1ea3m nh\u1eadn \u0111\u01b0\u1ee3c m\u1ed9t d\u01b0 v\u1ecb tuy\u1ec7t v\u1eddi ho\u00e0n h\u1ea3o c\u00f3 trong n\u00f3. \u0110\u00f3 l\u00e0 h\u01b0\u01a1ng th\u01a1m c\u1ee7a m\u00f9i b\u00e1nh m\u00ec n\u01b0\u1edbng v\u00e0 c\u00f3 s\u1ef1 xu\u1ea5t hi\u1ec7n m\u1ed9t ch\u00fat h\u01b0\u01a1ng th\u01a1m b\u1edfi th\u00e2n c\u00e2y g\u1ed7 s\u1ed3i\u2026\u0111\u1ec3 mang \u0111\u1ebfn m\u1ed9t d\u1ef1 v\u1ecb ho\u00e0n h\u1ea3o c\u00f3 trong r\u01b0\u1ee3u.<\/span><\/p>\n<p><span style=\"font-family: arial, helvetica, sans-serif; font-size: 12pt;\">N\u1ed3ng \u0111\u1ed9 14%, b\u1ea1n s\u1ebd kh\u00f4ng ng\u1eebng tr\u1ea7m tr\u1ed3 khen ng\u1ee3i ch\u00fang b\u1edfi m\u1ed9t phong c\u00e1ch r\u01b0\u1ee3u h\u1ebft s\u1ee9c ri\u00eang \u0111\u1ed9c \u0111\u00e1o.<\/span><\/p>\n<h2><strong><span style=\"font-family: arial, helvetica, sans-serif; font-size: 14pt;\">Quy tr\u00ecnh s\u1ea3n xu\u1ea5t r\u01b0\u1ee3u vang Portia Roble<\/span><\/strong><\/h2>\n<p><span style=\"font-family: arial, helvetica, sans-serif; font-size: 12pt;\">\u0110\u1ec3 t\u1ea1o n\u00ean m\u1ed9t d\u00f2ng vang c\u00f3 m\u00e0u \u0111\u1ecf t\u01b0\u01a1i pha ch\u00fat \u00e1nh t\u00edm th\u00ec r\u01b0\u1ee3u \u0111\u00e3 ph\u1ea3i tr\u1ea3i qua m\u1ed9t quy tr\u00ecnh s\u1ea3n xu\u1ea5t kh\u00e1 t\u1ec9 m\u1ec9. Nho sau khi \u0111\u01b0\u1ee3c thu ho\u1ea1ch ch\u00fang s\u1ebd \u0111\u01b0\u1ee3c mang v\u1ec1 nh\u00e0 m\u00e1y \u0111\u1ec3 ch\u1ecdn l\u1ecdc c\u1ea9n th\u1eadn, s\u01a1 ch\u1ebf v\u00e0 \u00e9p l\u1ea5y n\u01b0\u1edbc nho. Ti\u1ebfp \u0111\u1ebfn ng\u01b0\u1eddi ta mang nho \u1ee7 trong th\u00f9ng g\u1ed7 s\u1ed3i kho\u1ea3ng 4 th\u00e1ng r\u1ed3i m\u1edbi mang ra \u0111\u00f3ng chai b\u00e1n ra th\u1ecb tr\u01b0\u1eddng ti\u00eau th\u1ee5.<\/span><\/p>\n<p><span style=\"font-family: arial, helvetica, sans-serif; font-size: 12pt;\">T\u1ea5t c\u1ea3 c\u00e1c c\u00f4ng \u0111o\u1ea1n c\u1ee7a quy tr\u00ecnh s\u1ea3n xu\u1ea5t r\u01b0\u1ee3u vang \u0111\u1ec1u di\u1ec5n ra h\u1ebft s\u1ee9c t\u1ec9 m\u1ec9 d\u01b0\u1edbi s\u1ef1 ki\u1ec3m so\u00e1t kh\u00e1 ch\u1eb7t ch\u1ebd c\u1ee7a nh\u00e0 s\u1ea3n xu\u1ea5t \u0111\u1ec3 l\u00e0m n\u00ean s\u1ef1 th\u00e0nh c\u00f4ng c\u00f3 trong r\u01b0\u1ee3u vang.<\/span><\/p>\n<h2><strong><span style=\"font-family: arial, helvetica, sans-serif; font-size: 14pt;\">Th\u01b0\u1edfng th\u1ee9c r\u01b0\u1ee3u vang Portia Roble<\/span><\/strong><\/h2>\n<p><span style=\"font-family: arial, helvetica, sans-serif; font-size: 12pt;\">Ngh\u1ec7 thu\u1eadt th\u01b0\u1edfng th\u1ee9c r\u01b0\u1ee3u vang l\u00e0 m\u1ed9t trong s\u1ed1 nh\u1eefng ngh\u1ec7 thu\u1eadt \u0111\u1ec9nh cao m\u00e0 kh\u00f4ng ph\u1ea3i ai c\u0169ng c\u00f3 kh\u1ea3 n\u0103ng l\u0129nh h\u1ed9i cho m\u00ecnh m\u1ed9t ngh\u1ec7 thu\u1eadt nh\u01b0 v\u1eady.<\/span><\/p>\n<p><span style=\"font-family: arial, helvetica, sans-serif; font-size: 12pt;\">Khi th\u01b0\u1edfng th\u1ee9c vang Portia Roble b\u1ea1n n\u00ean s\u1eed d\u1ee5ng ch\u00fang \u0111\u1ec3 \u0103n k\u00e8m c\u00f9ng v\u1edbi m\u1ed9t s\u1ed1 m\u00f3n \u0103n c\u01a1 b\u1ea3n nh\u01b0: C\u00e1c lo\u1ea1i th\u1ecbt \u0111\u1ecf ch\u1ebf bi\u1ebfn, th\u1ecbt b\u00f2, th\u1ecbt c\u1eebu hay nh\u1eefng m\u00f3n salad\u2026<\/span><\/p>\n<p><span style=\"font-family: arial, helvetica, sans-serif; font-size: 12pt;\">M\u1ed9t l\u1eddi khuy\u00ean d\u00e0nh cho c\u00e1c b\u1ea1n \u0111\u00f3 ch\u00ednh l\u00e0 n\u00ean d\u00f9ng r\u01b0\u1ee3u khi ch\u00fang \u1edf 16 \u0111\u1ebfn 18 \u0111\u1ed9.<\/span><\/p>\n","protected":false},"excerpt":{"rendered":"<p>T\u00e2y Ban Nha \u0111\u01b0\u1ee3c bi\u1ebft \u0111\u1ebfn l\u00e0 m\u1ed9t qu\u1ed1c gia c\u00f3 n\u1ec1n v\u0103n h\u00f3a r\u01b0\u1ee3u vang kh\u00e1 l\u00e2u \u0111\u1eddi ch\u1ec9 \u0111\u1ee9ng sau m\u1ed9t s\u1ed1 n\u01b0\u1edbc l\u1edbn nh\u01b0 Ph\u00e1p, M\u1ef9\u2026Nh\u1eefng chai vang c\u00f3 xu\u1ea5t s\u1ee9 t\u1eeb qu\u1ed1c gia n\u00e0y \u0111\u1ec1u mang nh\u1eefng phong c\u00e1ch ri\u00eang v\u00f4 c\u00f9ng \u0111\u1ed9c \u0111\u00e1o. V\u00e0 r\u01b0\u1ee3u vang Portia Roble l\u00e0 chai [&hellip;]<\/p>\n","protected":false},"featured_media":6118,"comment_status":"closed","ping_status":"closed","template":"","meta":[],"class_list":{"0":"post-5823","1":"product","2":"type-product","3":"status-publish","4":"has-post-thumbnail","6":"product_cat-ruou-vang-tay-ban-nha","8":"first","9":"instock","10":"shipping-taxable","11":"purchasable","12":"product-type-simple"},"_links":{"self":[{"href":"http:\/\/winelove.vn\/9xweb\/index.php?rest_route=\/wp\/v2\/product\/5823"}],"collection":[{"href":"http:\/\/winelove.vn\/9xweb\/index.php?rest_route=\/wp\/v2\/product"}],"about":[{"href":"http:\/\/winelove.vn\/9xweb\/index.php?rest_route=\/wp\/v2\/types\/product"}],"replies":[{"embeddable":true,"href":"http:\/\/winelove.vn\/9xweb\/index.php?rest_route=%2Fwp%2Fv2%2Fcomments&post=5823"}],"wp:featuredmedia":[{"embeddable":true,"href":"http:\/\/winelove.vn\/9xweb\/index.php?rest_route=\/wp\/v2\/media\/6118"}],"wp:attachment":[{"href":"http:\/\/winelove.vn\/9xweb\/index.php?rest_route=%2Fwp%2Fv2%2Fmedia&parent=5823"}],"curies":[{"name":"wp","href":"https:\/\/api.w.org\/{rel}","templated":true}]}}