{"id":5856,"date":"2019-07-30T23:59:56","date_gmt":"2019-07-30T16:59:56","guid":{"rendered":"http:\/\/winelove.vn\/9xweb\/?post_type=product&#038;p=5856"},"modified":"2022-10-31T22:05:21","modified_gmt":"2022-10-31T15:05:21","slug":"ruou-vang-glenelly-estate-reserve-chardonnay","status":"publish","type":"product","link":"http:\/\/winelove.vn\/9xweb\/?product=ruou-vang-glenelly-estate-reserve-chardonnay","title":{"rendered":"R\u01b0\u1ee3u vang Glenelly Estate Reserve Chardonnay 5.4% ABV*"},"content":{"rendered":"<p><strong>R\u01b0\u1ee3u vang Glenelly Estate Reserve Chardonnay<\/strong> l\u00e0 d\u00f2ng vang tr\u1eafng \u0111\u1ec3 l\u1ea1i d\u1ea5u \u1ea5m \u0111\u1eadm s\u00e2u trong l\u00f2ng ng\u01b0\u1eddi th\u01b0\u1edfng th\u1ee9c vang. R\u01b0\u1ee3u c\u00f3 ngu\u1ed3n g\u1ed1c t\u1ea1i Nam Phi, \u0111\u01b0\u1ee3c l\u00e0m t\u1eeb gi\u1ed1ng nho Chardonnay, 13 % ch\u00ednh l\u00e0 n\u1ed3ng \u0111\u1ed9 c\u1ed3n c\u1ee7a d\u00f2ng r\u01b0\u1ee3u vang n\u00e0y.<\/p>\n<p><img loading=\"lazy\" decoding=\"async\" class=\"aligncenter size-full wp-image-5998\" src=\"http:\/\/winelove.vn\/9xweb\/wp-content\/uploads\/2019\/07\/R\u01b0\u1ee3u-vang-Glenelly-Estate-Reserve-Chardonnay-1.jpg\" alt=\"R\u01b0\u1ee3u vang Glenelly Estate Reserve Chardonnay\" width=\"600\" height=\"600\" srcset=\"http:\/\/winelove.vn\/9xweb\/wp-content\/uploads\/2019\/07\/R\u01b0\u1ee3u-vang-Glenelly-Estate-Reserve-Chardonnay-1.jpg 600w, http:\/\/winelove.vn\/9xweb\/wp-content\/uploads\/2019\/07\/R\u01b0\u1ee3u-vang-Glenelly-Estate-Reserve-Chardonnay-1-150x150.jpg 150w, http:\/\/winelove.vn\/9xweb\/wp-content\/uploads\/2019\/07\/R\u01b0\u1ee3u-vang-Glenelly-Estate-Reserve-Chardonnay-1-300x300.jpg 300w, http:\/\/winelove.vn\/9xweb\/wp-content\/uploads\/2019\/07\/R\u01b0\u1ee3u-vang-Glenelly-Estate-Reserve-Chardonnay-1-45x45.jpg 45w, http:\/\/winelove.vn\/9xweb\/wp-content\/uploads\/2019\/07\/R\u01b0\u1ee3u-vang-Glenelly-Estate-Reserve-Chardonnay-1-100x100.jpg 100w\" sizes=\"(max-width: 600px) 100vw, 600px\" \/><\/p>\n<h2><strong><span style=\"font-size: 14pt;\">Gi\u00e1 r\u01b0\u1ee3u vang Glenelly Estate Reserve Chardonnay<\/span><\/strong><\/h2>\n<p>\u0110\u1ec3 \u0111\u01b0\u1ee3c ng\u01b0\u1eddi ti\u00eau d\u00f9ng l\u1ef1a ch\u1ecdn ngo\u00e0i vi\u1ec7c s\u1ea3n ph\u1ea9m b\u00e1n ra ph\u1ea3i c\u00f3 ch\u1ea5t l\u01b0\u1ee3ng th\u00ec s\u1ea3n ph\u1ea9m \u0111\u00f3 c\u00f2n ph\u1ea3i \u0111\u1ea3m b\u1ea3o c\u00f3 gi\u00e1 th\u00e0nh ph\u00f9 h\u1ee3p v\u1edbi t\u00fai ti\u1ec1n c\u1ee7a kh\u00e1ch h\u00e0ng. Glenelly Estate Reserve Chardonnay l\u00e0 d\u00f2ng vang \u0111\u00e1p \u1ee9ng \u0111\u01b0\u1ee3c hai ti\u00eau ch\u00ed tr\u00ean,ch\u1ec9 v\u1edbi s\u1ed1 ti\u1ec1n kho\u1ea3ng 610.000 \u0111\u1ed3ng\/chai b\u1ea1n s\u1ebd tr\u1edf th\u00e0nh ch\u1ee7 s\u1edf h\u1eefu c\u00f9a chai vang n\u00e0y.<\/p>\n<h2><strong><span style=\"font-size: 14pt;\">Gi\u1edbi thi\u1ec7u v\u1ec1 r\u01b0\u1ee3u vang Glenelly Estate Reserve Chardonnay<\/span><\/strong><\/h2>\n<p>Kh\u00f4ng c\u1ea7n qu\u00e1 sang tr\u1ecdng v\u00e0 \u0111\u1eb3ng c\u1ea5p tuy nhi\u00ean t\u1eeb khi xu\u1ea5t hi\u1ec7n tr\u00ean th\u1ecb tr\u01b0\u1eddng<strong>\u00a0Glenelly Estate Reserve Chardonnay<\/strong> lu\u00f4n c\u00f3 kh\u1ea3 n\u0103ng \u0103n s\u00e2u v\u00e0o l\u00f2ng ng\u01b0\u1eddi l\u00e0m rung \u0111\u1ed9ng bi\u1ebft bao tr\u00e1i tim c\u1ee7a ng\u01b0\u1eddi chu\u1ed9ng vang.<\/p>\n<p>R\u01b0\u1ee3u c\u00f3 ngu\u1ed3n g\u1ed1c t\u1ea1i \u0111\u1ea5t n\u01b0\u1edbc <a href=\"http:\/\/winelove.vn\/9xweb\/danh-muc\/ruou-vang-nam-phi\/\"><strong>Nam Phi<\/strong><\/a> do nh\u00e0 s\u1ea3n xu\u1ea5t Glenelly Estate t\u1ea1o n\u00ean. \u0110\u00e2y l\u00e0 nh\u00e0 s\u1ea3n xu\u1ea5t c\u00f3 t\u00ean tu\u1ed5i h\u00e0ng \u0111\u1ea7u t\u1ea1i qu\u1ed1c gia n\u00e0y v\u00ec th\u1ebf nh\u1eefng s\u1ea3n ph\u1ea9m r\u01b0\u1ee3u vang m\u00e0 h\u1ecd t\u1ea1o ra lu\u00f4n \u0111\u01b0\u1ee3c ng\u01b0\u1eddi ti\u00eau d\u00f9ng v\u00e0 c\u00e1c chuy\u00ean gia \u0111\u00e1nh gi\u00e1 r\u1ea5t cao.<\/p>\n<h2><strong><span style=\"font-size: 14pt;\">\u0110\u1eb7c \u0111i\u1ec3m c\u1ee7a r\u01b0\u1ee3u vang Glenelly Estate Reserve Chardonnay<\/span><\/strong><\/h2>\n<p>R\u01b0\u1ee3u \u0111\u01b0\u1ee3c l\u00e0m t\u1eeb gi\u1ed1ng nho Chardonnay, m\u1ed9t lo\u1ea1i nho n\u1ed5i ti\u1ebfng tr\u00ean th\u1ebf gi\u1edbi \u0111\u01b0\u1ee3c d\u00f9ng l\u00e0m nguy\u00ean li\u1ec7u \u0111\u1ea7u v\u00e0o cho vi\u1ec7c s\u1ea3n xu\u1ea5t r\u01b0\u1ee3u vang. L\u00e0 lo\u1ea1i nho \u0111\u01b0\u1ee3c tr\u1ed3ng ch\u1ee7 y\u1ebfu t\u1ea1i v\u00f9ng Stellenbosch, Coastal Region, Western Cape c\u1ee7a Nam Phi.<\/p>\n<p>H\u01b0\u01a1ng v\u1ecb c\u1ee7a r\u01b0\u1ee3u lu\u00f4n quy\u1ebfn r\u0169 nh\u1eefng ai c\u00f3 c\u01a1 h\u1ed9i th\u01b0\u1edfng th\u1ee9c n\u00f3 b\u1edfi r\u01b0\u1ee3u mang h\u01b0\u01a1ng th\u01a1m c\u1ee7a nhi\u1ec1u lo\u1ea1i tr\u00e1i c\u00e2y nh\u01b0 qu\u1ea3 m\u1ed9c qua, chanh t\u01b0\u01a1i, qu\u1ea3 l\u00ea h\u00f2a quy\u1ec7n c\u00f9ng k\u1eb9o b\u01a1 \u0111\u01b0\u1eddng t\u1ea1o n\u00ean m\u1ed9t s\u1ee9c h\u00fat l\u1ea1 k\u1ef3 khi qu\u00fd v\u1ecb th\u01b0\u1edfng th\u1ee9c r\u01b0\u1ee3u.<\/p>\n<p>N\u1ed3ng \u0111\u1ed9 c\u1ed3n c\u1ee7a r\u01b0\u1ee3u \u1edf m\u1ee9c 13 % \u0111em \u0111\u1ebfn m\u1ed9t s\u1ef1 tinh t\u1ebf, h\u00e0i h\u00f2a, kh\u00f4ng qu\u00e1 n\u1eb7ng m\u00e0 c\u0169ng kh\u00f4ng qu\u00e1 nh\u1eb9 khi\u1ebfn cho b\u1eefa ti\u1ec7c th\u00eam h\u1ea5p d\u1eabn v\u00e0 tr\u00e0n tr\u1ec1 ni\u1ec1m vui.<\/p>\n<p>Ngo\u00e0i nh\u1eefng \u0111\u1eb7c \u0111i\u1ec3m n\u00eau tr\u00ean b\u1ea1n s\u1ebd ho\u00e0n to\u00e0n b\u1ecb b\u1ea5t ng\u1edd b\u1edfi t\u00e1c d\u1ee5ng do r\u01b0\u1ee3u mang l\u1ea1i. R\u01b0\u1ee3u gi\u00fap t\u0103ng c\u01b0\u1eddng s\u1ee9c kh\u1ecfe, t\u0103ng s\u1ee9c \u0111\u1ec1 kh\u00e1ng, ng\u0103n ng\u1eeba c\u00e1c b\u1ec7nh tim m\u1ea1ch v\u00ec th\u1ebf b\u1ea1n ho\u00e0n to\u00e0n c\u00f3 th\u1ec3 s\u1eed d\u1ee5ng r\u01b0\u1ee3u th\u01b0\u1eddng xuy\u00ean m\u00e0 kh\u00f4ng c\u1ea7n ph\u1ea3i lo l\u1eafng v\u1ec1 b\u1ea5t c\u1ee9 m\u1ed9t v\u1ea5n \u0111\u1ec1 g\u00ec.<\/p>\n<h2><strong><span style=\"font-size: 14pt;\">Quy tr\u00ecnh s\u1ea3n xu\u1ea5t r\u01b0\u1ee3u vang Glenelly Estate Reserve Chardonnay<\/span><\/strong><\/h2>\n<p>T\u1eeb nh\u1eefng tr\u00e1i nho Chardonnay ch\u1ee9a nhi\u1ec1u tanin, v\u1ecf m\u1ecfng, ch\u1ea5t l\u01b0\u1ee3ng t\u01b0\u01a1i ngon nh\u00e0 s\u1ea3n xu\u1ea5t Glenelly Estate \u0111\u00e3 l\u1ef1a ch\u1ecdn nh\u1eefng ch\u00f9m \u0111\u1ea3m b\u1ea3o ch\u1ea5t l\u01b0\u1ee3ng sau \u0111\u00f3 cho v\u00e0o h\u1ec7 th\u1ed1ng m\u00e1y \u00e9p l\u1ea5y n\u01b0\u1edbc. Ph\u1ea7n n\u01b0\u1edbc nho n\u00e0y s\u1ebd \u0111\u01b0\u1ee3c \u0111em \u0111i \u1ee7 v\u00e0 l\u00ean men trong c\u00e1c th\u00f9ng g\u1ed7 s\u1ed3i v\u1edbi m\u1ed9t kho\u1ea3ng th\u1eddi gian d\u00e0i. Cu\u1ed1i c\u00f9ng ch\u00fang ti\u1ebfp t\u1ee5c \u0111\u01b0\u1ee3c \u1ed5n \u0111\u1ecbnh trong c\u00e1c kho l\u1ea1nh cho \u0111\u1ebfn khi \u0111\u1ea1t y\u00eau c\u1ea7u m\u1edbi \u0111em \u0111i \u0111\u00f3ng chai v\u1eadn chuy\u1ec3n v\u00e0 ti\u00eau th\u1ee5 ngo\u00e0i th\u1ecb tr\u01b0\u1eddng.<\/p>\n<h2><strong><span style=\"font-size: 14pt;\">Th\u01b0\u1edfng th\u1ee9c r\u01b0\u1ee3u vang Glenelly Estate Reserve Chardonnay<\/span><\/strong><\/h2>\n<p>C\u00f3 th\u1ec3 th\u1ea5y \u0111\u00e2y l\u00e0 d\u00f2ng vang c\u00f3 ch\u1ea5t l\u01b0\u1ee3ng t\u01b0\u01a1i ngon r\u1ea5t th\u00edch h\u1ee3p cho c\u00e1c d\u1ecbp g\u1eb7p g\u1ee1 giao l\u01b0u, ti\u1ebfp \u0111\u00e3i b\u1ea1n b\u00e8, th\u1eadm ch\u00ed l\u00e0m qu\u00e0 t\u1eb7ng \u0111\u1ec1u ph\u00f9 h\u1ee3p.<\/p>\n<p>Khi th\u01b0\u1edfng th\u1ee9c r\u01b0\u1ee3u b\u1ea1n c\u00f3 th\u1ec3 k\u1ebft h\u1ee3p v\u1edbi m\u1ed9t s\u1ed1 m\u00f3n \u0103n nh\u01b0 b\u00ed ng\u00f4, th\u1ecbt g\u00e0, th\u1ecbt l\u1ee3n..trong \u0111i\u1ec1u ki\u1ec7n nhi\u1ec7t \u0111\u1ed9 l\u00fd t\u01b0\u1edfng t\u1eeb 12 \u2013 14 \u0111\u1ed9 C.<\/p>\n","protected":false},"excerpt":{"rendered":"<p>R\u01b0\u1ee3u vang Glenelly Estate Reserve Chardonnay l\u00e0 d\u00f2ng vang tr\u1eafng \u0111\u1ec3 l\u1ea1i d\u1ea5u \u1ea5m \u0111\u1eadm s\u00e2u trong l\u00f2ng ng\u01b0\u1eddi th\u01b0\u1edfng th\u1ee9c vang. R\u01b0\u1ee3u c\u00f3 ngu\u1ed3n g\u1ed1c t\u1ea1i Nam Phi, \u0111\u01b0\u1ee3c l\u00e0m t\u1eeb gi\u1ed1ng nho Chardonnay, 13 % ch\u00ednh l\u00e0 n\u1ed3ng \u0111\u1ed9 c\u1ed3n c\u1ee7a d\u00f2ng r\u01b0\u1ee3u vang n\u00e0y. Gi\u00e1 r\u01b0\u1ee3u vang Glenelly Estate Reserve Chardonnay \u0110\u1ec3 [&hellip;]<\/p>\n","protected":false},"featured_media":5997,"comment_status":"closed","ping_status":"closed","template":"","meta":[],"class_list":{"0":"post-5856","1":"product","2":"type-product","3":"status-publish","4":"has-post-thumbnail","6":"product_cat-ruou-manh-cao-cap","8":"first","9":"instock","10":"shipping-taxable","11":"purchasable","12":"product-type-simple"},"_links":{"self":[{"href":"http:\/\/winelove.vn\/9xweb\/index.php?rest_route=\/wp\/v2\/product\/5856"}],"collection":[{"href":"http:\/\/winelove.vn\/9xweb\/index.php?rest_route=\/wp\/v2\/product"}],"about":[{"href":"http:\/\/winelove.vn\/9xweb\/index.php?rest_route=\/wp\/v2\/types\/product"}],"replies":[{"embeddable":true,"href":"http:\/\/winelove.vn\/9xweb\/index.php?rest_route=%2Fwp%2Fv2%2Fcomments&post=5856"}],"wp:featuredmedia":[{"embeddable":true,"href":"http:\/\/winelove.vn\/9xweb\/index.php?rest_route=\/wp\/v2\/media\/5997"}],"wp:attachment":[{"href":"http:\/\/winelove.vn\/9xweb\/index.php?rest_route=%2Fwp%2Fv2%2Fmedia&parent=5856"}],"curies":[{"name":"wp","href":"https:\/\/api.w.org\/{rel}","templated":true}]}}