{"id":820,"date":"2017-08-27T14:58:36","date_gmt":"2017-08-27T14:58:36","guid":{"rendered":"http:\/\/winelove.vn\/9xweb\/?post_type=product&#038;p=820"},"modified":"2023-05-08T14:59:44","modified_gmt":"2023-05-08T07:59:44","slug":"selezione-luigi-guarini","status":"publish","type":"product","link":"http:\/\/winelove.vn\/9xweb\/?product=selezione-luigi-guarini","title":{"rendered":"R\u01b0\u1ee3u Vang Selezione Luigi Guarini 5.4% ABV* &#8211; Vang \u00dd Primitivo Cao C\u1ea5p"},"content":{"rendered":"<p><span style=\"font-family: arial, helvetica, sans-serif; font-size: 12pt; color: #000000;\">R\u01b0\u1ee3u vang Selezione Luigi Guarini Primitivo n\u1eb1m trong danh s\u00e1ch c\u00e1c s\u1ea3n ph\u1ea9m vang \u00dd cao c\u1ea5p th\u01b0\u1ee3ng h\u1ea1ng, th\u01b0\u1eddng \u0111\u01b0\u1ee3c ng\u01b0\u1eddi Vi\u1ec7t l\u1ef1a ch\u1ecdn \u0111\u1ec3 s\u1eed d\u1ee5ng trong c\u00e1c d\u1ecbp \u0111\u1eb7c bi\u1ec7t, ho\u1eb7c l\u00e0m qu\u00e0 t\u1eb7ng cho \u0111\u1ed1i t\u00e1c v\u00e0 ng\u01b0\u1eddi th\u00e2n c\u1ee7a m\u00ecnh. C\u1eeda h\u00e0ng r\u01b0\u1ee3u vang\u00a0<strong><span style=\"color: #800000;\">Winestore1977<\/span>\u00a0<\/strong>hi\u1ec7n \u0111ang l\u00e0 \u0111\u01a1n v\u1ecb ph\u00e2n ph\u1ed1i d\u00f2ng s\u1ea3n ph\u1ea9m r\u01b0\u1ee3u vang cao c\u1ea5p n\u00e0y, vui l\u00f2ng li\u00ean h\u1ec7\u00a0<strong>h<span style=\"color: #800000;\">otline: 098.221.6068<\/span>\u00a0<\/strong>\u0111\u1ec3 nh\u1eadn t\u01b0 v\u1ea5n v\u00e0 b\u00e1o gi\u00e1 vang t\u1ed1t nh\u1ea5t.<\/span><\/p>\n<p>&nbsp;<\/p>\n<h2><span style=\"font-size: 18pt; color: #8b191e; font-family: arial, helvetica, sans-serif;\">Gi\u1edbi thi\u1ec7u Selezione Luigi Guarini :<\/span><\/h2>\n<p><span style=\"font-family: arial, helvetica, sans-serif; font-size: 12pt; color: #000000;\">R\u01b0\u1ee3u vang Selezione Luigi Guarini Primitivo \u0111\u01b0\u1ee3c coi l\u00e0 m\u1ed9t tuy\u1ec7t t\u00e1c ngh\u1ec7\u00a0<\/span><span style=\"font-family: arial, helvetica, sans-serif; font-size: 12pt; color: #000000;\">thu\u1eadt \u0111\u1ebfn t\u1eeb h\u00e3ng\u00a0r\u01b0\u1ee3u l\u1eebng danh Losito &amp; Guarin &#8211; \u00dd. H\u00e3ng r\u01b0\u1ee3u Losito\u00a0<\/span><span style=\"font-family: arial, helvetica, sans-serif; font-size: 12pt; color: #000000;\">Guarini\u00a0l\u00e0 m\u1ed9t c\u00f4ng ty di t\u00edch l\u1ecbch s\u1eed, \u0111\u01b0\u1ee3c sinh ra v\u00e0 ph\u00e1t tri\u1ec3n m\u1ea1nh m\u1ebd \u0111\u1ebfn\u00a0<\/span><span style=\"font-family: arial, helvetica, sans-serif; font-size: 12pt; color: #000000;\">b\u00e2y gi\u1edd t\u1ea5t c\u1ea3 l\u00e0 nh\u1edd v\u00e0o s\u1ef1 cam k\u1ebft uy t\u00edn v\u1ec1 nguy\u00ean t\u1eafc v\u00e0 \u0111\u1ea1o \u0111\u1ee9c trong\u00a0<\/span><span style=\"font-family: arial, helvetica, sans-serif; font-size: 12pt; color: #000000;\">ng\u00e0nh r\u01b0\u1ee3u. \u0110\u00e2y c\u0169ng ch\u00ednh l\u00e0 m\u1ed9t trong nh\u1eefng h\u00e3ng\u00a0r\u01b0\u1ee3u vang\u00a0\u0111\u01b0\u1ee3c \u0111\u00e1nh gi\u00e1\u00a0<\/span><span style=\"font-family: arial, helvetica, sans-serif; font-size: 12pt; color: #000000;\">cao v\u1ec1 ch\u1ea5t l\u01b0\u1ee3ng r\u01b0\u1ee3u tr\u00ean th\u1ebf gi\u1edbi.<\/span><\/p>\n<p>&nbsp;<\/p>\n<h2><span style=\"font-size: 18pt; color: #8b191e; font-family: arial, helvetica, sans-serif;\">V\u1ec1 \u0111\u1eb7c \u0111i\u1ec3m c\u1ee7a r\u01b0\u1ee3u vang Selezione Luigi Guarini:\u00a0<\/span><\/h2>\n<p><span style=\"font-family: arial, helvetica, sans-serif; font-size: 12pt; color: #000000;\">Chai r\u01b0\u1ee3u vang Selezione Luigi Guarini ch\u00ednh g\u1ed1c \u0111\u1ebfn t\u1eeb v\u00f9ng Pulia n\u01b0\u1edbc \u00dd, \u0111\u01b0\u1ee3c l\u00e0m t\u1eeb 100%\u00a0<\/span><span style=\"font-family: arial, helvetica, sans-serif; font-size: 12pt; color: #000000;\">gi\u1ed1ng nho \u0111\u1ecf Primitivo cao c\u1ea5p. Gi\u1ed1ng nho n\u00e0y \u0111\u01b0\u1ee3c s\u1ea3n xu\u1ea5t r\u1ea5t ph\u1ed5 bi\u1ebfn \u1edf \u00dd\u00a0<\/span><span style=\"font-family: arial, helvetica, sans-serif; font-size: 12pt; color: #000000;\">v\u00e0 nhi\u1ec1u n\u01b0\u1edbc l\u1edbn v\u1ec1 s\u1ea3n xu\u1ea5t r\u01b0\u1ee3u vang tr\u00ean th\u1ebf gi\u1edbi. V\u1edbi nh\u1eefng g\u1ed1c nho\u00a0<\/span><span style=\"font-family: arial, helvetica, sans-serif; font-size: 12pt; color: #000000;\">Primitivo c\u00f3 tu\u1ed5i \u0111\u1eddi t\u1eeb 50 \u0111\u1ebfn 100 n\u0103m \u0111\u01b0\u1ee3c coi l\u00e0 di s\u1ea3n c\u1ee7a th\u1ebf gi\u1edbi, m\u1ecdc\u00a0<\/span><span style=\"font-family: arial, helvetica, sans-serif; font-size: 12pt; color: #000000;\">xung quanh th\u1ecb tr\u1ea5n s\u1ea3n xu\u1ea5t r\u01b0\u1ee3u vang n\u1ed5i ti\u1ebfng Sava c\u1ee7a v\u00f9ng Puglia ph\u00eda\u00a0<\/span><span style=\"font-family: arial, helvetica, sans-serif; font-size: 12pt; color: #000000;\">\u0110\u00f4ng Nam Italy. <\/span><\/p>\n<p><span style=\"font-family: arial, helvetica, sans-serif; font-size: 12pt; color: #000000;\">Primitivo trong ti\u1ebfng Italia c\u00f3 ngh\u0129a l\u00e0 \u201cnguy\u00ean thu\u1ef7\u201d d\u00f9ng \u0111\u1ec3\u00a0<\/span><span style=\"font-family: arial, helvetica, sans-serif; font-size: 12pt; color: #000000;\">n\u00f3i l\u00ean s\u1ef1 nguy\u00ean ch\u1ea5t r\u1ea5t t\u1ef1 nhi\u00ean c\u1ee7a gi\u1ed1ng nho c\u1ed5 n\u00e0y.<\/span><\/p>\n<p><span style=\"font-family: arial, helvetica, sans-serif; font-size: 12pt; color: #000000;\">Chai r\u01b0\u1ee3u vang Selezione Luigi Guarini\u00a0Primitivo \u0111\u01b0\u1ee3c l\u00e0m b\u1eb1ng chai th\u1ee7y tinh cao\u00a0<\/span><span style=\"font-family: arial, helvetica, sans-serif; font-size: 12pt; color: #000000;\">c\u1ea5p, nh\u00e3n m\u00e0u \u0111en tr\u1eafng. N\u00fat chai m\u00e0u m\u00e2u s\u1eadm, thi\u1ebft k\u1ebf c\u1ee7a <a href=\"http:\/\/winelove.vn\/9xweb\/\" target=\"_blank\" rel=\"noopener noreferrer\">chai r\u01b0\u1ee3u<\/a> n\u00e0y r\u1ea5t\u00a0<\/span><span style=\"font-family: arial, helvetica, sans-serif; font-size: 12pt; color: #000000;\">\u0111\u01b0\u1ee3c \u01b0a th\u00edch. N\u00f3 mang m\u1ed9t v\u1ebb sang tr\u1ecdng, l\u1ecbch s\u1ef1 v\u01b0\u1ee3t b\u1eadc m\u00e0 \u00edt chai r\u01b0\u1ee3u\u00a0<\/span><span style=\"font-family: arial, helvetica, sans-serif; font-size: 12pt; color: #000000;\">vang n\u00e0o c\u00f3 \u0111\u01b0\u1ee3c. M\u1ed9t v\u1ebb \u0111\u1eb9p \u0111\u01a1n gi\u1ea3n m\u00e0 l\u1ea1i r\u1ea5t tinh t\u1ebf v\u00e0 \u0111\u1eb9p m\u1eaft.<\/span><\/p>\n<p><span style=\"font-family: arial, helvetica, sans-serif; font-size: 12pt; color: #000000;\">R\u01b0\u1ee3u vang Selezione Luigi Guarini Primitivo v\u1edbi m\u00e0u \u0111\u1ecf \u00e1nh kim c\u01b0\u01a1ng, mang\u00a0<\/span><span style=\"font-family: arial, helvetica, sans-serif; font-size: 12pt; color: #000000;\">nhi\u1ec1u t\u1ea7ng h\u01b0\u01a1ng v\u1ecb ph\u1ee9c t\u1ea1p, m\u00f9i h\u01b0\u01a1ng h\u1ea1nh nh\u00e2n n\u01b0\u1edbng, h\u1ea1t ti\u00eau \u0111en, c\u1ea5u\u00a0<\/span><span style=\"font-family: arial, helvetica, sans-serif; font-size: 12pt; color: #000000;\">tr\u00fac c\u00e2n b\u1eb1ng v\u1edbi tannin tr\u00f2n tr\u1ecba v\u00e0 tr\u01b0\u1edfng th\u00e0nh, th\u1ec3 hi\u1ec7n t\u1ea5t c\u1ea3 c\u00e1c \u0111\u1eb7c t\u00ednh\u00a0<\/span><span style=\"font-family: arial, helvetica, sans-serif; font-size: 12pt; color: #000000;\">c\u1ee7a r\u01b0\u1ee3u cho n\u00f3 m\u1ed9t h\u01b0\u01a1ng v\u1ecb \u1ea5m \u00e1p v\u00e0 h\u00e0i h\u00f2a. V\u1ecb tr\u00e1i c\u00e2y \u1ea5m \u00e1p lan t\u1ecfa trong\u00a0<\/span><span style=\"font-family: arial, helvetica, sans-serif; font-size: 12pt; color: #000000;\">v\u00f2m mi\u1ec7ng. K\u1ebft th\u00fac l\u00e0 d\u01b0 v\u1ecb l\u1eafng \u0111\u1ecdng k\u00e9o d\u00e0i. \u0110i\u1ec3m \u0111\u1eb7c bi\u1ec7t l\u00e0 r\u01b0\u1ee3u s\u1edf h\u1eefu\u00a0<\/span><span style=\"font-family: arial, helvetica, sans-serif; font-size: 12pt; color: #000000;\">c\u00e1c t\u1ea7ng h\u01b0\u01a1ng th\u01a1m m\u00e3nh li\u1ec7t v\u00e0 phong ph\u00fa c\u1ee7a qu\u1ea3 \u00f3c ch\u00f3, h\u1ea1t th\u00f4ng, h\u1ea1nh\u00a0<\/span><span style=\"font-family: arial, helvetica, sans-serif; font-size: 12pt; color: #000000;\">nh\u00e2n xen l\u1eabn g\u1ee3i \u00fd c\u00e1c lo\u1ea1i gia v\u1ecb nh\u01b0 \u0111inh h\u01b0\u01a1ng, h\u1ea1t ti\u00eau \u0111en v\u00e0 th\u00ec l\u00e0.<\/span><\/p>\n<h2><span style=\"font-size: 18pt; color: #8b191e; font-family: arial, helvetica, sans-serif;\">V\u1ec1 c\u00e1ch l\u00e0m r\u01b0\u1ee3u vang \u00fd Selezione Luigi Guarini cao c\u1ea5p:<\/span><\/h2>\n<p><span style=\"font-family: arial, helvetica, sans-serif; font-size: 12pt; color: #000000;\">Nho sau khi thu ho\u1ea1ch b\u1eb1ng tay c\u1ea9n th\u1eadn lo\u1ea1i b\u1ecf h\u1ea1t \u0111\u1ec3 l\u1ef1a ch\u1ecdn nh\u1eefng tr\u00e1i nho\u00a0<\/span><span style=\"font-family: arial, helvetica, sans-serif; font-size: 12pt; color: #000000;\">\u0111\u1ee7 ti\u00eau chu\u1ea9n \u00e9p l\u1ea5y n\u01b0\u1edb ngay sau khi \u0111\u01b0\u1ee3c h\u00e1i \u0111\u1ec3 gi\u1eef \u0111\u01b0\u1ee3c h\u01b0\u01a1ng th\u01a1m qu\u00e1\u00a0<\/span><span style=\"font-family: arial, helvetica, sans-serif; font-size: 12pt; color: #000000;\">tr\u00ecnh l\u00ean men di\u1ec5n ra \u1edf nhi\u1ec7t \u0111\u1ed9 25 \u0111\u1ed9 C \u0111\u01b0\u1ee3c ki\u1ec3m so\u00e1t ch\u1eb7t ch\u1ebd. N\u1ea5m men l\u00e0m\u00a0<\/span><span style=\"font-family: arial, helvetica, sans-serif; font-size: 12pt; color: #000000;\">r\u01b0\u1ee3u \u0111\u01b0\u1ee3c l\u1ef1a ch\u1ecdn k\u1ef9 c\u00e0ng.<\/span><\/p>\n<p><span style=\"font-family: arial, helvetica, sans-serif; font-size: 12pt; color: #000000;\">R\u01b0\u1ee3u vang Selezione Luigi Guarini \u0111\u01b0\u1ee3c l\u00e3o h\u00f3a trong th\u00f9ng g\u1ed7 s\u1ed3i l\u1edbn \u00edt nh\u1ea5t 6 th\u00e1ng, sau \u0111\u00f3 chuy\u1ec3n\u00a0<\/span><span style=\"font-family: arial, helvetica, sans-serif; font-size: 12pt; color: #000000;\">sang c\u00e1c th\u00f9ng th\u00e9p kh\u00f4ng g\u1ec9. C\u00e1c ho\u1ea1t \u0111\u1ed9ng ki\u1ec3m so\u00e1t ph\u00e2n t\u00edch \u0111\u01b0\u1ee3c ti\u1ebfn h\u00e0nh\u00a0<\/span><span style=\"font-family: arial, helvetica, sans-serif; font-size: 12pt; color: #000000;\">\u0111\u1ec1u \u0111\u1eb7n nh\u1eb1m \u0111\u1ea3m b\u1ea3o ch\u1ea5t l\u01b0\u1ee3ng r\u01b0\u1ee3u vang \u0111\u01b0\u1ee3c to\u00e0n v\u1eb9n. Chai r\u01b0\u1ee3u vang\u00a0Selezione Luigi Guarini\u00a0<\/span><span style=\"font-family: arial, helvetica, sans-serif; font-size: 12pt; color: #000000;\">n\u00e0y \u0111\u01b0\u1ee3c \u1ee7 v\u00e0 l\u00ean men trong c\u00f4ng th\u1ee9c v\u00f4 c\u00f9ng \u0111\u1eb7c bi\u1ec7t. Ch\u1ec9 c\u00f3 nh\u1eefng ng\u01b0\u1eddi\u00a0<\/span><span style=\"font-family: arial, helvetica, sans-serif; font-size: 12pt; color: #000000;\">th\u1ee3 l\u00e0m r\u01b0\u1ee3u n\u00e0y m\u1edbi \u0111\u01b0\u1ee3c bi\u1ebft. B\u1eb1ng c\u00f4ng th\u1ee9c b\u00ed \u1ea9n n\u00e0y chai r\u01b0\u1ee3u tr\u1edf n\u00ean\u00a0<\/span><span style=\"font-family: arial, helvetica, sans-serif; font-size: 12pt; color: #000000;\">ngon ng\u1ecdt l\u1ea1 th\u01b0\u1eddng. N\u00f3 kh\u00f4ng b\u1ecb l\u1ea1c v\u1ecb nh\u01b0 nh\u1eefng chai vang kh\u00e1c.<\/span><\/p>\n<h3><span style=\"font-size: 12pt; color: #8b191e; font-family: arial, helvetica, sans-serif;\">K\u1ebft h\u1ee3p \u0111\u1ed3 \u0103n :<\/span><\/h3>\n<p><span style=\"font-size: 12pt; color: #000000; font-family: arial, helvetica, sans-serif;\">R\u01b0\u1ee3u \u0111\u01b0\u1ee3c \u0111\u00f3ng chai 750ml ti\u1ec7n d\u1ee5ng, v\u1edbi n\u1ed3ng \u0111\u1ed9 16%vol th\u00edch h\u1ee3p l\u00e0m \u0111\u1ed3 u\u1ed1ng trong nh\u1eefng b\u1eefa ti\u1ec7c sang tr\u1ecdng, c\u00e1c cu\u1ed9c vui sum h\u1ecdp b\u1ea1n b\u00e8 hay l\u00e0m qu\u00e0 bi\u1ebfu cho ng\u01b0\u1eddi th\u00e2n v\u00e0 \u0111\u1ed1i t\u00e1c l\u00e0m \u0103n trong nh\u1eefng d\u1ecbp \u0111\u1eb7c bi\u1ec7t. <a href=\"http:\/\/winelove.vn\/9xweb\/danh-muc\/ruou-vang-y\/\" target=\"_blank\" rel=\"noopener noreferrer\">Vang \u00dd<\/a> n\u00e0y c\u00f3 th\u1ec3 \u0103n k\u00e8m v\u1edbi c\u00e1c lo\u1ea1i th\u1ef1c ph\u1ea9m \u0111\u01b0\u1ee3c ch\u1ebf bi\u1ebfn t\u1eeb th\u1ecbt th\u00fa r\u1eebng c\u00e1c m\u00f3n th\u1ecbt n\u01b0\u1edbng, s\u1ed1t BBQ, b\u00f2, c\u00e1 h\u1ed3i. \u0102n k\u00e8m v\u1edbi salad c\u0169ng l\u00e0 m\u1ed9t \u00fd t\u01b0\u1edfng tuy\u1ec7t v\u1eddi. <\/span><\/p>\n<p><span style=\"font-size: 12pt; font-family: arial, helvetica, sans-serif;\"><span style=\"color: #000000;\">G\u1ecdi ngay:\u00a0<strong><span style=\"color: #8b191e;\">098.221.6068<\/span><\/strong>\u00a0\u0111\u1ec3 \u0111\u01b0\u1ee3c t\u01b0 v\u1ea5n v\u00e0 b\u00e1o gi\u00e1 r\u01b0\u1ee3u !<\/span><\/span><\/p>\n","protected":false},"excerpt":{"rendered":"<p><span style=\"font-size: 16px; color: #000000;\"><strong>Xu\u1ea5t x\u1ee9:\u00a0<\/strong>Losito &amp; Guarini<\/span><br \/>\n<span style=\"font-size: 16px; color: #000000;\"> <strong>N\u1ed3ng \u0111\u1ed9:\u00a0<\/strong>14,5%<\/span><br \/>\n<span style=\"font-size: 16px; color: #000000;\"><strong>\u0110\u1eb7c \u0111i\u1ec3m:<\/strong>\u00a0Vang\u00a0<a href=\"http:\/\/winelove.vn\/9xweb\/ruou-vang\/selezione-luigi-guarini\/\">Selezione Luigi Guarini<\/a>\u00a0v\u1edbi m\u00e0u \u0111\u1ecf \u00e1nh kim c\u01b0\u01a1ng, m\u00f9i h\u01b0\u01a1ng h\u1ea1nh nh\u00e2n n\u01b0\u1edbng, h\u1ea1t ti\u00eau \u0111en, c\u1ea5u tr\u00fac c\u00e2n b\u1eb1ng v\u1edbi tannin cao qu\u00fd th\u1ec3 hi\u1ec7n t\u1ea5t c\u1ea3 c\u00e1c \u0111\u1eb7c t\u00ednh c\u1ee7a <a href=\"http:\/\/winelove.vn\/9xweb\">r\u01b0\u1ee3u vang<\/a> cho n\u00f3 m\u1ed9t h\u01b0\u01a1ng v\u1ecb \u1ea5m \u00e1p v\u00e0 h\u00e0i h\u00f2a \u2026\u00a0<\/span><\/p>\n","protected":false},"featured_media":1373,"comment_status":"open","ping_status":"closed","template":"","meta":[],"class_list":{"0":"post-820","1":"product","2":"type-product","3":"status-publish","4":"has-post-thumbnail","6":"product_cat-ruou-vang-cao-cap","7":"product_cat-ruou-vang-y","9":"first","10":"instock","11":"shipping-taxable","12":"purchasable","13":"product-type-simple"},"_links":{"self":[{"href":"http:\/\/winelove.vn\/9xweb\/index.php?rest_route=\/wp\/v2\/product\/820"}],"collection":[{"href":"http:\/\/winelove.vn\/9xweb\/index.php?rest_route=\/wp\/v2\/product"}],"about":[{"href":"http:\/\/winelove.vn\/9xweb\/index.php?rest_route=\/wp\/v2\/types\/product"}],"replies":[{"embeddable":true,"href":"http:\/\/winelove.vn\/9xweb\/index.php?rest_route=%2Fwp%2Fv2%2Fcomments&post=820"}],"wp:featuredmedia":[{"embeddable":true,"href":"http:\/\/winelove.vn\/9xweb\/index.php?rest_route=\/wp\/v2\/media\/1373"}],"wp:attachment":[{"href":"http:\/\/winelove.vn\/9xweb\/index.php?rest_route=%2Fwp%2Fv2%2Fmedia&parent=820"}],"curies":[{"name":"wp","href":"https:\/\/api.w.org\/{rel}","templated":true}]}}