{"id":980,"date":"2017-08-28T10:31:14","date_gmt":"2017-08-28T10:31:14","guid":{"rendered":"http:\/\/winelove.vn\/9xweb\/?post_type=product&#038;p=980"},"modified":"2023-05-08T04:19:51","modified_gmt":"2023-05-07T21:19:51","slug":"patrisso-primitivo-di-manduria","status":"publish","type":"product","link":"http:\/\/winelove.vn\/9xweb\/?product=patrisso-primitivo-di-manduria","title":{"rendered":"R\u01b0\u1ee3u Vang Patrisso Primitivo di Manduria 5.4% ABV* &#8211; Vang \u00dd Cao C\u1ea5p"},"content":{"rendered":"<p><span style=\"color: #000000; font-size: 12pt;\">R\u01b0\u1ee3u vang Patrisso Primitivo di Manduria \u0111\u01b0\u1ee3c l\u00e0m t\u1eeb gi\u1ed1ng nho l\u00e0m n\u00ean t\u00ean tu\u1ed5i c\u00f3 r\u1ea5t nhi\u1ec1u d\u00f2ng vang cao c\u1ea5p t\u1ea1i n\u01b0\u1edbc \u00dd. Thi\u1ebft k\u1ebf tinh t\u1ebf, sang tr\u1ecdng g\u1ee3i l\u00ean c\u1ea3m gi\u00e1c \u0111\u1ea7y ki\u00eau h\u00e3nh v\u00e0 t\u1ef1 h\u00e0o. L\u00e0 d\u00f2ng r\u01b0\u1ee3u vang c\u00f3 h\u1eadu v\u1ecb dai d\u1eb3ng, c\u00e2n b\u1eb1ng ho\u00e0n h\u1ea3o, n\u1ebfu b\u1ea1n l\u00e0 t\u00edn \u0111\u1ed3 c\u1ee7a vang \u00dd, b\u1ea1n \u0111\u1eebng n\u00ean b\u1ecf l\u1ee1 chai r\u01b0\u1ee3u vang th\u01b0\u1ee3ng h\u1ea1ng n\u00e0y. Vang Patrisso Primitivo di Manduria ch\u00ednh h\u00e3ng c\u00f3 gi\u00e1 dao \u0111\u1ed9ng trong kho\u1ea3ng <span style=\"color: #800000;\"><strong>3<span style=\"color: #800000;\">.700.000<\/span>VND<\/strong><\/span>, g\u1ecdi ngay\u00a0<span style=\"color: #800000;\"><strong>hotline: 0982216068<\/strong><\/span> \u0111\u1ec3 \u0111\u01b0\u1ee3c t\u01b0 v\u1ea5n v\u00e0 b\u00e1o gi\u00e1 vang t\u1ed1t nh\u1ea5t.<\/span><\/p>\n<p><span style=\"color: #000000; font-size: 12pt;\">&gt;&gt;&gt; Xem th\u00eam c\u00e1c <a style=\"color: #000000;\" href=\"http:\/\/winelove.vn\/9xweb\/danh-muc\/ruou-vang-y\/\"><span style=\"color: #ff6600;\">d\u00f2ng s\u1ea3n ph\u1ea9m\u00a0vang \u00fd<\/span><\/a>\u00a0kh\u00e1c<\/span><\/p>\n<p>&nbsp;<\/p>\n<h2><span style=\"font-size: 18pt; color: #800000;\"><strong>Gi\u1edbi thi\u1ec7u r\u01b0\u1ee3u vang\u00a0Patrisso Primitivo di Manduria:<\/strong><\/span><\/h2>\n<p><span style=\"color: #000000; font-size: 12pt;\">\u00dd l\u00e0 m\u1ed9t trong nh\u1eefng c\u00e1i n\u00f4i c\u1ee7a r\u01b0\u1ee3u vang \u2013 n\u01a1i s\u1ea3n xu\u1ea5t ra c\u00e1c d\u00f2ng vang\u00a0<\/span><span style=\"color: #000000; font-size: 12pt;\">danh ti\u1ebfng nh\u01b0 Chianti, Moscato, Prosecco v\u00e0 Amarone \u2013 s\u1edf h\u1eefu m\u1ed9t n\u1ec1n v\u0103n\u00a0<\/span><span style=\"color: #000000; font-size: 12pt;\">h\u00f3a r\u01b0\u1ee3u vang phong ph\u00fa v\u00e0 \u0111a d\u1ea1ng v\u1edbi l\u1ecbch s\u1eed ph\u00e1t tri\u1ec3n tr\u00ean 2000 n\u0103m. N\u1ed5i\u00a0<\/span><span style=\"color: #000000; font-size: 12pt;\">ti\u1ebfng kh\u00f4ng ch\u1ec9 b\u1edfi s\u1ef1 ph\u1ee9c t\u1ea1p, \u0111ang d\u1ea1ng c\u1ee7a c\u00e1c gi\u1ed1ng nho v\u00e0 ch\u1ee7ng lo\u1ea1i\u00a0<\/span><span style=\"color: #000000; font-size: 12pt;\">r\u01b0\u1ee3u vang, \u00dd c\u00f2n \u0111\u1ee9ng th\u1ee9 nh\u1ea5t th\u1ebf gi\u1edbi v\u1ec1 s\u1ea3n l\u01b0\u1ee3ng r\u01b0\u1ee3u vang (2015).<\/span><\/p>\n<p style=\"text-align: center;\"><img loading=\"lazy\" decoding=\"async\" class=\"aligncenter size-full wp-image-4491\" src=\"http:\/\/winelove.vn\/9xweb\/wp-content\/uploads\/2017\/08\/gioi-thieu-ruou-vang-patrisso.jpg\" alt=\"gi\u1edbi thi\u1ec7u r\u01b0\u1ee3u vang Patrisso\" width=\"400\" height=\"500\" srcset=\"http:\/\/winelove.vn\/9xweb\/wp-content\/uploads\/2017\/08\/gioi-thieu-ruou-vang-patrisso.jpg 400w, http:\/\/winelove.vn\/9xweb\/wp-content\/uploads\/2017\/08\/gioi-thieu-ruou-vang-patrisso-240x300.jpg 240w\" sizes=\"(max-width: 400px) 100vw, 400px\" \/><\/p>\n<p><span style=\"color: #000000; font-size: 12pt;\">R\u01b0\u1ee3u vang\u00a0Patrisso Primitivo di Manduria \u0111\u01b0\u1ee3c l\u00e0m t\u1eeb gi\u1ed1ng nho n\u1ed5i ti\u1ebfng\u00a0<\/span><span style=\"color: #000000; font-size: 12pt;\">Primitivo t\u1ea1o n\u00ean th\u01b0\u01a1ng hi\u1ec7u r\u01b0\u1ee3u vang \u00dd v\u1edbi nhi\u1ec1u t\u00ean tu\u1ed5i l\u1edbn. Ch\u1ea5t l\u01b0\u1ee3ng\u00a0<\/span><span style=\"color: #000000; font-size: 12pt;\">nho l\u00e2u n\u0103m, gi\u00e0 d\u1eb7n l\u00e0m cho ch\u1ea5t l\u01b0\u1ee3ng r\u01b0\u1ee3u v\u00f4 c\u00f9ng th\u01a1m ngon v\u00e0 quy\u1ebfn r\u0169.\u00a0<\/span><span style=\"color: #000000; font-size: 12pt;\">N\u00f3 \u0111\u01b0\u1ee3c \u0111\u00e1nh gi\u00e1 l\u00e0 m\u1ed9t chai r\u01b0\u1ee3u \u0111\u1ed9c v\u00e0 l\u1ea1, kh\u00f4ng ch\u1ec9 v\u1ebb b\u00ean ngo\u00e0i m\u00e0 c\u00f2n v\u1ebb\u00a0<\/span><span style=\"color: #000000; font-size: 12pt;\">\u0111\u1eb9p c\u1ee7a h\u01b0\u01a1ng v\u1ecb b\u00ean trong.<\/span><\/p>\n<p><span style=\"color: #000000; font-size: 12pt;\">Chai r\u01b0\u1ee3u vang \u00dd Patrisso Primitivo di Manduria c\u00f3 phong c\u00e1ch ri\u00eang v\u00e0 c\u1ea5u tr\u00fac r\u01b0\u1ee3u r\u00f5 r\u00e0ng m\u1ea1ch l\u1ea1c. Nh\u1eefng khung kh\u1edfi v\u1ecb v\u00e0 h\u1eadu v\u1ecb \u0111\u01b0\u1ee3c ph\u00e2n b\u1ed1 r\u00f5 r\u00e0ng v\u1edbi kh\u1edfi \u0111\u1ea7u m\u1ea1nh m\u1ebd lan t\u1ecfa t\u1ea1o \u1ea5n t\u01b0\u1ee3ng \u0111\u1eadm \u0111\u00e0. V\u00e0 h\u1eadu v\u1ecb d\u00e0i l\u00e2u nh\u01b0 \u0111\u1ed1t ch\u00e1y n\u01a1i c\u1ed5 h\u1ecdng. Nh\u1eefng ghi ch\u00fa \u0111\u1eb7c tr\u01b0ng c\u1ee7a r\u01b0\u1ee3u vang \u00dd \u0111\u01b0\u1ee3c t\u00ecm th\u1ea5y d\u1ec5 d\u00e0ng ngay trong m\u00f9i h\u01b0\u01a1ng. Qu\u1ea3 m\u1eadn, ca cao, cherry ch\u00edn m\u1ecdng v\u00e0 h\u01b0\u01a1ng r\u01b0\u1ee3u m\u1ea1nh c\u00f9ng h\u00f2a quy\u1ec7n khi\u1ebfn cho chai r\u01b0\u1ee3u vang n\u00e0y v\u1eeba r\u1ea5t \u0111\u1eb7c tr\u01b0ng v\u1eeba r\u1ea5t ri\u00eang bi\u1ec7t.<\/span><\/p>\n<p>&nbsp;<\/p>\n<h2><span style=\"font-size: 18pt; color: #800000;\">\u0110\u1eb7c \u0111i\u1ec3m vang \u00dd\u00a0Patrisso Primitivo di Manduria:<\/span><\/h2>\n<p><span style=\"color: #000000; font-size: 12pt;\">Primitivo l\u00e0 gi\u1ed1ng nho \u0111\u1ebfn t\u1eeb n\u01b0\u1edbc \u00dd, \u0111\u01b0\u1ee3c tr\u1ed3ng b\u1edfi nh\u1eefng g\u1ed1c nho gi\u00e0 c\u00f3 tu\u1ed5i\u00a0<\/span><span style=\"color: #000000; font-size: 12pt;\">\u0111\u1eddi t\u1eeb 100-120 n\u0103m tu\u1ed5i. N\u00f3 n\u1ed5i ti\u1ebfng v\u1edbi m\u1ea7u v\u1ecf \u0111en chuy\u00ean d\u00f9ng \u0111\u1ec3 t\u1ea1o ra\u00a0<\/span><span style=\"color: #000000; font-size: 12pt;\">c\u00e1c s\u1ea3n ph\u1ea9m r\u01b0\u1ee3u vang c\u00f3 h\u01b0\u01a1ng v\u1ecb \u0111\u1eadm \u0111\u00e0 v\u00e0 m\u00e0u s\u1eafc h\u1ea5p d\u1eabn.<\/span><\/p>\n<p><span style=\"color: #000000; font-size: 12pt;\">R\u01b0\u1ee3u vang Patrisso Primitivo \u0111\u01b0\u1ee3c l\u00e0m t\u1eeb 100% gi\u1ed1ng nho Primitivo m\u01b0\u1ee3t m\u00e0\u00a0<\/span><span style=\"color: #000000; font-size: 12pt;\">v\u00e0 m\u1ec1m m\u1ea1i v\u1edbi s\u1ef1 lan t\u1ecfa trong v\u00f2m h\u1ecdng. Khi u\u1ed1ng \u0111\u1ecdng l\u1ea1i trong mi\u1ec7ng l\u00e0\u00a0<\/span><span style=\"color: #000000; font-size: 12pt;\">m\u1ed9t c\u1ea3m gi\u00e1c m\u01b0\u1ee3t m\u00e0 nh\u01b0 nhung ngon v\u00e0 r\u1ea5t \u0111\u1eadm \u0111\u00e0 v\u1ecb kho\u00e1ng s\u1ea3n m\u1ea1nh m\u1ebd\u00a0<\/span><span style=\"color: #000000; font-size: 12pt;\">c\u1ee7a tannin ch\u00edn khi\u1ebfn ng\u01b0\u1eddi th\u01b0\u1edfng th\u1ee9c ph\u1ea3i v\u1ea5n v\u01b0\u01a1ng.<\/span><\/p>\n<p style=\"text-align: center;\"><img loading=\"lazy\" decoding=\"async\" class=\"aligncenter size-full wp-image-4488\" src=\"http:\/\/winelove.vn\/9xweb\/wp-content\/uploads\/2017\/08\/dac-diem-vang-y-cao-cap-patrisso-primitivo.jpg\" alt=\"\u0111\u1eb7c \u0111i\u1ec3m vang \u00fd cao c\u1ea5p Patrisso Primitivo\" width=\"400\" height=\"533\" srcset=\"http:\/\/winelove.vn\/9xweb\/wp-content\/uploads\/2017\/08\/dac-diem-vang-y-cao-cap-patrisso-primitivo.jpg 400w, http:\/\/winelove.vn\/9xweb\/wp-content\/uploads\/2017\/08\/dac-diem-vang-y-cao-cap-patrisso-primitivo-225x300.jpg 225w\" sizes=\"(max-width: 400px) 100vw, 400px\" \/><\/p>\n<p><span style=\"color: #000000; font-size: 12pt;\">Chai r\u01b0\u1ee3u vang Patrisso Primitivo \u0111\u01b0\u1ee3c r\u1ea5t nhi\u1ec1u ng\u01b0\u1eddi s\u1eed d\u1ee5ng \u01b0u \u00e1i b\u1edfi m\u00e0u\u00a0<\/span><span style=\"color: #000000; font-size: 12pt;\">s\u1eafc b\u1eaft m\u1eaft v\u1edbi m\u1ed9t v\u1ebb ngo\u00e0i qu\u00fd ph\u00e1i v\u00e0 sang tr\u1ecdng. Th\u00e2n chai th\u1ee7y tinh \u0111en\u00a0<\/span><span style=\"color: #000000; font-size: 12pt;\">nh\u01b0 m\u1ed9t vi\u00ean c\u1ea9m th\u1ea1ch cao c\u1ea5p. Nh\u00e3n chai \u0111\u01b0\u1ee3c thi\u1ebft k\u1ebf v\u1edbi m\u00e0u \u0111en ch\u1ee7 \u0111\u1ea1o\u00a0<\/span><span style=\"color: #000000; font-size: 12pt;\">\u0111\u1ea7y l\u1ecbch thi\u1ec7p. \u0110\u00e2y c\u0169ng l\u00e0 gi\u1ed1ng nho c\u00f3 h\u01b0\u01a1ng v\u1ecb d\u1ee9t kho\u00e1t v\u00e0 m\u00e3nh li\u1ec7t nh\u1ea5t.\u00a0<\/span><span style=\"color: #000000; font-size: 12pt;\">\u0110\u1ec3 l\u00e0m cho chai r\u01b0\u1ee3u c\u00f3 \u0111\u01b0\u1ee3c m\u1ed9t \u0111\u1ed9 th\u01a1m ngon \u0111\u00edch th\u1ef1c.\u00a0<\/span><span style=\"color: #000000; font-size: 12pt;\">V\u1edbi n\u1ed3ng \u0111\u1ed9 l\u00e0 18.5% vol.\u00a0 \u0110\u00e2y l\u00e0 m\u1ed9t n\u1ed3ng \u0111\u1ed9 kh\u00e1 m\u1ea1nh khi\u1ebfn cho chai r\u01b0\u1ee3u\u00a0<\/span><span style=\"color: #000000; font-size: 12pt;\">n\u00e0y c\u00f3 ph\u1ea7n m\u1ea1nh m\u1ebd, nam t\u00ednh. N\u00f3 th\u00edch h\u1ee3p v\u1edbi nh\u1eefng qu\u00fd \u00f4ng \u01b0a c\u1ea3m gi\u00e1c\u00a0<\/span><span style=\"color: #000000; font-size: 12pt;\">phi\u00eau l\u01b0u m\u1ea1nh m\u1ebd. N\u00f3 c\u0169ng ph\u00f9 h\u1ee3p trong b\u1eefa c\u01a1m \u0111\u1eb7c bi\u1ec7t ho\u1eb7c nh\u1eefng b\u1eefa\u00a0<\/span><span style=\"color: #000000; font-size: 12pt;\">ti\u1ec7c t\u00f9ng.<\/span><\/p>\n<h2><span style=\"font-size: 18pt; color: #800000;\"><strong>Quy tr\u00ecnh s\u1ea3n xu\u1ea5t r\u01b0\u1ee3u vang \u00dd\u00a0Patrisso Primitivo di Manduria cao c\u1ea5p:<\/strong><\/span><\/h2>\n<p><span style=\"color: #000000; font-size: 12pt;\">C\u00e1c s\u1ea3n ph\u1ea9m r\u01b0\u1ee3u vang \u00a0t\u1eeb\u00a0gi\u1ed1ng nho Primitivo\u00a0th\u01b0\u1eddng c\u00f3 \u0111\u1ed9 c\u1ed3n v\u00e0 h\u00e0m\u00a0<\/span><span style=\"color: #000000; font-size: 12pt;\">l\u01b0\u1ee3ng tannin cao h\u01a1n nhi\u1ec1u so v\u1edbi c\u00e1c gi\u1ed1ng nho kh\u00e1c. M\u1ed9t v\u00f9ng tr\u1ed3ng nho n\u1ed5i\u00a0<\/span><span style=\"color: #000000; font-size: 12pt;\">ti\u1ebfng t\u1ea1i \u00dd- T\u1ea1i Manduria, chai vang Chicca Primitivo \u0111\u01b0\u1ee3c l\u00e0m t\u1eeb nho\u00a0<\/span><span style=\"color: #000000; font-size: 12pt;\">Primitivo th\u01b0\u1eddng c\u00f3 n\u1ed3ng \u0111\u1ed9 c\u1ed3n l\u00ean t\u1edbi 18%.<\/span><\/p>\n<p style=\"text-align: center;\"><img loading=\"lazy\" decoding=\"async\" class=\"aligncenter size-full wp-image-4494\" src=\"http:\/\/winelove.vn\/9xweb\/wp-content\/uploads\/2017\/08\/san-xuat-ruou-vang-y-patrisso.jpg\" alt=\"s\u1ea3n xu\u1ea5t r\u01b0\u1ee3u vang \u00fd Patrisso\" width=\"500\" height=\"281\" srcset=\"http:\/\/winelove.vn\/9xweb\/wp-content\/uploads\/2017\/08\/san-xuat-ruou-vang-y-patrisso.jpg 500w, http:\/\/winelove.vn\/9xweb\/wp-content\/uploads\/2017\/08\/san-xuat-ruou-vang-y-patrisso-300x169.jpg 300w\" sizes=\"(max-width: 500px) 100vw, 500px\" \/><\/p>\n<p><span style=\"color: #000000; font-size: 12pt;\">Nho sau khi \u0111\u01b0\u1ee3c thu ho\u1ea1ch b\u1eb1ng tay m\u1ed9t c\u00e1ch c\u1ea9n th\u1eadn v\u1eaft v\u00e0 c\u1eaft cu\u1ed1ng v\u00e0o\u00a0<\/span><span style=\"color: #000000; font-size: 12pt;\">\u0111\u1ea7u th\u00e1ng 10\u2013 th\u1eddi \u0111i\u1ec3m l\u00fd t\u01b0\u1edfng v\u1ec1 h\u01b0\u01a1ng th\u01a1m, \u0111\u1ed9 ch\u00edn, m\u00e0u s\u1eafc v\u00e0 h\u01b0\u01a1ng\u00a0<\/span><span style=\"color: #000000; font-size: 12pt;\">v\u1ecb..c\u1ee7a qu\u1ea3 nho.\u00a0<\/span><span style=\"color: #000000; font-size: 12pt;\">H\u01a1n m\u1ed9t n\u1eeda l\u01b0\u1ee3ng n\u01b0\u1edbc \u00e9p ra t\u1eeb qu\u1ea3 nho d\u1ec5 d\u00e0ng kh\u00f4ng c\u1ea7n \u0111\u1ebfn \u00e1p l\u1ef1c cao,\u00a0<\/span><span style=\"color: #000000; font-size: 12pt;\">ph\u1ea7n c\u00f2n l\u1ea1i s\u1ebd \u0111\u01b0\u1ee3c \u00e9p ra t\u1eeb h\u1ec7 th\u1ed1ng \u00e9p. \u0110\u1ec3 r\u01b0\u1ee3u vang Patrisso Primitivo \u0111\u1ea1t \u0111\u01b0\u1ee3c s\u1ef1 h\u00e0i h\u00f2a v\u00e0 \u1ed5n\u00a0<\/span><span style=\"color: #000000; font-size: 12pt;\">\u0111\u1ecbnh c\u1ee7a m\u00f9i v\u1ecb v\u00e0 ch\u1ea5t l\u01b0\u1ee3ng th\u00ec r\u01b0\u1ee3u ph\u1ea3i \u0111\u01b0\u1ee3c \u1ee7 nh\u1eb1m l\u00e0m cho kh\u00ed \u00f4xi t\u00e1c\u00a0<\/span><span style=\"color: #000000; font-size: 12pt;\">\u0111\u1ed9ng th\u1eadt ch\u1eadm \u1ee7 trong th\u00f9ng g\u1ed7 s\u1ed3i c\u1ee7a Ph\u00e1p \u00edt nh\u1ea5t 12 th\u00e1ng, l\u00ean men v\u1edbi\u00a0<\/span><span style=\"color: #000000; font-size: 12pt;\">nhi\u1ec7t \u0111\u1ed9 ki\u1ec3m so\u00e1t trong v\u00f2ng 15 \u0111\u1ebfn 30 ng\u00e0y<\/span><\/p>\n<p><span style=\"color: #000000; font-size: 12pt;\">C\u00e1c ho\u1ea1t \u0111\u1ed9ng ph\u00e2n t\u00edch, ki\u1ec3m so\u00e1t \u0111\u01b0\u1ee3c ti\u1ebfn h\u00e0nh \u0111\u1ec1u \u0111\u1eb7n nh\u1ea5t \u0111\u1ec3 \u0111\u1ea3m b\u1ea3o\u00a0<\/span><span style=\"color: #000000; font-size: 12pt;\">ch\u1ea5t l\u01b0\u1ee3ng r\u01b0\u1ee3u vang ngon v\u00e0 \u0111\u1ed3ng \u0111\u1ec1u.<\/span><br \/>\n<span style=\"color: #000000; font-size: 12pt;\"><span style=\"color: #800000;\"><strong>L\u01b0u \u00fd:<\/strong><\/span> s\u1ebd ngon h\u01a1n n\u1ebfu b\u1ea1n n\u00ean \u0111\u1ec3 r\u01b0\u1ee3u \u1edf nhi\u1ec7t \u0111\u1ed9 t\u1eeb 18 \u0111\u1ebfn 20 \u0111\u1ed9 C<\/span><br \/>\n<span style=\"color: #000000; font-size: 12pt;\">N\u00ean decanter l\u1eafc nhi\u1ec1u ho\u1eb7c m\u1edf vang v\u00e0i ti\u1ebfng tr\u01b0\u1edbc khi u\u1ed1ng. B\u1ea3o qu\u1ea3n chai\u00a0<\/span><span style=\"color: #000000; font-size: 12pt;\">tr\u00e1nh \u00e1nh s\u00e1ng nhi\u1ec7t \u0111\u1ed9.<\/span><br \/>\n<span style=\"color: #000000; font-size: 12pt;\"><span style=\"color: #800000;\"><strong>K\u1ebft h\u1ee3p \u0111\u1ed3 \u0103n:<\/strong><\/span> c\u00e1c m\u00f3n th\u1ecbt \u0111\u1ecf v\u00e0 c\u00e1c m\u00f3n h\u1ea7m c\u00e0 chua v\u00e0 b\u00e1nh pizza c\u00e1c m\u00f3n\u00a0<\/span><span style=\"color: #000000; font-size: 12pt;\">n\u01b0\u1edbng , BBQ hay c\u00e1c m\u00f3n khai v\u1ecb.<\/span><\/p>\n<p><span style=\"color: #000000; font-size: 12pt;\">:<\/span><\/p>\n<h2><span style=\"font-size: 18pt; color: #800000;\"><strong>B\u00e1o gi\u00e1 c\u1ee7a r\u01b0\u1ee3u vang Patrisso Primitivo di Manduria:<\/strong><\/span><\/h2>\n<p><span style=\"color: #000000; font-size: 12pt;\">R\u01b0\u1ee3u vang <span style=\"color: #800000;\"><strong>Patrisso Primitivo Di Manduria<\/strong><\/span> &#8211; nh\u1eadp kh\u1ea9u ch\u00ednh h\u00e3ng c\u00f3 gi\u00e1 dao \u0111\u1ed9ng t\u1eeb <span style=\"color: #800000;\"><strong>3.700.000<\/strong><strong> VND \u2013 4.000.000 VND<\/strong><\/span> t\u00f9y th\u1eddi \u0111i\u1ec3m.<\/span><\/p>\n<p><span style=\"color: #000000; font-size: 12pt;\"><span style=\"color: #ff6600;\"><a style=\"color: #ff6600;\" href=\"http:\/\/winelove.vn\/9xweb\/\">Winestore1977<\/a>\u00a0<\/span> ra \u0111\u1eddi nh\u1eb1m \u0111\u00e1p \u1ee9ng nhu c\u1ea7u th\u01b0\u1edfng th\u1ee9c r\u01b0\u1ee3u vang ch\u00ednh h\u00e3ng nh\u1eadp kh\u1ea9u c\u1ee7a qu\u00fd kh\u00e1ch h\u00e0ng, x\u00f3a tan c\u00e1c nghi ng\u1edd v\u1ec1 v\u1ea5n \u0111\u1ec1 r\u01b0\u1ee3u gi\u1ea3 \u0111\u00e3 xu\u1ea5t hi\u1ec7n t\u1eeb l\u00e2u tr\u00ean th\u1ecb tr\u01b0\u1eddng Vi\u1ec7t Nam. \u0110am m\u00ea r\u01b0\u1ee3u vang l\u00e0 m\u1ed9t th\u00fa vui v\u00e0 c\u0169ng l\u00e0 c\u1ea3 m\u1ed9t ngh\u1ec7 thu\u1eadt. B\u1edfi v\u1eady \u1edf c\u00e1c n\u01b0\u1edbc ch\u00e2u \u00e2u th\u01b0\u1eddng c\u00f3 nh\u1eefng chuy\u00ean gia th\u1eed r\u01b0\u1ee3u vang v\u00e0 \u0111em l\u1ea1i cho h\u1ecd r\u1ea5t nhi\u1ec1u vinh quang v\u00e0 s\u1ef1 ng\u01b0\u1ee1ng m\u1ed9. C\u00e1c\u00a0<strong>ki\u1ebfn th\u1ee9c v\u1ec1\u00a0<span style=\"color: #ff6600;\"><a style=\"color: #ff6600;\" href=\"http:\/\/winelove.vn\/9xweb\/ruou-vang-y\/\">r\u01b0\u1ee3u vang \u00fd<\/a><\/span><\/strong>\u00a0l\u00e0 r\u1ea5t nhi\u1ec1u v\u00e0 ch\u00fang t\u00f4i s\u1ebd c\u1eadp nh\u1eadt th\u00eam tr\u00ean website winestore1977.com.<\/span><\/p>\n<p><span style=\"color: #000000; font-size: 12pt;\">Tham kh\u1ea3o\u00a0<span style=\"color: #800000;\"><strong>d\u00f2ng vang \u00dd<\/strong><\/span>\u00a0cao c\u1ea5p c\u1ee7a Winestore1977:<\/span><\/p>\n<p><span style=\"color: #000000; font-size: 12pt;\">1.\u00a0<span style=\"color: #ff6600;\"><a style=\"color: #ff6600;\" href=\"http:\/\/winelove.vn\/9xweb\/ruou-vang\/f-negroamaro\/\">R\u01b0\u1ee3u vang \u00dd cao c\u1ea5p F Negroamaro<\/a><\/span><\/span><br \/>\n<span style=\"color: #000000; font-size: 12pt;\"> 2.\u00a0<a style=\"color: #000000;\" href=\"http:\/\/winelove.vn\/9xweb\/ruou-vang\/vindoro-negroamaro\/\"><span style=\"color: #ff6600;\">R\u01b0\u1ee3u vang con c\u00f4ng \u2013 Vindoro Negroamaro<\/span><br \/>\n<\/a><\/span><\/p>\n<p><span style=\"color: #000000; font-size: 12pt;\">&gt;&gt;&gt; N\u1ebfu b\u1ea1n \u01b0u th\u00edch r\u01b0\u1ee3u vang ng\u1ecdt, <span style=\"color: #ff6600;\"><a style=\"color: #ff6600;\" href=\"http:\/\/winelove.vn\/9xweb\/ruou-vang\/ruou-vang-monteverdi\/\">r\u01b0\u1ee3u vang ho\u00e0ng \u0111\u1ebf Monteverdi<\/a><\/span> l\u00e0 s\u1ef1 l\u1ef1a ch\u1ecdn tuy\u1ec7t v\u1eddi<\/span><\/p>\n<p><span style=\"color: #000000; font-size: 12pt;\">\u0110\u1ec3 c\u00f3 th\u1ec3 ph\u1ee5c v\u1ee5 v\u00e0 t\u01b0 v\u1ea5n v\u1ec1 r\u01b0\u1ee3u vang m\u1ed9t c\u00e1ch chuy\u00ean nghi\u1ec7p, h\u00e3y g\u1ecdi cho winestore1977 \u0111\u1ec3 \u0111\u01b0\u1ee3c h\u1ed7 tr\u1ee3 t\u1ed1t nh\u1ea5t! Ho\u1eb7c n\u1ebfu b\u1ea1n c\u00f3 nhu c\u1ea7u mua, tham kh\u1ea3o h\u00e3y \u0111\u1ebfn\u00a0c\u1eeda h\u00e0ng r\u01b0\u1ee3u vang \u00fd\u00a0c\u1ee7a ch\u00fang t\u00f4i \u0111\u1ec3 tr\u1ea3i nghi\u1ec7m. Ch\u00fac c\u00e1c b\u1ea1n c\u00f3 nh\u1eefng b\u1eefa ti\u1ec7c vui v\u1ebb v\u00e0 \u1ea5m c\u00fang b\u00ean ly r\u01b0\u1ee3u vang ch\u00ednh h\u00e3ng. G\u1ecdi ngay hotline:\u00a0<span style=\"color: #800000;\"><strong>098.221.6068\u00a0<\/strong><\/span>\u0111\u1ec3 \u0111\u01b0\u1ee3c t\u01b0 v\u1ea5n v\u00e0 b\u00e1o gi\u00e1 r\u01b0\u1ee3u vang <\/span><\/p>\n","protected":false},"excerpt":{"rendered":"<p><strong>Xu\u1ea5t x\u1ee9: <\/strong>Salento<br \/>\n<strong>N\u1ed3ng \u0111\u1ed9:<\/strong> 18,5%<\/p>\n<p><strong>\u0110\u1eb7c \u0111i\u1ec3m<\/strong> :\u00a0Chai r\u01b0\u1ee3u n\u00e0y\u00a0\u0111\u01b0\u1ee3c \u0111\u00e1nh gi\u00e1 l\u00e0 m\u1ed9t chai r\u01b0\u1ee3u \u0111\u1ed9c v\u00e0 l\u1ea1, kh\u00f4ng ch\u1ec9 v\u1ebb b\u00ean ngo\u00e0i m\u00e0 c\u00f2n v\u1ebb \u0111\u1eb9p c\u1ee7a h\u01b0\u01a1ng v\u1ecb b\u00ean trong. R\u01b0\u1ee3u c\u00f3 phong c\u00e1ch ri\u00eang v\u00e0 c\u1ea5u tr\u00fac r\u01b0\u1ee3u r\u00f5 r\u00e0ng m\u1ea1ch l\u1ea1c. Nh\u1eefng khung kh\u1edfi v\u1ecb v\u00e0 h\u1eadu v\u1ecb \u0111\u01b0\u1ee3c ph\u00e2n b\u1ed1 r\u00f5 r\u00e0ng v\u1edbi kh\u1edfi \u0111\u1ea7u m\u1ea1nh m\u1ebd lan t\u1ecfa t\u1ea1o \u1ea5n t\u01b0\u1ee3ng \u0111\u1eadm \u0111\u00e0. V\u00e0 h\u1eadu v\u1ecb d\u00e0i l\u00e2u nh\u01b0 \u0111\u1ed1t ch\u00e1y n\u01a1i c\u1ed5 h\u1ecdng. Nh\u1eefng ghi ch\u00fa \u0111\u1eb7c tr\u01b0ng c\u1ee7a r\u01b0\u1ee3u vang \u00dd \u0111\u01b0\u1ee3c t\u00ecm th\u1ea5y d\u1ec5 d\u00e0ng ngay trong m\u00f9i h\u01b0\u01a1ng. Qu\u1ea3 m\u1eadn, ca cao, cherry ch\u00edn m\u1ecdng v\u00e0 h\u01b0\u01a1ng r\u01b0\u1ee3u m\u1ea1nh c\u00f9ng h\u00f2a quy\u1ec7n khi\u1ebfn cho chai r\u01b0\u1ee3u vang n\u00e0y v\u1eeba r\u1ea5t \u0111\u1eb7c tr\u01b0ng v\u1eeba r\u1ea5t ri\u00eang bi\u1ec7t.<\/p>\n","protected":false},"featured_media":2198,"comment_status":"open","ping_status":"closed","template":"","meta":[],"class_list":{"0":"post-980","1":"product","2":"type-product","3":"status-publish","4":"has-post-thumbnail","6":"product_cat-ruou-vang-cao-cap","7":"product_cat-ruou-vang-y","9":"first","10":"instock","11":"shipping-taxable","12":"purchasable","13":"product-type-simple"},"_links":{"self":[{"href":"http:\/\/winelove.vn\/9xweb\/index.php?rest_route=\/wp\/v2\/product\/980"}],"collection":[{"href":"http:\/\/winelove.vn\/9xweb\/index.php?rest_route=\/wp\/v2\/product"}],"about":[{"href":"http:\/\/winelove.vn\/9xweb\/index.php?rest_route=\/wp\/v2\/types\/product"}],"replies":[{"embeddable":true,"href":"http:\/\/winelove.vn\/9xweb\/index.php?rest_route=%2Fwp%2Fv2%2Fcomments&post=980"}],"wp:featuredmedia":[{"embeddable":true,"href":"http:\/\/winelove.vn\/9xweb\/index.php?rest_route=\/wp\/v2\/media\/2198"}],"wp:attachment":[{"href":"http:\/\/winelove.vn\/9xweb\/index.php?rest_route=%2Fwp%2Fv2%2Fmedia&parent=980"}],"curies":[{"name":"wp","href":"https:\/\/api.w.org\/{rel}","templated":true}]}}